92.244.36.76 - - [06/Dec/2018:11:11:29 +0100] "GET /wp-content/uploads/2018/11/Huma-Island-Resort-Filipiny.jpg HTTP/1.1" 200 154490 "http://www.luxurytravel.pl/" "Mozilla/5.0 (Windows NT 10.0; WOW64) AppleWebKit/537.36 (KHTML, like Gecko) Chrome/70.0.3538.110 Safari/537.36"
92.244.36.76 - - [06/Dec/2018:11:11:29 +0100] "GET /wp-content/uploads/2018/09/Kreta-wakacji-nie-koniec.jpg HTTP/1.1" 200 389338 "http://www.luxurytravel.pl/" "Mozilla/5.0 (Windows NT 10.0; WOW64) AppleWebKit/537.36 (KHTML, like Gecko) Chrome/70.0.3538.110 Safari/537.36"
92.244.36.76 - - [06/Dec/2018:11:11:29 +0100] "GET /wp-content/uploads/2018/11/Somatheeram-Ayurveda-Resort-Kerala-Indie.jpg HTTP/1.1" 200 477946 "http://www.luxurytravel.pl/" "Mozilla/5.0 (Windows NT 10.0; WOW64) AppleWebKit/537.36 (KHTML, like Gecko) Chrome/70.0.3538.110 Safari/537.36"
37.131.165.19 - - [06/Dec/2018:11:11:31 +0100] "GET /wp-content/uploads/2018/09/Velaa-2.jpg HTTP/1.1" 200 240332 "http://www.luxurytravel.pl/" "Mozilla/5.0 (Windows NT 5.1; Win64; x64) AppleWebKit/537.36 (KHTML, like Gecko) Chrome/49.0.2623.112 Safari/537.36"
92.244.36.76 - - [06/Dec/2018:11:11:38 +0100] "GET /wp-content/uploads/2018/09/Skifahrer_5_Das-Central_byRudiWyhlidal.jpg HTTP/1.1" 200 235569 "http://www.luxurytravel.pl/" "Mozilla/5.0 (Windows NT 10.0; WOW64) AppleWebKit/537.36 (KHTML, like Gecko) Chrome/70.0.3538.110 Safari/537.36"
37.131.165.19 - - [06/Dec/2018:11:11:39 +0100] "GET /holiday_category/niebanalne/ HTTP/1.1" 200 18891 "http://www.luxurytravel.pl/" "Mozilla/5.0 (Windows NT 5.1; Win64; x64) AppleWebKit/537.36 (KHTML, like Gecko) Chrome/49.0.2623.112 Safari/537.36"
37.131.165.19 - - [06/Dec/2018:11:11:41 +0100] "GET /wp-content/uploads/2018/05/daios-cove-mansion-235x165.jpg HTTP/1.1" 200 10157 "http://www.luxurytravel.pl/holiday_category/niebanalne/" "Mozilla/5.0 (Windows NT 5.1; Win64; x64) AppleWebKit/537.36 (KHTML, like Gecko) Chrome/49.0.2623.112 Safari/537.36"
37.131.165.19 - - [06/Dec/2018:11:11:42 +0100] "GET /wp-content/uploads/2015/10/klasa_vision_zewnatzr-235x165.jpg HTTP/1.1" 200 12196 "http://www.luxurytravel.pl/holiday_category/niebanalne/" "Mozilla/5.0 (Windows NT 5.1; Win64; x64) AppleWebKit/537.36 (KHTML, like Gecko) Chrome/49.0.2623.112 Safari/537.36"
37.131.165.19 - - [06/Dec/2018:11:11:42 +0100] "GET /wp-content/uploads/2015/10/quantum-235x165.jpg HTTP/1.1" 200 16965 "http://www.luxurytravel.pl/holiday_category/niebanalne/" "Mozilla/5.0 (Windows NT 5.1; Win64; x64) AppleWebKit/537.36 (KHTML, like Gecko) Chrome/49.0.2623.112 Safari/537.36"
92.244.36.76 - - [06/Dec/2018:11:11:42 +0100] "GET /wp-content/uploads/2018/09/Velaa-2.jpg HTTP/1.1" 200 240332 "http://www.luxurytravel.pl/" "Mozilla/5.0 (Windows NT 10.0; WOW64) AppleWebKit/537.36 (KHTML, like Gecko) Chrome/70.0.3538.110 Safari/537.36"
37.131.165.19 - - [06/Dec/2018:11:11:42 +0100] "GET /wp-content/uploads/2014/07/04194-235x165.jpg HTTP/1.1" 200 16506 "http://www.luxurytravel.pl/holiday_category/niebanalne/" "Mozilla/5.0 (Windows NT 5.1; Win64; x64) AppleWebKit/537.36 (KHTML, like Gecko) Chrome/49.0.2623.112 Safari/537.36"
89.70.118.54 - - [06/Dec/2018:11:11:43 +0100] "GET /favicon.ico HTTP/1.1" 200 20 "-" "Mozilla/5.0 (Windows NT 10.0; Win64; x64; rv:63.0) Gecko/20100101 Firefox/63.0"
37.131.165.19 - - [06/Dec/2018:11:11:43 +0100] "GET /wp-content/uploads/2014/03/01-Venice-Simplon-Orient-Express1-235x165.jpg HTTP/1.1" 200 16917 "http://www.luxurytravel.pl/holiday_category/niebanalne/" "Mozilla/5.0 (Windows NT 5.1; Win64; x64) AppleWebKit/537.36 (KHTML, like Gecko) Chrome/49.0.2623.112 Safari/537.36"
37.131.165.19 - - [06/Dec/2018:11:11:43 +0100] "GET /wp-content/uploads/2014/07/07-BELMOND-Royal-Scotsman4-235x165.jpg HTTP/1.1" 200 13824 "http://www.luxurytravel.pl/holiday_category/niebanalne/" "Mozilla/5.0 (Windows NT 5.1; Win64; x64) AppleWebKit/537.36 (KHTML, like Gecko) Chrome/49.0.2623.112 Safari/537.36"
37.131.165.19 - - [06/Dec/2018:11:11:43 +0100] "GET /wp-content/uploads/2014/07/01-Venice-Simplon-Orient-Express1.jpg1-235x165.jpg HTTP/1.1" 200 19165 "http://www.luxurytravel.pl/holiday_category/niebanalne/" "Mozilla/5.0 (Windows NT 5.1; Win64; x64) AppleWebKit/537.36 (KHTML, like Gecko) Chrome/49.0.2623.112 Safari/537.36"
37.131.165.19 - - [06/Dec/2018:11:11:43 +0100] "GET /wp-content/uploads/2014/07/01-Venice-Simplon-Orient-Express3-235x165.jpg HTTP/1.1" 200 9525 "http://www.luxurytravel.pl/holiday_category/niebanalne/" "Mozilla/5.0 (Windows NT 5.1; Win64; x64) AppleWebKit/537.36 (KHTML, like Gecko) Chrome/49.0.2623.112 Safari/537.36"
37.131.165.19 - - [06/Dec/2018:11:11:43 +0100] "GET /wp-content/uploads/2014/07/01-Venice-Simplon-Orient-Express7-235x165.jpg HTTP/1.1" 200 12463 "http://www.luxurytravel.pl/holiday_category/niebanalne/" "Mozilla/5.0 (Windows NT 5.1; Win64; x64) AppleWebKit/537.36 (KHTML, like Gecko) Chrome/49.0.2623.112 Safari/537.36"
37.131.165.19 - - [06/Dec/2018:11:11:43 +0100] "GET /wp-content/uploads/2014/07/01-BELMOND-Royal-Scotsman7-235x165.jpg HTTP/1.1" 200 17214 "http://www.luxurytravel.pl/holiday_category/niebanalne/" "Mozilla/5.0 (Windows NT 5.1; Win64; x64) AppleWebKit/537.36 (KHTML, like Gecko) Chrome/49.0.2623.112 Safari/537.36"
37.131.165.19 - - [06/Dec/2018:11:11:44 +0100] "GET /wp-content/uploads/2014/07/01-Venice-Simplon-Orient-Express6-235x165.jpg HTTP/1.1" 200 15703 "http://www.luxurytravel.pl/holiday_category/niebanalne/" "Mozilla/5.0 (Windows NT 5.1; Win64; x64) AppleWebKit/537.36 (KHTML, like Gecko) Chrome/49.0.2623.112 Safari/537.36"
37.131.165.19 - - [06/Dec/2018:11:11:44 +0100] "GET /wp-content/uploads/2014/03/01-Eastern-Oriental-Express1-235x165.jpg HTTP/1.1" 200 16087 "http://www.luxurytravel.pl/holiday_category/niebanalne/" "Mozilla/5.0 (Windows NT 5.1; Win64; x64) AppleWebKit/537.36 (KHTML, like Gecko) Chrome/49.0.2623.112 Safari/537.36"
37.131.165.19 - - [06/Dec/2018:11:11:44 +0100] "GET /wp-content/themes/nexilab/images/compas.png HTTP/1.1" 200 1019 "http://www.luxurytravel.pl/wp-content/themes/nexilab/style.css" "Mozilla/5.0 (Windows NT 5.1; Win64; x64) AppleWebKit/537.36 (KHTML, like Gecko) Chrome/49.0.2623.112 Safari/537.36"
37.131.165.19 - - [06/Dec/2018:11:11:44 +0100] "GET /wp-content/themes/nexilab/images/mark.png HTTP/1.1" 200 1112 "http://www.luxurytravel.pl/wp-content/themes/nexilab/style.css" "Mozilla/5.0 (Windows NT 5.1; Win64; x64) AppleWebKit/537.36 (KHTML, like Gecko) Chrome/49.0.2623.112 Safari/537.36"
37.131.165.19 - - [06/Dec/2018:11:11:44 +0100] "GET /wp-content/themes/nexilab/skin/marker.png HTTP/1.1" 200 164 "http://www.luxurytravel.pl/wp-content/themes/nexilab/style.css" "Mozilla/5.0 (Windows NT 5.1; Win64; x64) AppleWebKit/537.36 (KHTML, like Gecko) Chrome/49.0.2623.112 Safari/537.36"
37.131.165.19 - - [06/Dec/2018:11:11:44 +0100] "GET /wp-content/themes/nexilab/images/marker2.png HTTP/1.1" 200 118 "http://www.luxurytravel.pl/wp-content/themes/nexilab/style.css" "Mozilla/5.0 (Windows NT 5.1; Win64; x64) AppleWebKit/537.36 (KHTML, like Gecko) Chrome/49.0.2623.112 Safari/537.36"
37.131.165.19 - - [06/Dec/2018:11:11:45 +0100] "GET /wp-content/plugins/contact-form-7/images/ajax-loader.gif HTTP/1.1" 200 847 "http://www.luxurytravel.pl/wp-content/plugins/contact-form-7/includes/css/styles.css?ver=5.0.5" "Mozilla/5.0 (Windows NT 5.1; Win64; x64) AppleWebKit/537.36 (KHTML, like Gecko) Chrome/49.0.2623.112 Safari/537.36"
89.70.118.54 - - [06/Dec/2018:11:11:46 +0100] "GET /wp-content/uploads/2014/05/LSAA_73171929_Pool_4101x2731.jpg HTTP/1.1" 200 348510 "-" "Mozilla/5.0 (Windows NT 10.0; Win64; x64; rv:63.0) Gecko/20100101 Firefox/63.0"
89.70.118.54 - - [06/Dec/2018:11:11:47 +0100] "GET /favicon.ico HTTP/1.1" 200 20 "-" "Mozilla/5.0 (Windows NT 10.0; Win64; x64; rv:63.0) Gecko/20100101 Firefox/63.0"
92.244.36.76 - - [06/Dec/2018:11:11:46 +0100] "GET /holiday/velaa-private-island-atol-noonu/ HTTP/1.1" 200 17657 "http://www.luxurytravel.pl/" "Mozilla/5.0 (Windows NT 10.0; WOW64) AppleWebKit/537.36 (KHTML, like Gecko) Chrome/70.0.3538.110 Safari/537.36"
37.131.165.19 - - [06/Dec/2018:11:11:46 +0100] "GET /holiday_category/niebanalne/page/2/ HTTP/1.1" 200 18896 "http://www.luxurytravel.pl/holiday_category/niebanalne/" "Mozilla/5.0 (Windows NT 5.1; Win64; x64) AppleWebKit/537.36 (KHTML, like Gecko) Chrome/49.0.2623.112 Safari/537.36"
92.244.36.76 - - [06/Dec/2018:11:11:48 +0100] "GET /wp-content/uploads/2018/08/Velaa-glowne-75x75.jpg HTTP/1.1" 200 2605 "http://www.luxurytravel.pl/holiday/velaa-private-island-atol-noonu/" "Mozilla/5.0 (Windows NT 10.0; WOW64) AppleWebKit/537.36 (KHTML, like Gecko) Chrome/70.0.3538.110 Safari/537.36"
92.244.36.76 - - [06/Dec/2018:11:11:48 +0100] "GET /wp-content/uploads/2018/08/VELAA-..-75x75.jpg HTTP/1.1" 200 2485 "http://www.luxurytravel.pl/holiday/velaa-private-island-atol-noonu/" "Mozilla/5.0 (Windows NT 10.0; WOW64) AppleWebKit/537.36 (KHTML, like Gecko) Chrome/70.0.3538.110 Safari/537.36"
92.244.36.76 - - [06/Dec/2018:11:11:48 +0100] "GET /wp-content/uploads/2018/08/Velaa-2-75x75.jpg HTTP/1.1" 200 2398 "http://www.luxurytravel.pl/holiday/velaa-private-island-atol-noonu/" "Mozilla/5.0 (Windows NT 10.0; WOW64) AppleWebKit/537.36 (KHTML, like Gecko) Chrome/70.0.3538.110 Safari/537.36"
92.244.36.76 - - [06/Dec/2018:11:11:48 +0100] "GET /wp-content/uploads/2018/08/VELAA...-75x75.jpg HTTP/1.1" 200 2675 "http://www.luxurytravel.pl/holiday/velaa-private-island-atol-noonu/" "Mozilla/5.0 (Windows NT 10.0; WOW64) AppleWebKit/537.36 (KHTML, like Gecko) Chrome/70.0.3538.110 Safari/537.36"
92.244.36.76 - - [06/Dec/2018:11:11:48 +0100] "GET /wp-content/uploads/2018/08/VELAAP-75x75.jpg HTTP/1.1" 200 3323 "http://www.luxurytravel.pl/holiday/velaa-private-island-atol-noonu/" "Mozilla/5.0 (Windows NT 10.0; WOW64) AppleWebKit/537.36 (KHTML, like Gecko) Chrome/70.0.3538.110 Safari/537.36"
92.244.36.76 - - [06/Dec/2018:11:11:48 +0100] "GET /wp-content/uploads/2018/08/Ocean-Pool-House-Exterior-1-75x75.jpg HTTP/1.1" 200 2347 "http://www.luxurytravel.pl/holiday/velaa-private-island-atol-noonu/" "Mozilla/5.0 (Windows NT 10.0; WOW64) AppleWebKit/537.36 (KHTML, like Gecko) Chrome/70.0.3538.110 Safari/537.36"
92.244.36.76 - - [06/Dec/2018:11:11:48 +0100] "GET /wp-content/uploads/2018/08/VELA1-75x75.jpg HTTP/1.1" 200 3197 "http://www.luxurytravel.pl/holiday/velaa-private-island-atol-noonu/" "Mozilla/5.0 (Windows NT 10.0; WOW64) AppleWebKit/537.36 (KHTML, like Gecko) Chrome/70.0.3538.110 Safari/537.36"
92.244.36.76 - - [06/Dec/2018:11:11:48 +0100] "GET /wp-content/uploads/2018/08/VELAA.......-75x75.jpg HTTP/1.1" 200 2652 "http://www.luxurytravel.pl/holiday/velaa-private-island-atol-noonu/" "Mozilla/5.0 (Windows NT 10.0; WOW64) AppleWebKit/537.36 (KHTML, like Gecko) Chrome/70.0.3538.110 Safari/537.36"
92.244.36.76 - - [06/Dec/2018:11:11:48 +0100] "GET /wp-content/uploads/2018/08/DSC_4900-HD-75x75.jpeg HTTP/1.1" 200 2356 "http://www.luxurytravel.pl/holiday/velaa-private-island-atol-noonu/" "Mozilla/5.0 (Windows NT 10.0; WOW64) AppleWebKit/537.36 (KHTML, like Gecko) Chrome/70.0.3538.110 Safari/537.36"
92.244.36.76 - - [06/Dec/2018:11:11:48 +0100] "GET /wp-content/themes/nexilab/images/mark.png HTTP/1.1" 200 1112 "http://www.luxurytravel.pl/wp-content/themes/nexilab/style.css" "Mozilla/5.0 (Windows NT 10.0; WOW64) AppleWebKit/537.36 (KHTML, like Gecko) Chrome/70.0.3538.110 Safari/537.36"
92.244.36.76 - - [06/Dec/2018:11:11:48 +0100] "GET /wp-content/themes/voyage-parent/images/loading.gif HTTP/1.1" 200 2365 "http://www.luxurytravel.pl/wp-content/themes/voyage-parent/style.css" "Mozilla/5.0 (Windows NT 10.0; WOW64) AppleWebKit/537.36 (KHTML, like Gecko) Chrome/70.0.3538.110 Safari/537.36"
92.244.36.76 - - [06/Dec/2018:11:11:48 +0100] "GET /wp-content/uploads/2018/08/Beach-Pool-Villa-Outdoor-Gazebo-75x75.jpg HTTP/1.1" 200 2830 "http://www.luxurytravel.pl/holiday/velaa-private-island-atol-noonu/" "Mozilla/5.0 (Windows NT 10.0; WOW64) AppleWebKit/537.36 (KHTML, like Gecko) Chrome/70.0.3538.110 Safari/537.36"
92.244.36.76 - - [06/Dec/2018:11:11:48 +0100] "GET /wp-content/uploads/2018/08/Golf-67-75x75.jpg HTTP/1.1" 200 2192 "http://www.luxurytravel.pl/holiday/velaa-private-island-atol-noonu/" "Mozilla/5.0 (Windows NT 10.0; WOW64) AppleWebKit/537.36 (KHTML, like Gecko) Chrome/70.0.3538.110 Safari/537.36"
92.244.36.76 - - [06/Dec/2018:11:11:48 +0100] "GET /wp-content/themes/nexilab/images/marker2.png HTTP/1.1" 200 118 "http://www.luxurytravel.pl/wp-content/themes/nexilab/style.css" "Mozilla/5.0 (Windows NT 10.0; WOW64) AppleWebKit/537.36 (KHTML, like Gecko) Chrome/70.0.3538.110 Safari/537.36"
92.244.36.76 - - [06/Dec/2018:11:11:48 +0100] "GET /wp-content/themes/nexilab/skin/marker.png HTTP/1.1" 200 164 "http://www.luxurytravel.pl/wp-content/themes/nexilab/style.css" "Mozilla/5.0 (Windows NT 10.0; WOW64) AppleWebKit/537.36 (KHTML, like Gecko) Chrome/70.0.3538.110 Safari/537.36"
92.244.36.76 - - [06/Dec/2018:11:11:49 +0100] "GET /wp-content/plugins/contact-form-7/images/ajax-loader.gif HTTP/1.1" 200 847 "http://www.luxurytravel.pl/wp-content/plugins/contact-form-7/includes/css/styles.css?ver=5.0.5" "Mozilla/5.0 (Windows NT 10.0; WOW64) AppleWebKit/537.36 (KHTML, like Gecko) Chrome/70.0.3538.110 Safari/537.36"
92.244.36.76 - - [06/Dec/2018:11:11:49 +0100] "GET /wp-content/uploads/2018/08/Velaa-glowne-1015x571.jpg HTTP/1.1" 200 124313 "http://www.luxurytravel.pl/holiday/velaa-private-island-atol-noonu/" "Mozilla/5.0 (Windows NT 10.0; WOW64) AppleWebKit/537.36 (KHTML, like Gecko) Chrome/70.0.3538.110 Safari/537.36"
92.244.36.76 - - [06/Dec/2018:11:11:50 +0100] "GET /wp-content/themes/nexilab/css/tango/next-horizontal.png HTTP/1.1" 200 616 "http://www.luxurytravel.pl/wp-content/themes/nexilab/css/tango/skin.css?ver=4.9.8" "Mozilla/5.0 (Windows NT 10.0; WOW64) AppleWebKit/537.36 (KHTML, like Gecko) Chrome/70.0.3538.110 Safari/537.36"
92.244.36.76 - - [06/Dec/2018:11:11:50 +0100] "GET /wp-content/themes/nexilab/css/tango/prev-horizontal.png HTTP/1.1" 200 596 "http://www.luxurytravel.pl/wp-content/themes/nexilab/css/tango/skin.css?ver=4.9.8" "Mozilla/5.0 (Windows NT 10.0; WOW64) AppleWebKit/537.36 (KHTML, like Gecko) Chrome/70.0.3538.110 Safari/537.36"
92.244.36.76 - - [06/Dec/2018:11:11:50 +0100] "GET /wp-content/uploads/2018/08/Velaa-2-1015x571.jpg HTTP/1.1" 200 96688 "http://www.luxurytravel.pl/holiday/velaa-private-island-atol-noonu/" "Mozilla/5.0 (Windows NT 10.0; WOW64) AppleWebKit/537.36 (KHTML, like Gecko) Chrome/70.0.3538.110 Safari/537.36"
92.244.36.76 - - [06/Dec/2018:11:11:50 +0100] "GET /wp-content/uploads/2018/08/VELAA-..-1015x571.jpg HTTP/1.1" 200 127615 "http://www.luxurytravel.pl/holiday/velaa-private-island-atol-noonu/" "Mozilla/5.0 (Windows NT 10.0; WOW64) AppleWebKit/537.36 (KHTML, like Gecko) Chrome/70.0.3538.110 Safari/537.36"
160.120.30.9 - - [06/Dec/2018:11:11:50 +0100] "POST /xmlrpc.php HTTP/1.1" 200 417 "-" "Mozilla/5.0 (X11; Linux i686; rv:2.0.1) Gecko/20100101 Firefox/4.0.1"
92.244.36.76 - - [06/Dec/2018:11:11:51 +0100] "GET /wp-content/uploads/2018/08/Beach-Pool-Villa-Outdoor-Gazebo-1015x571.jpg HTTP/1.1" 200 132449 "http://www.luxurytravel.pl/holiday/velaa-private-island-atol-noonu/" "Mozilla/5.0 (Windows NT 10.0; WOW64) AppleWebKit/537.36 (KHTML, like Gecko) Chrome/70.0.3538.110 Safari/537.36"
37.131.165.19 - - [06/Dec/2018:11:11:53 +0100] "GET /holiday/wynajem-luksusowych-willi/ HTTP/1.1" 200 15670 "http://www.luxurytravel.pl/holiday_category/niebanalne/" "Mozilla/5.0 (Windows NT 5.1; Win64; x64) AppleWebKit/537.36 (KHTML, like Gecko) Chrome/49.0.2623.112 Safari/537.36"
37.131.165.19 - - [06/Dec/2018:11:11:55 +0100] "GET /wp-content/uploads/2018/11/0-Main-Building-1-140x98.jpg HTTP/1.1" 200 3689 "http://www.luxurytravel.pl/holiday/wynajem-luksusowych-willi/" "Mozilla/5.0 (Windows NT 5.1; Win64; x64) AppleWebKit/537.36 (KHTML, like Gecko) Chrome/49.0.2623.112 Safari/537.36"
37.131.165.19 - - [06/Dec/2018:11:11:55 +0100] "GET /wp-content/uploads/2018/08/Velaa-glowne-140x98.jpg HTTP/1.1" 200 4708 "http://www.luxurytravel.pl/holiday/wynajem-luksusowych-willi/" "Mozilla/5.0 (Windows NT 5.1; Win64; x64) AppleWebKit/537.36 (KHTML, like Gecko) Chrome/49.0.2623.112 Safari/537.36"
37.131.165.19 - - [06/Dec/2018:11:11:55 +0100] "GET /wp-content/uploads/2018/05/daios-cove-mansion-75x75.jpg HTTP/1.1" 200 2882 "http://www.luxurytravel.pl/holiday/wynajem-luksusowych-willi/" "Mozilla/5.0 (Windows NT 5.1; Win64; x64) AppleWebKit/537.36 (KHTML, like Gecko) Chrome/49.0.2623.112 Safari/537.36"
37.131.165.19 - - [06/Dec/2018:11:11:55 +0100] "GET /wp-content/uploads/2018/07/The-Love-Shack-honeymoon-suite-private-deck-140x98.jpg HTTP/1.1" 200 4559 "http://www.luxurytravel.pl/holiday/wynajem-luksusowych-willi/" "Mozilla/5.0 (Windows NT 5.1; Win64; x64) AppleWebKit/537.36 (KHTML, like Gecko) Chrome/49.0.2623.112 Safari/537.36"
37.131.165.19 - - [06/Dec/2018:11:11:56 +0100] "GET /wp-content/themes/voyage-parent/fonts/league_gothic-webfont.woff HTTP/1.1" 200 23940 "http://www.luxurytravel.pl/wp-content/themes/voyage-parent/style.css" "Mozilla/5.0 (Windows NT 5.1; Win64; x64) AppleWebKit/537.36 (KHTML, like Gecko) Chrome/49.0.2623.112 Safari/537.36"
31.223.139.227 - - [06/Dec/2018:11:11:55 +0100] "POST /xmlrpc.php HTTP/1.1" 200 417 "-" "Mozilla/5.0 (X11; Linux i686; rv:2.0.1) Gecko/20100101 Firefox/4.0.1"
37.131.165.19 - - [06/Dec/2018:11:11:56 +0100] "GET /wp-content/themes/nexilab/css/tango/next-horizontal.png HTTP/1.1" 200 616 "http://www.luxurytravel.pl/wp-content/themes/nexilab/css/tango/skin.css?ver=4.9.8" "Mozilla/5.0 (Windows NT 5.1; Win64; x64) AppleWebKit/537.36 (KHTML, like Gecko) Chrome/49.0.2623.112 Safari/537.36"
37.131.165.19 - - [06/Dec/2018:11:11:56 +0100] "GET /wp-content/themes/nexilab/css/tango/prev-horizontal.png HTTP/1.1" 200 596 "http://www.luxurytravel.pl/wp-content/themes/nexilab/css/tango/skin.css?ver=4.9.8" "Mozilla/5.0 (Windows NT 5.1; Win64; x64) AppleWebKit/537.36 (KHTML, like Gecko) Chrome/49.0.2623.112 Safari/537.36"
37.131.165.19 - - [06/Dec/2018:11:11:56 +0100] "GET /wp-content/themes/voyage-parent/images/circle_bg.png HTTP/1.1" 200 783 "http://www.luxurytravel.pl/wp-content/themes/voyage-parent/style.css" "Mozilla/5.0 (Windows NT 5.1; Win64; x64) AppleWebKit/537.36 (KHTML, like Gecko) Chrome/49.0.2623.112 Safari/537.36"
37.131.165.19 - - [06/Dec/2018:11:11:56 +0100] "GET /wp-content/uploads/2018/05/daios-cove-mansion-1015x571.jpg HTTP/1.1" 200 75737 "http://www.luxurytravel.pl/holiday/wynajem-luksusowych-willi/" "Mozilla/5.0 (Windows NT 5.1; Win64; x64) AppleWebKit/537.36 (KHTML, like Gecko) Chrome/49.0.2623.112 Safari/537.36"
37.131.165.19 - - [06/Dec/2018:11:11:56 +0100] "GET /wp-content/themes/voyage-parent/images/loading.gif HTTP/1.1" 200 2365 "http://www.luxurytravel.pl/wp-content/themes/voyage-parent/style.css" "Mozilla/5.0 (Windows NT 5.1; Win64; x64) AppleWebKit/537.36 (KHTML, like Gecko) Chrome/49.0.2623.112 Safari/537.36"
207.46.13.42 - - [06/Dec/2018:11:11:57 +0100] "GET /wp-content/uploads/2014/07/09-Pimalay3-1015x571.jpg HTTP/1.1" 200 239399 "-" "Mozilla/5.0 (compatible; bingbot/2.0; +http://www.bing.com/bingbot.htm)"
92.244.36.76 - - [06/Dec/2018:11:11:58 +0100] "GET /holiday_locations/egipt-w-wielkim-stylu/ HTTP/1.1" 200 16275 "http://www.luxurytravel.pl/holiday/velaa-private-island-atol-noonu/" "Mozilla/5.0 (Windows NT 10.0; WOW64) AppleWebKit/537.36 (KHTML, like Gecko) Chrome/70.0.3538.110 Safari/537.36"
92.244.36.76 - - [06/Dec/2018:11:12:00 +0100] "GET /wp-content/uploads/2014/05/0151-235x165.jpg HTTP/1.1" 200 16824 "http://www.luxurytravel.pl/holiday_locations/egipt-w-wielkim-stylu/" "Mozilla/5.0 (Windows NT 10.0; WOW64) AppleWebKit/537.36 (KHTML, like Gecko) Chrome/70.0.3538.110 Safari/537.36"
207.46.13.42 - - [06/Dec/2018:11:12:07 +0100] "GET /wp-content/uploads/2018/03/UVTreatment-Balanace-Wellness-Centre.jpg HTTP/1.1" 200 319116 "-" "Mozilla/5.0 (compatible; bingbot/2.0; +http://www.bing.com/bingbot.htm)"
92.244.36.76 - - [06/Dec/2018:11:12:11 +0100] "GET /holiday/egipt-w-wielkim-stylu/ HTTP/1.1" 200 17739 "http://www.luxurytravel.pl/holiday_locations/egipt-w-wielkim-stylu/" "Mozilla/5.0 (Windows NT 10.0; WOW64) AppleWebKit/537.36 (KHTML, like Gecko) Chrome/70.0.3538.110 Safari/537.36"
92.244.36.76 - - [06/Dec/2018:11:12:13 +0100] "GET /wp-content/uploads/2014/05/05251-75x75.jpg HTTP/1.1" 200 2564 "http://www.luxurytravel.pl/holiday/egipt-w-wielkim-stylu/" "Mozilla/5.0 (Windows NT 10.0; WOW64) AppleWebKit/537.36 (KHTML, like Gecko) Chrome/70.0.3538.110 Safari/537.36"
92.244.36.76 - - [06/Dec/2018:11:12:13 +0100] "GET /wp-content/uploads/2014/05/0227-75x75.jpg HTTP/1.1" 200 2946 "http://www.luxurytravel.pl/holiday/egipt-w-wielkim-stylu/" "Mozilla/5.0 (Windows NT 10.0; WOW64) AppleWebKit/537.36 (KHTML, like Gecko) Chrome/70.0.3538.110 Safari/537.36"
92.244.36.76 - - [06/Dec/2018:11:12:13 +0100] "GET /wp-content/uploads/2014/05/06231-75x75.jpg HTTP/1.1" 200 2313 "http://www.luxurytravel.pl/holiday/egipt-w-wielkim-stylu/" "Mozilla/5.0 (Windows NT 10.0; WOW64) AppleWebKit/537.36 (KHTML, like Gecko) Chrome/70.0.3538.110 Safari/537.36"
92.244.36.76 - - [06/Dec/2018:11:12:13 +0100] "GET /wp-content/uploads/2014/05/0328-75x75.jpg HTTP/1.1" 200 2905 "http://www.luxurytravel.pl/holiday/egipt-w-wielkim-stylu/" "Mozilla/5.0 (Windows NT 10.0; WOW64) AppleWebKit/537.36 (KHTML, like Gecko) Chrome/70.0.3538.110 Safari/537.36"
92.244.36.76 - - [06/Dec/2018:11:12:13 +0100] "GET /wp-content/uploads/2014/05/0150-75x75.jpg HTTP/1.1" 200 3537 "http://www.luxurytravel.pl/holiday/egipt-w-wielkim-stylu/" "Mozilla/5.0 (Windows NT 10.0; WOW64) AppleWebKit/537.36 (KHTML, like Gecko) Chrome/70.0.3538.110 Safari/537.36"
92.244.36.76 - - [06/Dec/2018:11:12:13 +0100] "GET /wp-content/uploads/2014/05/0428-75x75.jpg HTTP/1.1" 200 3420 "http://www.luxurytravel.pl/holiday/egipt-w-wielkim-stylu/" "Mozilla/5.0 (Windows NT 10.0; WOW64) AppleWebKit/537.36 (KHTML, like Gecko) Chrome/70.0.3538.110 Safari/537.36"
92.244.36.76 - - [06/Dec/2018:11:12:14 +0100] "GET /wp-content/uploads/2014/05/1091-75x75.jpg HTTP/1.1" 200 2923 "http://www.luxurytravel.pl/holiday/egipt-w-wielkim-stylu/" "Mozilla/5.0 (Windows NT 10.0; WOW64) AppleWebKit/537.36 (KHTML, like Gecko) Chrome/70.0.3538.110 Safari/537.36"
92.244.36.76 - - [06/Dec/2018:11:12:14 +0100] "GET /wp-content/uploads/2014/05/08212-75x75.jpg HTTP/1.1" 200 3022 "http://www.luxurytravel.pl/holiday/egipt-w-wielkim-stylu/" "Mozilla/5.0 (Windows NT 10.0; WOW64) AppleWebKit/537.36 (KHTML, like Gecko) Chrome/70.0.3538.110 Safari/537.36"
92.244.36.76 - - [06/Dec/2018:11:12:14 +0100] "GET /wp-content/uploads/2014/05/07251-75x75.jpg HTTP/1.1" 200 3239 "http://www.luxurytravel.pl/holiday/egipt-w-wielkim-stylu/" "Mozilla/5.0 (Windows NT 10.0; WOW64) AppleWebKit/537.36 (KHTML, like Gecko) Chrome/70.0.3538.110 Safari/537.36"
92.244.36.76 - - [06/Dec/2018:11:12:14 +0100] "GET /wp-content/uploads/2014/05/09161-75x75.jpg HTTP/1.1" 200 3673 "http://www.luxurytravel.pl/holiday/egipt-w-wielkim-stylu/" "Mozilla/5.0 (Windows NT 10.0; WOW64) AppleWebKit/537.36 (KHTML, like Gecko) Chrome/70.0.3538.110 Safari/537.36"
92.244.36.76 - - [06/Dec/2018:11:12:14 +0100] "GET /wp-content/uploads/2014/05/1182-75x75.jpg HTTP/1.1" 200 2794 "http://www.luxurytravel.pl/holiday/egipt-w-wielkim-stylu/" "Mozilla/5.0 (Windows NT 10.0; WOW64) AppleWebKit/537.36 (KHTML, like Gecko) Chrome/70.0.3538.110 Safari/537.36"
92.244.36.76 - - [06/Dec/2018:11:12:14 +0100] "GET /wp-content/uploads/2014/05/0150-1015x571.jpg HTTP/1.1" 200 163787 "http://www.luxurytravel.pl/holiday/egipt-w-wielkim-stylu/" "Mozilla/5.0 (Windows NT 10.0; WOW64) AppleWebKit/537.36 (KHTML, like Gecko) Chrome/70.0.3538.110 Safari/537.36"
92.244.36.76 - - [06/Dec/2018:11:12:15 +0100] "GET /wp-content/uploads/2014/05/0227-1015x571.jpg HTTP/1.1" 200 147857 "http://www.luxurytravel.pl/holiday/egipt-w-wielkim-stylu/" "Mozilla/5.0 (Windows NT 10.0; WOW64) AppleWebKit/537.36 (KHTML, like Gecko) Chrome/70.0.3538.110 Safari/537.36"
92.244.36.76 - - [06/Dec/2018:11:12:16 +0100] "GET /wp-content/uploads/2014/05/0328-1015x571.jpg HTTP/1.1" 200 140997 "http://www.luxurytravel.pl/holiday/egipt-w-wielkim-stylu/" "Mozilla/5.0 (Windows NT 10.0; WOW64) AppleWebKit/537.36 (KHTML, like Gecko) Chrome/70.0.3538.110 Safari/537.36"
54.36.149.101 - - [06/Dec/2018:11:12:18 +0100] "GET /wp-content/uploads/2015/08/Chalet-del-Sogno-Wlochy-7-1015x571.jpg HTTP/1.1" 200 93898 "-" "Mozilla/5.0 (compatible; AhrefsBot/5.2; +http://ahrefs.com/robot/)"
89.64.6.35 - - [06/Dec/2018:11:12:18 +0100] "GET /favicon.ico HTTP/1.1" 200 20 "http://luxurytravel.pl/docs/LuxuryTravel-2018-Lato.pdf" "Mozilla/5.0 (Windows NT 10.0; Win64; x64) AppleWebKit/537.36 (KHTML, like Gecko) Chrome/70.0.3538.110 Safari/537.36"
40.77.167.23 - - [06/Dec/2018:11:12:18 +0100] "GET /wp-content/uploads/2014/07/Belmond-Maroma-Resort-Meksyk-28.jpg HTTP/1.1" 200 455642 "-" "Mozilla/5.0 (compatible; bingbot/2.0; +http://www.bing.com/bingbot.htm)"
89.64.6.35 - - [06/Dec/2018:11:12:18 +0100] "GET /docs/LuxuryTravel-2018-Lato.pdf HTTP/1.1" 200 27773631 "-" "Mozilla/5.0 (Windows NT 10.0; Win64; x64) AppleWebKit/537.36 (KHTML, like Gecko) Chrome/70.0.3538.110 Safari/537.36"
185.156.38.114 - - [06/Dec/2018:11:12:43 +0100] "POST /xmlrpc.php HTTP/1.1" 200 417 "-" "Mozilla/5.0 (X11; Linux i686; rv:2.0.1) Gecko/20100101 Firefox/4.0.1"
31.223.139.227 - - [06/Dec/2018:11:12:56 +0100] "POST /xmlrpc.php HTTP/1.1" 200 417 "-" "Mozilla/5.0 (X11; Linux i686; rv:2.0.1) Gecko/20100101 Firefox/4.0.1"
160.120.30.9 - - [06/Dec/2018:11:12:59 +0100] "POST /xmlrpc.php HTTP/1.1" 200 417 "-" "Mozilla/5.0 (X11; Linux i686; rv:2.0.1) Gecko/20100101 Firefox/4.0.1"
83.142.188.59 - - [06/Dec/2018:11:13:05 +0100] "GET /wp-content/uploads/2017/07/Bulgari-Hotel-Milano-2.jpg HTTP/1.1" 200 344475 "https://www.google.pl/" "Mozilla/5.0 (Windows NT 10.0; Win64; x64) AppleWebKit/537.36 (KHTML, like Gecko) Chrome/70.0.3538.110 Safari/537.36"
89.70.118.54 - - [06/Dec/2018:11:13:15 +0100] "GET /newsletter/2018-13/img/img-10.jpg HTTP/1.1" 200 108064 "-" "Mozilla/5.0 (Windows NT 6.3; Win64; x64) AppleWebKit/537.36 (KHTML, like Gecko) Chrome/54.0.2840.99 Safari/537.36 Dreamweaver"
188.147.68.8 - - [06/Dec/2018:11:13:17 +0100] "GET /_inc/ HTTP/1.1" 404 13875 "-" "Mozilla/5.0 (iPhone; CPU iPhone OS 12_1 like Mac OS X) AppleWebKit/605.1.15 (KHTML, like Gecko) Version/12.0 Mobile/15E148 Safari/604.1"
188.147.68.8 - - [06/Dec/2018:11:13:18 +0100] "GET /apple-touch-icon-120x120-precomposed.png HTTP/1.1" 404 13899 "-" "MobileSafari/604.1 CFNetwork/975.0.3 Darwin/18.2.0"
188.147.68.8 - - [06/Dec/2018:11:13:19 +0100] "GET /apple-touch-icon-120x120.png HTTP/1.1" 404 13890 "-" "MobileSafari/604.1 CFNetwork/975.0.3 Darwin/18.2.0"
188.147.68.8 - - [06/Dec/2018:11:13:20 +0100] "GET /apple-touch-icon-precomposed.png HTTP/1.1" 404 13893 "-" "MobileSafari/604.1 CFNetwork/975.0.3 Darwin/18.2.0"
188.147.68.8 - - [06/Dec/2018:11:13:22 +0100] "GET /apple-touch-icon.png HTTP/1.1" 404 13885 "-" "MobileSafari/604.1 CFNetwork/975.0.3 Darwin/18.2.0"
188.147.68.8 - - [06/Dec/2018:11:13:23 +0100] "GET /favicon.ico HTTP/1.1" 200 20 "-" "MobileSafari/604.1 CFNetwork/975.0.3 Darwin/18.2.0"
188.147.68.8 - - [06/Dec/2018:11:13:23 +0100] "GET /apple-touch-icon-120x120-precomposed.png HTTP/1.1" 404 13899 "-" "MobileSafari/604.1 CFNetwork/975.0.3 Darwin/18.2.0"
188.147.68.8 - - [06/Dec/2018:11:13:24 +0100] "GET /apple-touch-icon-120x120.png HTTP/1.1" 404 13890 "-" "MobileSafari/604.1 CFNetwork/975.0.3 Darwin/18.2.0"
188.147.68.8 - - [06/Dec/2018:11:13:26 +0100] "GET /apple-touch-icon-precomposed.png HTTP/1.1" 404 13893 "-" "MobileSafari/604.1 CFNetwork/975.0.3 Darwin/18.2.0"
188.147.68.8 - - [06/Dec/2018:11:13:27 +0100] "GET /apple-touch-icon.png HTTP/1.1" 404 13885 "-" "MobileSafari/604.1 CFNetwork/975.0.3 Darwin/18.2.0"
188.147.68.8 - - [06/Dec/2018:11:13:28 +0100] "GET /favicon.ico HTTP/1.1" 200 20 "-" "MobileSafari/604.1 CFNetwork/975.0.3 Darwin/18.2.0"
89.70.118.54 - - [06/Dec/2018:11:13:30 +0100] "GET /newsletter/2018-13/ HTTP/1.1" 200 8250 "-" "Mozilla/5.0 (Windows NT 10.0; Win64; x64; rv:63.0) Gecko/20100101 Firefox/63.0"
89.70.118.54 - - [06/Dec/2018:11:13:30 +0100] "GET /newsletter/blank.gif HTTP/1.1" 200 1093 "http://luxurytravel.pl/newsletter/2018-13/" "Mozilla/5.0 (Windows NT 10.0; Win64; x64; rv:63.0) Gecko/20100101 Firefox/63.0"
89.70.118.54 - - [06/Dec/2018:11:13:30 +0100] "GET /newsletter/logo-luxurytravel.png HTTP/1.1" 200 7724 "http://luxurytravel.pl/newsletter/2018-13/" "Mozilla/5.0 (Windows NT 10.0; Win64; x64; rv:63.0) Gecko/20100101 Firefox/63.0"
89.70.118.54 - - [06/Dec/2018:11:13:30 +0100] "GET /newsletter/2018-13/img/img-04.jpg HTTP/1.1" 304 - "http://luxurytravel.pl/newsletter/2018-13/" "Mozilla/5.0 (Windows NT 10.0; Win64; x64; rv:63.0) Gecko/20100101 Firefox/63.0"
89.70.118.54 - - [06/Dec/2018:11:13:30 +0100] "GET /newsletter/2018-13/img/img-05.jpg HTTP/1.1" 200 49820 "http://luxurytravel.pl/newsletter/2018-13/" "Mozilla/5.0 (Windows NT 10.0; Win64; x64; rv:63.0) Gecko/20100101 Firefox/63.0"
89.70.118.54 - - [06/Dec/2018:11:13:30 +0100] "GET /newsletter/2018-13/img/img-03.jpg HTTP/1.1" 200 116960 "http://luxurytravel.pl/newsletter/2018-13/" "Mozilla/5.0 (Windows NT 10.0; Win64; x64; rv:63.0) Gecko/20100101 Firefox/63.0"
89.70.118.54 - - [06/Dec/2018:11:13:30 +0100] "GET /newsletter/2018-13/img/img-06.jpg HTTP/1.1" 200 100377 "http://luxurytravel.pl/newsletter/2018-13/" "Mozilla/5.0 (Windows NT 10.0; Win64; x64; rv:63.0) Gecko/20100101 Firefox/63.0"
89.70.118.54 - - [06/Dec/2018:11:13:30 +0100] "GET /newsletter/2018-13/img/img-01.jpg HTTP/1.1" 200 180835 "http://luxurytravel.pl/newsletter/2018-13/" "Mozilla/5.0 (Windows NT 10.0; Win64; x64; rv:63.0) Gecko/20100101 Firefox/63.0"
89.70.118.54 - - [06/Dec/2018:11:13:30 +0100] "GET /newsletter/2018-13/img/img-02.jpg HTTP/1.1" 200 153177 "http://luxurytravel.pl/newsletter/2018-13/" "Mozilla/5.0 (Windows NT 10.0; Win64; x64; rv:63.0) Gecko/20100101 Firefox/63.0"
89.70.118.54 - - [06/Dec/2018:11:13:30 +0100] "GET /newsletter/2018-13/img/img-11.jpg HTTP/1.1" 200 73664 "http://luxurytravel.pl/newsletter/2018-13/" "Mozilla/5.0 (Windows NT 10.0; Win64; x64; rv:63.0) Gecko/20100101 Firefox/63.0"
89.70.118.54 - - [06/Dec/2018:11:13:30 +0100] "GET /newsletter/2018-13/img/img-12.jpg HTTP/1.1" 200 73282 "http://luxurytravel.pl/newsletter/2018-13/" "Mozilla/5.0 (Windows NT 10.0; Win64; x64; rv:63.0) Gecko/20100101 Firefox/63.0"
89.70.118.54 - - [06/Dec/2018:11:13:30 +0100] "GET /newsletter/2018-13/img/img-09.jpg HTTP/1.1" 200 83833 "http://luxurytravel.pl/newsletter/2018-13/" "Mozilla/5.0 (Windows NT 10.0; Win64; x64; rv:63.0) Gecko/20100101 Firefox/63.0"
89.70.118.54 - - [06/Dec/2018:11:13:30 +0100] "GET /newsletter/2018-13/img/img-08.jpg HTTP/1.1" 200 146058 "http://luxurytravel.pl/newsletter/2018-13/" "Mozilla/5.0 (Windows NT 10.0; Win64; x64; rv:63.0) Gecko/20100101 Firefox/63.0"
89.70.118.54 - - [06/Dec/2018:11:13:30 +0100] "GET /newsletter/bg-main.png HTTP/1.1" 200 1506 "http://luxurytravel.pl/newsletter/2018-13/" "Mozilla/5.0 (Windows NT 10.0; Win64; x64; rv:63.0) Gecko/20100101 Firefox/63.0"
89.70.118.54 - - [06/Dec/2018:11:13:30 +0100] "GET /newsletter/2018-13/img/katalog.jpg HTTP/1.1" 304 - "http://luxurytravel.pl/newsletter/2018-13/" "Mozilla/5.0 (Windows NT 10.0; Win64; x64; rv:63.0) Gecko/20100101 Firefox/63.0"
89.70.118.54 - - [06/Dec/2018:11:13:30 +0100] "GET /newsletter/bg-red.png HTTP/1.1" 304 - "http://luxurytravel.pl/newsletter/2018-13/" "Mozilla/5.0 (Windows NT 10.0; Win64; x64; rv:63.0) Gecko/20100101 Firefox/63.0"
89.70.118.54 - - [06/Dec/2018:11:13:30 +0100] "GET /newsletter/2018-13/img/img-07.jpg HTTP/1.1" 200 117020 "http://luxurytravel.pl/newsletter/2018-13/" "Mozilla/5.0 (Windows NT 10.0; Win64; x64; rv:63.0) Gecko/20100101 Firefox/63.0"
89.70.118.54 - - [06/Dec/2018:11:13:30 +0100] "GET /newsletter/2018-13/img/img-10.jpg HTTP/1.1" 200 108064 "http://luxurytravel.pl/newsletter/2018-13/" "Mozilla/5.0 (Windows NT 10.0; Win64; x64; rv:63.0) Gecko/20100101 Firefox/63.0"
89.70.118.54 - - [06/Dec/2018:11:13:30 +0100] "GET /newsletter/2018-13/img/main.jpg HTTP/1.1" 200 222912 "http://luxurytravel.pl/newsletter/2018-13/" "Mozilla/5.0 (Windows NT 10.0; Win64; x64; rv:63.0) Gecko/20100101 Firefox/63.0"
89.70.118.54 - - [06/Dec/2018:11:13:31 +0100] "GET /favicon.ico HTTP/1.1" 200 20 "-" "Mozilla/5.0 (Windows NT 10.0; Win64; x64; rv:63.0) Gecko/20100101 Firefox/63.0"
89.70.118.54 - - [06/Dec/2018:11:13:36 +0100] "GET /holiday/lux-resorts-maldives/ HTTP/1.1" 200 23807 "http://luxurytravel.pl/newsletter/2018-13/" "Mozilla/5.0 (Windows NT 10.0; Win64; x64; rv:63.0) Gecko/20100101 Firefox/63.0"
89.70.118.54 - - [06/Dec/2018:11:13:38 +0100] "GET /wp-content/themes/nexilab/style.css HTTP/1.1" 200 7424 "http://www.luxurytravel.pl/holiday/lux-resorts-maldives/" "Mozilla/5.0 (Windows NT 10.0; Win64; x64; rv:63.0) Gecko/20100101 Firefox/63.0"
89.70.118.54 - - [06/Dec/2018:11:13:38 +0100] "GET /wp-content/plugins/wp-pagenavi/pagenavi-css.css?ver=2.70 HTTP/1.1" 200 239 "http://www.luxurytravel.pl/holiday/lux-resorts-maldives/" "Mozilla/5.0 (Windows NT 10.0; Win64; x64; rv:63.0) Gecko/20100101 Firefox/63.0"
89.70.118.54 - - [06/Dec/2018:11:13:38 +0100] "GET /wp-content/themes/nexilab/css/tango/skin.css?ver=4.9.8 HTTP/1.1" 200 714 "http://www.luxurytravel.pl/holiday/lux-resorts-maldives/" "Mozilla/5.0 (Windows NT 10.0; Win64; x64; rv:63.0) Gecko/20100101 Firefox/63.0"
89.70.118.54 - - [06/Dec/2018:11:13:38 +0100] "GET /wp-content/plugins/wordpress-seo/css/dist/adminbar-921.min.css?ver=9.2.1 HTTP/1.1" 200 1413 "http://www.luxurytravel.pl/holiday/lux-resorts-maldives/" "Mozilla/5.0 (Windows NT 10.0; Win64; x64; rv:63.0) Gecko/20100101 Firefox/63.0"
89.70.118.54 - - [06/Dec/2018:11:13:38 +0100] "GET /wp-content/themes/voyage-parent/custom.css?ver=4.9.8 HTTP/1.1" 200 194 "http://www.luxurytravel.pl/holiday/lux-resorts-maldives/" "Mozilla/5.0 (Windows NT 10.0; Win64; x64; rv:63.0) Gecko/20100101 Firefox/63.0"
89.70.118.54 - - [06/Dec/2018:11:13:38 +0100] "GET /wp-content/themes/voyage-parent/css/customInput.css?ver=4.9.8 HTTP/1.1" 200 419 "http://www.luxurytravel.pl/holiday/lux-resorts-maldives/" "Mozilla/5.0 (Windows NT 10.0; Win64; x64; rv:63.0) Gecko/20100101 Firefox/63.0"
89.70.118.54 - - [06/Dec/2018:11:13:38 +0100] "GET /wp-content/themes/voyage-parent/css/jslider.css?ver=4.9.8 HTTP/1.1" 200 737 "http://www.luxurytravel.pl/holiday/lux-resorts-maldives/" "Mozilla/5.0 (Windows NT 10.0; Win64; x64; rv:63.0) Gecko/20100101 Firefox/63.0"
89.70.118.54 - - [06/Dec/2018:11:13:38 +0100] "GET /wp-content/themes/voyage-parent/css/custom-theme/jquery-ui-1.8.20.custom.css?ver=4.9.8 HTTP/1.1" 200 4592 "http://www.luxurytravel.pl/holiday/lux-resorts-maldives/" "Mozilla/5.0 (Windows NT 10.0; Win64; x64; rv:63.0) Gecko/20100101 Firefox/63.0"
89.70.118.54 - - [06/Dec/2018:11:13:38 +0100] "GET /wp-content/themes/voyage-parent/css/cusel.css?ver=4.9.8 HTTP/1.1" 200 1149 "http://www.luxurytravel.pl/holiday/lux-resorts-maldives/" "Mozilla/5.0 (Windows NT 10.0; Win64; x64; rv:63.0) Gecko/20100101 Firefox/63.0"
89.70.118.54 - - [06/Dec/2018:11:13:38 +0100] "GET /wp-content/themes/voyage-parent/css/prettyPhoto.css?ver=3.1.3 HTTP/1.1" 200 2749 "http://www.luxurytravel.pl/holiday/lux-resorts-maldives/" "Mozilla/5.0 (Windows NT 10.0; Win64; x64; rv:63.0) Gecko/20100101 Firefox/63.0"
89.70.118.54 - - [06/Dec/2018:11:13:38 +0100] "GET /wp-content/themes/voyage-parent/css/shCore.css?ver=2.1.382 HTTP/1.1" 200 1918 "http://www.luxurytravel.pl/holiday/lux-resorts-maldives/" "Mozilla/5.0 (Windows NT 10.0; Win64; x64; rv:63.0) Gecko/20100101 Firefox/63.0"
89.70.118.54 - - [06/Dec/2018:11:13:38 +0100] "GET /wp-content/themes/voyage-parent/css/shThemeDefault.css?ver=2.1.382 HTTP/1.1" 200 1209 "http://www.luxurytravel.pl/holiday/lux-resorts-maldives/" "Mozilla/5.0 (Windows NT 10.0; Win64; x64; rv:63.0) Gecko/20100101 Firefox/63.0"
89.70.118.54 - - [06/Dec/2018:11:13:38 +0100] "GET /wp-content/plugins/testimonials-carousel//js/user.js?ver=4.9.8 HTTP/1.1" 200 395 "http://www.luxurytravel.pl/holiday/lux-resorts-maldives/" "Mozilla/5.0 (Windows NT 10.0; Win64; x64; rv:63.0) Gecko/20100101 Firefox/63.0"
89.70.118.54 - - [06/Dec/2018:11:13:38 +0100] "GET /wp-content/plugins/cookie-law-info/public/js/cookie-law-info-public.js?ver=1.7.1 HTTP/1.1" 200 3859 "http://www.luxurytravel.pl/holiday/lux-resorts-maldives/" "Mozilla/5.0 (Windows NT 10.0; Win64; x64; rv:63.0) Gecko/20100101 Firefox/63.0"
89.70.118.54 - - [06/Dec/2018:11:13:38 +0100] "GET /wp-content/themes/voyage-parent/js/general.js?ver=2.0 HTTP/1.1" 200 4889 "http://www.luxurytravel.pl/holiday/lux-resorts-maldives/" "Mozilla/5.0 (Windows NT 10.0; Win64; x64; rv:63.0) Gecko/20100101 Firefox/63.0"
207.46.13.3 - - [06/Dec/2018:11:13:47 +0100] "GET /wp-content/uploads/2016/11/Round-Hill-Jamaica-21.jpg HTTP/1.1" 200 531505 "-" "Mozilla/5.0 (compatible; bingbot/2.0; +http://www.bing.com/bingbot.htm)"
207.46.13.3 - - [06/Dec/2018:11:13:49 +0100] "GET /wp-content/uploads/2015/03/23_Grand_Hotel_Imperiale-Forte_dei_Marni-Toskania.jpg HTTP/1.1" 200 141789 "-" "Mozilla/5.0 (compatible; bingbot/2.0; +http://www.bing.com/bingbot.htm)"
79.156.19.23 - - [06/Dec/2018:11:13:51 +0100] "GET /wp-content/uploads/2014/05/01-Oman1-1015x571.jpg HTTP/1.1" 200 128709 "https://www.google.com/" "Mozilla/5.0 (Linux; Android 5.1; m3 note Build/LMY47I; wv) AppleWebKit/537.36 (KHTML, like Gecko) Version/4.0 Chrome/44.0.2403.146 Mobile Safari/537.36 GSA/7.18.50.21.arm64"
157.55.39.80 - - [06/Dec/2018:11:13:51 +0100] "GET /wp-content/uploads/2015/02/Belmond-Grand-Hotel-Timeo-Taormina-Sycylia-13-1015x571.jpg HTTP/1.1" 200 207904 "-" "Mozilla/5.0 (compatible; bingbot/2.0; +http://www.bing.com/bingbot.htm)"
31.223.139.227 - - [06/Dec/2018:11:13:57 +0100] "POST /xmlrpc.php HTTP/1.1" 200 417 "-" "Mozilla/5.0 (X11; Linux i686; rv:2.0.1) Gecko/20100101 Firefox/4.0.1"
207.46.13.42 - - [06/Dec/2018:11:13:57 +0100] "GET /wp-content/uploads/2017/01/Castel-Porrona-Toskania-Pool-16.jpg HTTP/1.1" 200 222379 "-" "Mozilla/5.0 (compatible; bingbot/2.0; +http://www.bing.com/bingbot.htm)"
91.222.109.243 - - [06/Dec/2018:11:13:58 +0100] "GET / HTTP/1.1" 200 17044 "http://www.google.com/url?sa=t&rct=j&q=luksusowe%20wille%20toskania&source=web&cd=7&sqi=2&ved=0CFYQFjAH&url=http%3A%2F%2Fwww.luxurytravel.pl&ei=Y-YIXIeHO8SPrge8y4DwAQ&usg=AFQjCNF-Wngt-fe_6NRzhGAee7wHjCC8uw&bvm=bv.84349003,d.d24" "Mozilla/5.0 (Windows NT 6.3; WOW64) AppleWebKit/537.36 (KHTML, like Gecko) Chrome/64.0.3282.186 YaBrowser/18.3.1.1232 Yowser/2.5 Safari/537.36"
91.222.109.243 - - [06/Dec/2018:11:14:00 +0100] "GET /wp-content/themes/nexilab/screen.css HTTP/1.1" 200 8051 "http://www.luxurytravel.pl/" "Mozilla/5.0 (Windows NT 6.3; WOW64) AppleWebKit/537.36 (KHTML, like Gecko) Chrome/64.0.3282.186 YaBrowser/18.3.1.1232 Yowser/2.5 Safari/537.36"
91.222.109.243 - - [06/Dec/2018:11:14:00 +0100] "GET /wp-content/themes/nexilab/style.css HTTP/1.1" 200 7424 "http://www.luxurytravel.pl/" "Mozilla/5.0 (Windows NT 6.3; WOW64) AppleWebKit/537.36 (KHTML, like Gecko) Chrome/64.0.3282.186 YaBrowser/18.3.1.1232 Yowser/2.5 Safari/537.36"
91.222.109.243 - - [06/Dec/2018:11:14:00 +0100] "GET /wp-content/plugins/contact-form-7-datepicker/js/jquery-ui-timepicker/jquery-ui-timepicker-addon.min.css?ver=4.9.8 HTTP/1.1" 200 333 "http://www.luxurytravel.pl/" "Mozilla/5.0 (Windows NT 6.3; WOW64) AppleWebKit/537.36 (KHTML, like Gecko) Chrome/64.0.3282.186 YaBrowser/18.3.1.1232 Yowser/2.5 Safari/537.36"
91.222.109.243 - - [06/Dec/2018:11:14:00 +0100] "GET /wp-content/plugins/cookie-law-info/public/css/cookie-law-info-gdpr.css?ver=1.7.1 HTTP/1.1" 200 2496 "http://www.luxurytravel.pl/" "Mozilla/5.0 (Windows NT 6.3; WOW64) AppleWebKit/537.36 (KHTML, like Gecko) Chrome/64.0.3282.186 YaBrowser/18.3.1.1232 Yowser/2.5 Safari/537.36"
91.222.109.243 - - [06/Dec/2018:11:14:00 +0100] "GET /wp-content/plugins/cookie-law-info/public/css/cookie-law-info-public.css?ver=1.7.1 HTTP/1.1" 200 772 "http://www.luxurytravel.pl/" "Mozilla/5.0 (Windows NT 6.3; WOW64) AppleWebKit/537.36 (KHTML, like Gecko) Chrome/64.0.3282.186 YaBrowser/18.3.1.1232 Yowser/2.5 Safari/537.36"
91.222.109.243 - - [06/Dec/2018:11:14:00 +0100] "GET /wp-content/plugins/revslider/public/assets/css/settings.css?ver=5.0.8.5 HTTP/1.1" 200 7314 "http://www.luxurytravel.pl/" "Mozilla/5.0 (Windows NT 6.3; WOW64) AppleWebKit/537.36 (KHTML, like Gecko) Chrome/64.0.3282.186 YaBrowser/18.3.1.1232 Yowser/2.5 Safari/537.36"
91.222.109.243 - - [06/Dec/2018:11:14:00 +0100] "GET /wp-content/plugins/testimonials-carousel//css/jquery.bxslider.css?ver=4.9.8 HTTP/1.1" 200 1727 "http://www.luxurytravel.pl/" "Mozilla/5.0 (Windows NT 6.3; WOW64) AppleWebKit/537.36 (KHTML, like Gecko) Chrome/64.0.3282.186 YaBrowser/18.3.1.1232 Yowser/2.5 Safari/537.36"
91.222.109.243 - - [06/Dec/2018:11:14:00 +0100] "GET /wp-content/themes/nexilab/css/tango/skin.css?ver=4.9.8 HTTP/1.1" 200 714 "http://www.luxurytravel.pl/" "Mozilla/5.0 (Windows NT 6.3; WOW64) AppleWebKit/537.36 (KHTML, like Gecko) Chrome/64.0.3282.186 YaBrowser/18.3.1.1232 Yowser/2.5 Safari/537.36"
91.222.109.243 - - [06/Dec/2018:11:14:00 +0100] "GET /wp-content/themes/voyage-parent/custom.css?ver=4.9.8 HTTP/1.1" 200 194 "http://www.luxurytravel.pl/" "Mozilla/5.0 (Windows NT 6.3; WOW64) AppleWebKit/537.36 (KHTML, like Gecko) Chrome/64.0.3282.186 YaBrowser/18.3.1.1232 Yowser/2.5 Safari/537.36"
91.222.109.243 - - [06/Dec/2018:11:14:00 +0100] "GET /wp-content/plugins/wp-pagenavi/pagenavi-css.css?ver=2.70 HTTP/1.1" 200 239 "http://www.luxurytravel.pl/" "Mozilla/5.0 (Windows NT 6.3; WOW64) AppleWebKit/537.36 (KHTML, like Gecko) Chrome/64.0.3282.186 YaBrowser/18.3.1.1232 Yowser/2.5 Safari/537.36"
91.222.109.243 - - [06/Dec/2018:11:14:00 +0100] "GET /wp-content/themes/voyage-parent/css/jslider.css?ver=4.9.8 HTTP/1.1" 200 737 "http://www.luxurytravel.pl/" "Mozilla/5.0 (Windows NT 6.3; WOW64) AppleWebKit/537.36 (KHTML, like Gecko) Chrome/64.0.3282.186 YaBrowser/18.3.1.1232 Yowser/2.5 Safari/537.36"
91.222.109.243 - - [06/Dec/2018:11:14:00 +0100] "GET /wp-content/themes/voyage-parent/css/customInput.css?ver=4.9.8 HTTP/1.1" 200 419 "http://www.luxurytravel.pl/" "Mozilla/5.0 (Windows NT 6.3; WOW64) AppleWebKit/537.36 (KHTML, like Gecko) Chrome/64.0.3282.186 YaBrowser/18.3.1.1232 Yowser/2.5 Safari/537.36"
91.222.109.243 - - [06/Dec/2018:11:14:00 +0100] "GET /wp-content/themes/voyage-parent/css/custom-theme/jquery-ui-1.8.20.custom.css?ver=4.9.8 HTTP/1.1" 200 4592 "http://www.luxurytravel.pl/" "Mozilla/5.0 (Windows NT 6.3; WOW64) AppleWebKit/537.36 (KHTML, like Gecko) Chrome/64.0.3282.186 YaBrowser/18.3.1.1232 Yowser/2.5 Safari/537.36"
91.222.109.243 - - [06/Dec/2018:11:14:00 +0100] "GET /wp-content/plugins/contact-form-7/includes/css/styles.css?ver=5.0.5 HTTP/1.1" 200 671 "http://www.luxurytravel.pl/" "Mozilla/5.0 (Windows NT 6.3; WOW64) AppleWebKit/537.36 (KHTML, like Gecko) Chrome/64.0.3282.186 YaBrowser/18.3.1.1232 Yowser/2.5 Safari/537.36"
91.222.109.243 - - [06/Dec/2018:11:14:01 +0100] "GET /wp-content/themes/voyage-parent/css/cusel.css?ver=4.9.8 HTTP/1.1" 200 1149 "http://www.luxurytravel.pl/" "Mozilla/5.0 (Windows NT 6.3; WOW64) AppleWebKit/537.36 (KHTML, like Gecko) Chrome/64.0.3282.186 YaBrowser/18.3.1.1232 Yowser/2.5 Safari/537.36"
91.222.109.243 - - [06/Dec/2018:11:14:01 +0100] "GET /wp-content/themes/voyage-parent/css/prettyPhoto.css?ver=3.1.3 HTTP/1.1" 200 2749 "http://www.luxurytravel.pl/" "Mozilla/5.0 (Windows NT 6.3; WOW64) AppleWebKit/537.36 (KHTML, like Gecko) Chrome/64.0.3282.186 YaBrowser/18.3.1.1232 Yowser/2.5 Safari/537.36"
91.222.109.243 - - [06/Dec/2018:11:14:01 +0100] "GET /wp-content/themes/voyage-parent/css/shCore.css?ver=2.1.382 HTTP/1.1" 200 1918 "http://www.luxurytravel.pl/" "Mozilla/5.0 (Windows NT 6.3; WOW64) AppleWebKit/537.36 (KHTML, like Gecko) Chrome/64.0.3282.186 YaBrowser/18.3.1.1232 Yowser/2.5 Safari/537.36"
91.222.109.243 - - [06/Dec/2018:11:14:01 +0100] "GET /wp-includes/js/jquery/jquery.js?ver=1.12.4 HTTP/1.1" 200 33766 "http://www.luxurytravel.pl/" "Mozilla/5.0 (Windows NT 6.3; WOW64) AppleWebKit/537.36 (KHTML, like Gecko) Chrome/64.0.3282.186 YaBrowser/18.3.1.1232 Yowser/2.5 Safari/537.36"
91.222.109.243 - - [06/Dec/2018:11:14:01 +0100] "GET /wp-content/themes/voyage-parent/css/shThemeDefault.css?ver=2.1.382 HTTP/1.1" 200 1209 "http://www.luxurytravel.pl/" "Mozilla/5.0 (Windows NT 6.3; WOW64) AppleWebKit/537.36 (KHTML, like Gecko) Chrome/64.0.3282.186 YaBrowser/18.3.1.1232 Yowser/2.5 Safari/537.36"
91.222.109.243 - - [06/Dec/2018:11:14:01 +0100] "GET /wp-includes/js/jquery/jquery-migrate.min.js?ver=1.4.1 HTTP/1.1" 200 4014 "http://www.luxurytravel.pl/" "Mozilla/5.0 (Windows NT 6.3; WOW64) AppleWebKit/537.36 (KHTML, like Gecko) Chrome/64.0.3282.186 YaBrowser/18.3.1.1232 Yowser/2.5 Safari/537.36"
91.222.109.243 - - [06/Dec/2018:11:14:01 +0100] "GET /wp-content/plugins/cookie-law-info/public/js/cookie-law-info-public.js?ver=1.7.1 HTTP/1.1" 200 3859 "http://www.luxurytravel.pl/" "Mozilla/5.0 (Windows NT 6.3; WOW64) AppleWebKit/537.36 (KHTML, like Gecko) Chrome/64.0.3282.186 YaBrowser/18.3.1.1232 Yowser/2.5 Safari/537.36"
91.222.109.243 - - [06/Dec/2018:11:14:01 +0100] "GET /wp-content/plugins/revslider/public/assets/js/jquery.themepunch.tools.min.js?ver=5.0.8.5 HTTP/1.1" 200 34910 "http://www.luxurytravel.pl/" "Mozilla/5.0 (Windows NT 6.3; WOW64) AppleWebKit/537.36 (KHTML, like Gecko) Chrome/64.0.3282.186 YaBrowser/18.3.1.1232 Yowser/2.5 Safari/537.36"
91.222.109.243 - - [06/Dec/2018:11:14:02 +0100] "GET /wp-content/plugins/revslider/public/assets/js/jquery.themepunch.revolution.min.js?ver=5.0.8.5 HTTP/1.1" 200 13243 "http://www.luxurytravel.pl/" "Mozilla/5.0 (Windows NT 6.3; WOW64) AppleWebKit/537.36 (KHTML, like Gecko) Chrome/64.0.3282.186 YaBrowser/18.3.1.1232 Yowser/2.5 Safari/537.36"
91.222.109.243 - - [06/Dec/2018:11:14:02 +0100] "GET /wp-content/plugins/testimonials-carousel//js/jquery.bxslider.min.js?ver=4.9.8 HTTP/1.1" 200 5162 "http://www.luxurytravel.pl/" "Mozilla/5.0 (Windows NT 6.3; WOW64) AppleWebKit/537.36 (KHTML, like Gecko) Chrome/64.0.3282.186 YaBrowser/18.3.1.1232 Yowser/2.5 Safari/537.36"
91.222.109.243 - - [06/Dec/2018:11:14:02 +0100] "GET /wp-content/plugins/testimonials-carousel//js/user.js?ver=4.9.8 HTTP/1.1" 200 395 "http://www.luxurytravel.pl/" "Mozilla/5.0 (Windows NT 6.3; WOW64) AppleWebKit/537.36 (KHTML, like Gecko) Chrome/64.0.3282.186 YaBrowser/18.3.1.1232 Yowser/2.5 Safari/537.36"
91.222.109.243 - - [06/Dec/2018:11:14:02 +0100] "GET /wp-content/themes/nexilab/js/jquery.jcarousel.min.js?ver=4.9.8 HTTP/1.1" 200 4571 "http://www.luxurytravel.pl/" "Mozilla/5.0 (Windows NT 6.3; WOW64) AppleWebKit/537.36 (KHTML, like Gecko) Chrome/64.0.3282.186 YaBrowser/18.3.1.1232 Yowser/2.5 Safari/537.36"
91.222.109.243 - - [06/Dec/2018:11:14:02 +0100] "GET /wp-content/themes/voyage-parent/js/libs/modernizr-2.5.3.min.js?ver=4.9.8 HTTP/1.1" 200 6551 "http://www.luxurytravel.pl/" "Mozilla/5.0 (Windows NT 6.3; WOW64) AppleWebKit/537.36 (KHTML, like Gecko) Chrome/64.0.3282.186 YaBrowser/18.3.1.1232 Yowser/2.5 Safari/537.36"
91.222.109.243 - - [06/Dec/2018:11:14:02 +0100] "GET /wp-content/themes/voyage-parent/js/libs/respond.min.js?ver=4.9.8 HTTP/1.1" 200 2088 "http://www.luxurytravel.pl/" "Mozilla/5.0 (Windows NT 6.3; WOW64) AppleWebKit/537.36 (KHTML, like Gecko) Chrome/64.0.3282.186 YaBrowser/18.3.1.1232 Yowser/2.5 Safari/537.36"
91.222.109.243 - - [06/Dec/2018:11:14:02 +0100] "GET /wp-content/themes/voyage-parent/js/general.js?ver=2.0 HTTP/1.1" 200 4889 "http://www.luxurytravel.pl/" "Mozilla/5.0 (Windows NT 6.3; WOW64) AppleWebKit/537.36 (KHTML, like Gecko) Chrome/64.0.3282.186 YaBrowser/18.3.1.1232 Yowser/2.5 Safari/537.36"
91.222.109.243 - - [06/Dec/2018:11:14:02 +0100] "GET /wp-content/themes/voyage-parent/js/slides.min.jquery.js?ver=2.0 HTTP/1.1" 200 2339 "http://www.luxurytravel.pl/" "Mozilla/5.0 (Windows NT 6.3; WOW64) AppleWebKit/537.36 (KHTML, like Gecko) Chrome/64.0.3282.186 YaBrowser/18.3.1.1232 Yowser/2.5 Safari/537.36"
91.222.109.243 - - [06/Dec/2018:11:14:02 +0100] "GET /wp-content/themes/voyage-parent/js/jquery.slider.bundle.js?ver=2.0 HTTP/1.1" 200 9527 "http://www.luxurytravel.pl/" "Mozilla/5.0 (Windows NT 6.3; WOW64) AppleWebKit/537.36 (KHTML, like Gecko) Chrome/64.0.3282.186 YaBrowser/18.3.1.1232 Yowser/2.5 Safari/537.36"
91.222.109.243 - - [06/Dec/2018:11:14:02 +0100] "GET /wp-content/themes/voyage-parent/js/jquery.easing.1.3.min.js?ver=1.3 HTTP/1.1" 200 836 "http://www.luxurytravel.pl/" "Mozilla/5.0 (Windows NT 6.3; WOW64) AppleWebKit/537.36 (KHTML, like Gecko) Chrome/64.0.3282.186 YaBrowser/18.3.1.1232 Yowser/2.5 Safari/537.36"
91.222.109.243 - - [06/Dec/2018:11:14:02 +0100] "GET /wp-content/themes/voyage-parent/js/jquery.customInput.js?ver=2.0 HTTP/1.1" 200 681 "http://www.luxurytravel.pl/" "Mozilla/5.0 (Windows NT 6.3; WOW64) AppleWebKit/537.36 (KHTML, like Gecko) Chrome/64.0.3282.186 YaBrowser/18.3.1.1232 Yowser/2.5 Safari/537.36"
91.222.109.243 - - [06/Dec/2018:11:14:02 +0100] "GET /wp-content/themes/voyage-parent/js/jquery.slider.js?ver=2.0 HTTP/1.1" 200 4790 "http://www.luxurytravel.pl/" "Mozilla/5.0 (Windows NT 6.3; WOW64) AppleWebKit/537.36 (KHTML, like Gecko) Chrome/64.0.3282.186 YaBrowser/18.3.1.1232 Yowser/2.5 Safari/537.36"
91.222.109.243 - - [06/Dec/2018:11:14:03 +0100] "GET /wp-content/themes/voyage-parent/js/jquery.tools.min.js?ver=1.2.5 HTTP/1.1" 200 1891 "http://www.luxurytravel.pl/" "Mozilla/5.0 (Windows NT 6.3; WOW64) AppleWebKit/537.36 (KHTML, like Gecko) Chrome/64.0.3282.186 YaBrowser/18.3.1.1232 Yowser/2.5 Safari/537.36"
91.222.109.243 - - [06/Dec/2018:11:14:02 +0100] "GET /wp-content/themes/voyage-parent/js/jquery-ui-1.9.2.custom.min.js?ver=1.9.2 HTTP/1.1" 200 60213 "http://www.luxurytravel.pl/" "Mozilla/5.0 (Windows NT 6.3; WOW64) AppleWebKit/537.36 (KHTML, like Gecko) Chrome/64.0.3282.186 YaBrowser/18.3.1.1232 Yowser/2.5 Safari/537.36"
