81.30.132.30 - - [06/Dec/2018:10:51:45 +0100] "GET /wp-content/plugins/revslider/public/assets/js/extensions/revolution.extension.layeranimation.min.js HTTP/1.1" 200 8435 "http://www.luxurytravel.pl/" "Mozilla/5.0 (Windows NT 6.2; Win64; x64) AppleWebKit/537.36 (KHTML, like Gecko) Chrome/70.0.3538.110 Safari/537.36"
81.30.132.30 - - [06/Dec/2018:10:51:45 +0100] "GET /wp-content/plugins/revslider/public/assets/js/extensions/revolution.extension.navigation.min.js HTTP/1.1" 200 6153 "http://www.luxurytravel.pl/" "Mozilla/5.0 (Windows NT 6.2; Win64; x64) AppleWebKit/537.36 (KHTML, like Gecko) Chrome/70.0.3538.110 Safari/537.36"
116.6.118.139 - - [06/Dec/2018:10:51:44 +0100] "GET /wp-content/uploads/2017/06/Nobu-Miami-Beach-23.jpg HTTP/1.1" 404 13889 "-" "Mozilla/5.0 (Windows NT 10.0; WOW64; Trident/7.0; rv:11.0) like Gecko"
81.30.132.30 - - [06/Dec/2018:10:51:45 +0100] "GET /wp-content/uploads/2016/09/20150512_143754.jpg HTTP/1.1" 200 480267 "http://www.luxurytravel.pl/" "Mozilla/5.0 (Windows NT 6.2; Win64; x64) AppleWebKit/537.36 (KHTML, like Gecko) Chrome/70.0.3538.110 Safari/537.36"
81.30.132.30 - - [06/Dec/2018:10:51:45 +0100] "GET /wp-content/plugins/revslider/public/assets/js/extensions/revolution.extension.parallax.min.js HTTP/1.1" 200 1529 "http://www.luxurytravel.pl/" "Mozilla/5.0 (Windows NT 6.2; Win64; x64) AppleWebKit/537.36 (KHTML, like Gecko) Chrome/70.0.3538.110 Safari/537.36"
81.30.132.30 - - [06/Dec/2018:10:51:45 +0100] "GET /wp-content/uploads/2014/07/014.jpg HTTP/1.1" 200 117009 "http://www.luxurytravel.pl/" "Mozilla/5.0 (Windows NT 6.2; Win64; x64) AppleWebKit/537.36 (KHTML, like Gecko) Chrome/70.0.3538.110 Safari/537.36"
81.30.132.30 - - [06/Dec/2018:10:51:46 +0100] "GET /wp-content/plugins/revslider/public/assets/fonts/revicons/revicons.woff?5510888 HTTP/1.1" 200 7536 "http://www.luxurytravel.pl/wp-content/plugins/revslider/public/assets/css/settings.css?ver=5.0.8.5" "Mozilla/5.0 (Windows NT 6.2; Win64; x64) AppleWebKit/537.36 (KHTML, like Gecko) Chrome/70.0.3538.110 Safari/537.36"
81.30.132.30 - - [06/Dec/2018:10:51:46 +0100] "GET /wp-content/uploads/2018/01/katalog-banner-lato18.jpg HTTP/1.1" 200 64689 "http://www.luxurytravel.pl/" "Mozilla/5.0 (Windows NT 6.2; Win64; x64) AppleWebKit/537.36 (KHTML, like Gecko) Chrome/70.0.3538.110 Safari/537.36"
81.30.132.30 - - [06/Dec/2018:10:51:46 +0100] "GET /wp-content/uploads/2016/01/baner-bmw.jpg HTTP/1.1" 200 100482 "http://www.luxurytravel.pl/" "Mozilla/5.0 (Windows NT 6.2; Win64; x64) AppleWebKit/537.36 (KHTML, like Gecko) Chrome/70.0.3538.110 Safari/537.36"
81.30.132.30 - - [06/Dec/2018:10:51:46 +0100] "GET /wp-content/themes/nexilab/images/bg1.jpg HTTP/1.1" 200 748 "http://www.luxurytravel.pl/wp-content/themes/nexilab/style.css" "Mozilla/5.0 (Windows NT 6.2; Win64; x64) AppleWebKit/537.36 (KHTML, like Gecko) Chrome/70.0.3538.110 Safari/537.36"
81.30.132.30 - - [06/Dec/2018:10:51:44 +0100] "GET /wp-content/uploads/2015/02/sportowe_ferrari_Wlochy-27.jpg HTTP/1.1" 200 399311 "http://www.luxurytravel.pl/" "Mozilla/5.0 (Windows NT 6.2; Win64; x64) AppleWebKit/537.36 (KHTML, like Gecko) Chrome/70.0.3538.110 Safari/537.36"
81.30.132.30 - - [06/Dec/2018:10:51:46 +0100] "GET /wp-content/themes/nexilab/skin/bg2.jpg HTTP/1.1" 200 880 "http://www.luxurytravel.pl/wp-content/themes/nexilab/skin/color.css" "Mozilla/5.0 (Windows NT 6.2; Win64; x64) AppleWebKit/537.36 (KHTML, like Gecko) Chrome/70.0.3538.110 Safari/537.36"
81.30.132.30 - - [06/Dec/2018:10:51:46 +0100] "GET /wp-content/themes/nexilab/images/bg3.jpg HTTP/1.1" 200 708 "http://www.luxurytravel.pl/wp-content/themes/nexilab/style.css" "Mozilla/5.0 (Windows NT 6.2; Win64; x64) AppleWebKit/537.36 (KHTML, like Gecko) Chrome/70.0.3538.110 Safari/537.36"
81.30.132.30 - - [06/Dec/2018:10:51:46 +0100] "GET /wp-content/themes/voyage-parent/images/dropdown_bg.png HTTP/1.1" 200 989 "http://www.luxurytravel.pl/wp-content/themes/voyage-parent/style.css" "Mozilla/5.0 (Windows NT 6.2; Win64; x64) AppleWebKit/537.36 (KHTML, like Gecko) Chrome/70.0.3538.110 Safari/537.36"
81.30.132.30 - - [06/Dec/2018:10:51:46 +0100] "GET /wp-content/plugins/revslider/public/assets/assets/coloredbg.png HTTP/1.1" 200 184 "http://www.luxurytravel.pl/wp-content/plugins/revslider/public/assets/css/settings.css?ver=5.0.8.5" "Mozilla/5.0 (Windows NT 6.2; Win64; x64) AppleWebKit/537.36 (KHTML, like Gecko) Chrome/70.0.3538.110 Safari/537.36"
81.30.132.30 - - [06/Dec/2018:10:51:46 +0100] "GET /wp-content/uploads/2018/11/Huma-Island-Resort-Filipiny.jpg HTTP/1.1" 200 154490 "http://www.luxurytravel.pl/" "Mozilla/5.0 (Windows NT 6.2; Win64; x64) AppleWebKit/537.36 (KHTML, like Gecko) Chrome/70.0.3538.110 Safari/537.36"
81.30.132.30 - - [06/Dec/2018:10:51:47 +0100] "GET /wp-content/uploads/2018/09/Kreta-wakacji-nie-koniec.jpg HTTP/1.1" 200 389338 "http://www.luxurytravel.pl/" "Mozilla/5.0 (Windows NT 6.2; Win64; x64) AppleWebKit/537.36 (KHTML, like Gecko) Chrome/70.0.3538.110 Safari/537.36"
207.46.13.42 - - [06/Dec/2018:10:51:48 +0100] "GET /wp-content/uploads/2014/07/RS817_Amankila-Outrigger_Aman-XII-lpr4-1015x571.jpg HTTP/1.1" 200 101461 "-" "Mozilla/5.0 (compatible; bingbot/2.0; +http://www.bing.com/bingbot.htm)"
81.30.132.30 - - [06/Dec/2018:10:51:47 +0100] "GET /wp-content/uploads/2018/11/Somatheeram-Ayurveda-Resort-Kerala-Indie.jpg HTTP/1.1" 200 477946 "http://www.luxurytravel.pl/" "Mozilla/5.0 (Windows NT 6.2; Win64; x64) AppleWebKit/537.36 (KHTML, like Gecko) Chrome/70.0.3538.110 Safari/537.36"
207.46.13.42 - - [06/Dec/2018:10:51:49 +0100] "GET /wp-content/uploads/2016/04/Villa-Marina-Capri-Italy-11.jpg HTTP/1.1" 200 338103 "-" "Mozilla/5.0 (compatible; bingbot/2.0; +http://www.bing.com/bingbot.htm)"
81.30.132.30 - - [06/Dec/2018:10:51:46 +0100] "GET /wp-content/uploads/2015/02/Raport-Specjalny-Azja-9.jpg HTTP/1.1" 200 673871 "http://www.luxurytravel.pl/" "Mozilla/5.0 (Windows NT 6.2; Win64; x64) AppleWebKit/537.36 (KHTML, like Gecko) Chrome/70.0.3538.110 Safari/537.36"
81.30.132.30 - - [06/Dec/2018:10:51:51 +0100] "GET /wp-content/themes/nexilab/images/up.png HTTP/1.1" 200 689 "http://www.luxurytravel.pl/wp-content/themes/nexilab/style.css" "Mozilla/5.0 (Windows NT 6.2; Win64; x64) AppleWebKit/537.36 (KHTML, like Gecko) Chrome/70.0.3538.110 Safari/537.36"
89.47.171.48 - - [06/Dec/2018:10:51:51 +0100] "GET / HTTP/1.1" 200 17027 "http://www.google.com/url?sa=t&rct=j&q=najlepsze%20pola%20golfowe&source=web&cd=7&sqi=2&ved=0CFYQFjAH&url=http%3A%2F%2Fwww.luxurytravel.pl&ei=NfEIXNbeK8SPrge8y4DwAQ&usg=AFQjCNF-Wngt-fe_6NRzhGAee7wHjCC8uw&bvm=bv.84349003,d.d24" "Mozilla/5.0 (Windows NT 10.0; WOW64) AppleWebKit/537.36 (KHTML, like Gecko) Chrome/70.0.3538.110 Safari/537.36"
89.47.171.48 - - [06/Dec/2018:10:51:52 +0100] "GET /wp-content/themes/nexilab/style.css HTTP/1.1" 200 7424 "http://www.luxurytravel.pl/" "Mozilla/5.0 (Windows NT 10.0; WOW64) AppleWebKit/537.36 (KHTML, like Gecko) Chrome/70.0.3538.110 Safari/537.36"
89.47.171.48 - - [06/Dec/2018:10:51:53 +0100] "GET /wp-content/themes/nexilab/screen.css HTTP/1.1" 200 8051 "http://www.luxurytravel.pl/" "Mozilla/5.0 (Windows NT 10.0; WOW64) AppleWebKit/537.36 (KHTML, like Gecko) Chrome/70.0.3538.110 Safari/537.36"
89.47.171.48 - - [06/Dec/2018:10:51:53 +0100] "GET /wp-content/plugins/revslider/public/assets/css/settings.css?ver=5.0.8.5 HTTP/1.1" 200 7314 "http://www.luxurytravel.pl/" "Mozilla/5.0 (Windows NT 10.0; WOW64) AppleWebKit/537.36 (KHTML, like Gecko) Chrome/70.0.3538.110 Safari/537.36"
89.47.171.48 - - [06/Dec/2018:10:51:53 +0100] "GET /wp-content/plugins/cookie-law-info/public/css/cookie-law-info-gdpr.css?ver=1.7.1 HTTP/1.1" 200 2496 "http://www.luxurytravel.pl/" "Mozilla/5.0 (Windows NT 10.0; WOW64) AppleWebKit/537.36 (KHTML, like Gecko) Chrome/70.0.3538.110 Safari/537.36"
89.47.171.48 - - [06/Dec/2018:10:51:53 +0100] "GET /wp-content/plugins/contact-form-7-datepicker/js/jquery-ui-timepicker/jquery-ui-timepicker-addon.min.css?ver=4.9.8 HTTP/1.1" 200 333 "http://www.luxurytravel.pl/" "Mozilla/5.0 (Windows NT 10.0; WOW64) AppleWebKit/537.36 (KHTML, like Gecko) Chrome/70.0.3538.110 Safari/537.36"
89.47.171.48 - - [06/Dec/2018:10:51:53 +0100] "GET /wp-content/plugins/contact-form-7/includes/css/styles.css?ver=5.0.5 HTTP/1.1" 200 671 "http://www.luxurytravel.pl/" "Mozilla/5.0 (Windows NT 10.0; WOW64) AppleWebKit/537.36 (KHTML, like Gecko) Chrome/70.0.3538.110 Safari/537.36"
89.47.171.48 - - [06/Dec/2018:10:51:53 +0100] "GET /wp-content/plugins/cookie-law-info/public/css/cookie-law-info-public.css?ver=1.7.1 HTTP/1.1" 200 772 "http://www.luxurytravel.pl/" "Mozilla/5.0 (Windows NT 10.0; WOW64) AppleWebKit/537.36 (KHTML, like Gecko) Chrome/70.0.3538.110 Safari/537.36"
89.47.171.48 - - [06/Dec/2018:10:51:53 +0100] "GET /wp-content/plugins/testimonials-carousel//css/jquery.bxslider.css?ver=4.9.8 HTTP/1.1" 200 1727 "http://www.luxurytravel.pl/" "Mozilla/5.0 (Windows NT 10.0; WOW64) AppleWebKit/537.36 (KHTML, like Gecko) Chrome/70.0.3538.110 Safari/537.36"
89.47.171.48 - - [06/Dec/2018:10:51:53 +0100] "GET /wp-content/plugins/wp-pagenavi/pagenavi-css.css?ver=2.70 HTTP/1.1" 200 239 "http://www.luxurytravel.pl/" "Mozilla/5.0 (Windows NT 10.0; WOW64) AppleWebKit/537.36 (KHTML, like Gecko) Chrome/70.0.3538.110 Safari/537.36"
89.47.171.48 - - [06/Dec/2018:10:51:53 +0100] "GET /wp-content/themes/nexilab/css/tango/skin.css?ver=4.9.8 HTTP/1.1" 200 714 "http://www.luxurytravel.pl/" "Mozilla/5.0 (Windows NT 10.0; WOW64) AppleWebKit/537.36 (KHTML, like Gecko) Chrome/70.0.3538.110 Safari/537.36"
89.47.171.48 - - [06/Dec/2018:10:51:53 +0100] "GET /wp-content/themes/voyage-parent/custom.css?ver=4.9.8 HTTP/1.1" 200 194 "http://www.luxurytravel.pl/" "Mozilla/5.0 (Windows NT 10.0; WOW64) AppleWebKit/537.36 (KHTML, like Gecko) Chrome/70.0.3538.110 Safari/537.36"
89.47.171.48 - - [06/Dec/2018:10:51:53 +0100] "GET /wp-content/themes/voyage-parent/css/customInput.css?ver=4.9.8 HTTP/1.1" 200 419 "http://www.luxurytravel.pl/" "Mozilla/5.0 (Windows NT 10.0; WOW64) AppleWebKit/537.36 (KHTML, like Gecko) Chrome/70.0.3538.110 Safari/537.36"
89.47.171.48 - - [06/Dec/2018:10:51:53 +0100] "GET /wp-content/themes/voyage-parent/css/jslider.css?ver=4.9.8 HTTP/1.1" 200 737 "http://www.luxurytravel.pl/" "Mozilla/5.0 (Windows NT 10.0; WOW64) AppleWebKit/537.36 (KHTML, like Gecko) Chrome/70.0.3538.110 Safari/537.36"
89.47.171.48 - - [06/Dec/2018:10:51:53 +0100] "GET /wp-content/themes/voyage-parent/css/custom-theme/jquery-ui-1.8.20.custom.css?ver=4.9.8 HTTP/1.1" 200 4592 "http://www.luxurytravel.pl/" "Mozilla/5.0 (Windows NT 10.0; WOW64) AppleWebKit/537.36 (KHTML, like Gecko) Chrome/70.0.3538.110 Safari/537.36"
89.47.171.48 - - [06/Dec/2018:10:51:53 +0100] "GET /wp-content/themes/voyage-parent/css/cusel.css?ver=4.9.8 HTTP/1.1" 200 1149 "http://www.luxurytravel.pl/" "Mozilla/5.0 (Windows NT 10.0; WOW64) AppleWebKit/537.36 (KHTML, like Gecko) Chrome/70.0.3538.110 Safari/537.36"
89.47.171.48 - - [06/Dec/2018:10:51:53 +0100] "GET /wp-content/themes/voyage-parent/css/prettyPhoto.css?ver=3.1.3 HTTP/1.1" 200 2749 "http://www.luxurytravel.pl/" "Mozilla/5.0 (Windows NT 10.0; WOW64) AppleWebKit/537.36 (KHTML, like Gecko) Chrome/70.0.3538.110 Safari/537.36"
89.47.171.48 - - [06/Dec/2018:10:51:53 +0100] "GET /wp-content/themes/voyage-parent/css/shCore.css?ver=2.1.382 HTTP/1.1" 200 1918 "http://www.luxurytravel.pl/" "Mozilla/5.0 (Windows NT 10.0; WOW64) AppleWebKit/537.36 (KHTML, like Gecko) Chrome/70.0.3538.110 Safari/537.36"
89.47.171.48 - - [06/Dec/2018:10:51:53 +0100] "GET /wp-content/themes/voyage-parent/css/shThemeDefault.css?ver=2.1.382 HTTP/1.1" 200 1209 "http://www.luxurytravel.pl/" "Mozilla/5.0 (Windows NT 10.0; WOW64) AppleWebKit/537.36 (KHTML, like Gecko) Chrome/70.0.3538.110 Safari/537.36"
89.47.171.48 - - [06/Dec/2018:10:51:53 +0100] "GET /wp-includes/js/jquery/jquery-migrate.min.js?ver=1.4.1 HTTP/1.1" 200 4014 "http://www.luxurytravel.pl/" "Mozilla/5.0 (Windows NT 10.0; WOW64) AppleWebKit/537.36 (KHTML, like Gecko) Chrome/70.0.3538.110 Safari/537.36"
89.47.171.48 - - [06/Dec/2018:10:51:53 +0100] "GET /wp-includes/js/jquery/jquery.js?ver=1.12.4 HTTP/1.1" 200 33766 "http://www.luxurytravel.pl/" "Mozilla/5.0 (Windows NT 10.0; WOW64) AppleWebKit/537.36 (KHTML, like Gecko) Chrome/70.0.3538.110 Safari/537.36"
89.47.171.48 - - [06/Dec/2018:10:51:53 +0100] "GET /wp-content/plugins/cookie-law-info/public/js/cookie-law-info-public.js?ver=1.7.1 HTTP/1.1" 200 3859 "http://www.luxurytravel.pl/" "Mozilla/5.0 (Windows NT 10.0; WOW64) AppleWebKit/537.36 (KHTML, like Gecko) Chrome/70.0.3538.110 Safari/537.36"
89.47.171.48 - - [06/Dec/2018:10:51:53 +0100] "GET /wp-content/plugins/revslider/public/assets/js/jquery.themepunch.revolution.min.js?ver=5.0.8.5 HTTP/1.1" 200 13243 "http://www.luxurytravel.pl/" "Mozilla/5.0 (Windows NT 10.0; WOW64) AppleWebKit/537.36 (KHTML, like Gecko) Chrome/70.0.3538.110 Safari/537.36"
89.47.171.48 - - [06/Dec/2018:10:51:53 +0100] "GET /wp-content/plugins/revslider/public/assets/js/jquery.themepunch.tools.min.js?ver=5.0.8.5 HTTP/1.1" 200 34910 "http://www.luxurytravel.pl/" "Mozilla/5.0 (Windows NT 10.0; WOW64) AppleWebKit/537.36 (KHTML, like Gecko) Chrome/70.0.3538.110 Safari/537.36"
89.47.171.48 - - [06/Dec/2018:10:51:53 +0100] "GET /wp-content/plugins/testimonials-carousel//js/jquery.bxslider.min.js?ver=4.9.8 HTTP/1.1" 200 5162 "http://www.luxurytravel.pl/" "Mozilla/5.0 (Windows NT 10.0; WOW64) AppleWebKit/537.36 (KHTML, like Gecko) Chrome/70.0.3538.110 Safari/537.36"
89.47.171.48 - - [06/Dec/2018:10:51:53 +0100] "GET /wp-content/plugins/testimonials-carousel//js/user.js?ver=4.9.8 HTTP/1.1" 200 395 "http://www.luxurytravel.pl/" "Mozilla/5.0 (Windows NT 10.0; WOW64) AppleWebKit/537.36 (KHTML, like Gecko) Chrome/70.0.3538.110 Safari/537.36"
89.47.171.48 - - [06/Dec/2018:10:51:53 +0100] "GET /wp-content/themes/nexilab/js/jquery.jcarousel.min.js?ver=4.9.8 HTTP/1.1" 200 4571 "http://www.luxurytravel.pl/" "Mozilla/5.0 (Windows NT 10.0; WOW64) AppleWebKit/537.36 (KHTML, like Gecko) Chrome/70.0.3538.110 Safari/537.36"
89.47.171.48 - - [06/Dec/2018:10:51:53 +0100] "GET /wp-content/themes/voyage-parent/js/libs/respond.min.js?ver=4.9.8 HTTP/1.1" 200 2088 "http://www.luxurytravel.pl/" "Mozilla/5.0 (Windows NT 10.0; WOW64) AppleWebKit/537.36 (KHTML, like Gecko) Chrome/70.0.3538.110 Safari/537.36"
89.47.171.48 - - [06/Dec/2018:10:51:53 +0100] "GET /wp-content/themes/voyage-parent/js/libs/modernizr-2.5.3.min.js?ver=4.9.8 HTTP/1.1" 200 6551 "http://www.luxurytravel.pl/" "Mozilla/5.0 (Windows NT 10.0; WOW64) AppleWebKit/537.36 (KHTML, like Gecko) Chrome/70.0.3538.110 Safari/537.36"
89.47.171.48 - - [06/Dec/2018:10:51:53 +0100] "GET /wp-content/themes/voyage-parent/js/jquery.easing.1.3.min.js?ver=1.3 HTTP/1.1" 200 836 "http://www.luxurytravel.pl/" "Mozilla/5.0 (Windows NT 10.0; WOW64) AppleWebKit/537.36 (KHTML, like Gecko) Chrome/70.0.3538.110 Safari/537.36"
89.47.171.48 - - [06/Dec/2018:10:51:53 +0100] "GET /wp-content/themes/voyage-parent/js/general.js?ver=2.0 HTTP/1.1" 200 4889 "http://www.luxurytravel.pl/" "Mozilla/5.0 (Windows NT 10.0; WOW64) AppleWebKit/537.36 (KHTML, like Gecko) Chrome/70.0.3538.110 Safari/537.36"
89.47.171.48 - - [06/Dec/2018:10:51:53 +0100] "GET /wp-content/themes/voyage-parent/js/jquery.slider.bundle.js?ver=2.0 HTTP/1.1" 200 9527 "http://www.luxurytravel.pl/" "Mozilla/5.0 (Windows NT 10.0; WOW64) AppleWebKit/537.36 (KHTML, like Gecko) Chrome/70.0.3538.110 Safari/537.36"
89.47.171.48 - - [06/Dec/2018:10:51:53 +0100] "GET /wp-content/themes/voyage-parent/js/slides.min.jquery.js?ver=2.0 HTTP/1.1" 200 2339 "http://www.luxurytravel.pl/" "Mozilla/5.0 (Windows NT 10.0; WOW64) AppleWebKit/537.36 (KHTML, like Gecko) Chrome/70.0.3538.110 Safari/537.36"
89.47.171.48 - - [06/Dec/2018:10:51:53 +0100] "GET /wp-content/themes/voyage-parent/js/jquery.slider.js?ver=2.0 HTTP/1.1" 200 4790 "http://www.luxurytravel.pl/" "Mozilla/5.0 (Windows NT 10.0; WOW64) AppleWebKit/537.36 (KHTML, like Gecko) Chrome/70.0.3538.110 Safari/537.36"
89.47.171.48 - - [06/Dec/2018:10:51:53 +0100] "GET /wp-content/themes/voyage-parent/js/jquery.customInput.js?ver=2.0 HTTP/1.1" 200 681 "http://www.luxurytravel.pl/" "Mozilla/5.0 (Windows NT 10.0; WOW64) AppleWebKit/537.36 (KHTML, like Gecko) Chrome/70.0.3538.110 Safari/537.36"
89.47.171.48 - - [06/Dec/2018:10:51:53 +0100] "GET /wp-content/themes/voyage-parent/js/jquery.tools.min.js?ver=1.2.5 HTTP/1.1" 200 1891 "http://www.luxurytravel.pl/" "Mozilla/5.0 (Windows NT 10.0; WOW64) AppleWebKit/537.36 (KHTML, like Gecko) Chrome/70.0.3538.110 Safari/537.36"
89.47.171.48 - - [06/Dec/2018:10:51:53 +0100] "GET /wp-content/themes/voyage-parent/js/cusel-min.js?ver=2.0 HTTP/1.1" 200 4767 "http://www.luxurytravel.pl/" "Mozilla/5.0 (Windows NT 10.0; WOW64) AppleWebKit/537.36 (KHTML, like Gecko) Chrome/70.0.3538.110 Safari/537.36"
89.47.171.48 - - [06/Dec/2018:10:51:53 +0100] "GET /wp-content/themes/voyage-parent/js/jScrollPane.min.js?ver=2.0 HTTP/1.1" 200 2362 "http://www.luxurytravel.pl/" "Mozilla/5.0 (Windows NT 10.0; WOW64) AppleWebKit/537.36 (KHTML, like Gecko) Chrome/70.0.3538.110 Safari/537.36"
89.47.171.48 - - [06/Dec/2018:10:51:53 +0100] "GET /wp-content/themes/voyage-parent/js/jquery-ui-1.9.2.custom.min.js?ver=1.9.2 HTTP/1.1" 200 60213 "http://www.luxurytravel.pl/" "Mozilla/5.0 (Windows NT 10.0; WOW64) AppleWebKit/537.36 (KHTML, like Gecko) Chrome/70.0.3538.110 Safari/537.36"
89.47.171.48 - - [06/Dec/2018:10:51:53 +0100] "GET /wp-content/themes/voyage-parent/js/jquery.mousewheel.js?ver=2.0 HTTP/1.1" 200 962 "http://www.luxurytravel.pl/" "Mozilla/5.0 (Windows NT 10.0; WOW64) AppleWebKit/537.36 (KHTML, like Gecko) Chrome/70.0.3538.110 Safari/537.36"
89.47.171.48 - - [06/Dec/2018:10:51:53 +0100] "GET /wp-content/themes/voyage-parent/js/jquery.galleriffic.min.js?ver=2.0.1 HTTP/1.1" 200 3616 "http://www.luxurytravel.pl/" "Mozilla/5.0 (Windows NT 10.0; WOW64) AppleWebKit/537.36 (KHTML, like Gecko) Chrome/70.0.3538.110 Safari/537.36"
89.47.171.48 - - [06/Dec/2018:10:51:53 +0100] "GET /wp-content/themes/voyage-parent/js/jquery.opacityrollover.js?ver=1.0 HTTP/1.1" 200 478 "http://www.luxurytravel.pl/" "Mozilla/5.0 (Windows NT 10.0; WOW64) AppleWebKit/537.36 (KHTML, like Gecko) Chrome/70.0.3538.110 Safari/537.36"
89.47.171.48 - - [06/Dec/2018:10:51:53 +0100] "GET /wp-content/themes/voyage-parent/framework/extensions/newsletter/static/js/newsletter_clientside.js?ver=4.9.8 HTTP/1.1" 200 557 "http://www.luxurytravel.pl/" "Mozilla/5.0 (Windows NT 10.0; WOW64) AppleWebKit/537.36 (KHTML, like Gecko) Chrome/70.0.3538.110 Safari/537.36"
89.47.171.48 - - [06/Dec/2018:10:51:53 +0100] "GET /wp-content/themes/voyage-parent/cache/min-css-e9b68362a041ee7baf73c0776c1c83db.css?m=0 HTTP/1.1" 200 98 "http://www.luxurytravel.pl/" "Mozilla/5.0 (Windows NT 10.0; WOW64) AppleWebKit/537.36 (KHTML, like Gecko) Chrome/70.0.3538.110 Safari/537.36"
89.47.171.48 - - [06/Dec/2018:10:51:53 +0100] "GET /wp-content/themes/voyage-parent/framework/extensions/newsletter/static/css/newsletter_clientside.css?ver=4.9.8 HTTP/1.1" 200 113 "http://www.luxurytravel.pl/" "Mozilla/5.0 (Windows NT 10.0; WOW64) AppleWebKit/537.36 (KHTML, like Gecko) Chrome/70.0.3538.110 Safari/537.36"
89.47.171.48 - - [06/Dec/2018:10:51:53 +0100] "GET /wp-content/plugins/contact-form-7/includes/js/scripts.js?ver=5.0.5 HTTP/1.1" 200 4047 "http://www.luxurytravel.pl/" "Mozilla/5.0 (Windows NT 10.0; WOW64) AppleWebKit/537.36 (KHTML, like Gecko) Chrome/70.0.3538.110 Safari/537.36"
89.47.171.48 - - [06/Dec/2018:10:51:53 +0100] "GET /wp-includes/js/jquery/ui/core.min.js?ver=1.11.4 HTTP/1.1" 200 1821 "http://www.luxurytravel.pl/" "Mozilla/5.0 (Windows NT 10.0; WOW64) AppleWebKit/537.36 (KHTML, like Gecko) Chrome/70.0.3538.110 Safari/537.36"
89.47.171.48 - - [06/Dec/2018:10:51:53 +0100] "GET /wp-includes/js/jquery/ui/datepicker.min.js?ver=1.11.4 HTTP/1.1" 200 11002 "http://www.luxurytravel.pl/" "Mozilla/5.0 (Windows NT 10.0; WOW64) AppleWebKit/537.36 (KHTML, like Gecko) Chrome/70.0.3538.110 Safari/537.36"
89.47.171.48 - - [06/Dec/2018:10:51:53 +0100] "GET /wp-content/plugins/contact-form-7-datepicker/js/jquery-ui-timepicker/jquery-ui-timepicker-addon.min.js?ver=4.9.8 HTTP/1.1" 200 10101 "http://www.luxurytravel.pl/" "Mozilla/5.0 (Windows NT 10.0; WOW64) AppleWebKit/537.36 (KHTML, like Gecko) Chrome/70.0.3538.110 Safari/537.36"
89.47.171.48 - - [06/Dec/2018:10:51:53 +0100] "GET /wp-includes/js/jquery/ui/widget.min.js?ver=1.11.4 HTTP/1.1" 200 2599 "http://www.luxurytravel.pl/" "Mozilla/5.0 (Windows NT 10.0; WOW64) AppleWebKit/537.36 (KHTML, like Gecko) Chrome/70.0.3538.110 Safari/537.36"
89.47.171.48 - - [06/Dec/2018:10:51:53 +0100] "GET /wp-content/plugins/contact-form-7-datepicker/js/jquery-ui-timepicker/i18n/jquery-ui-timepicker-pl.js?ver=4.9.8 HTTP/1.1" 200 345 "http://www.luxurytravel.pl/" "Mozilla/5.0 (Windows NT 10.0; WOW64) AppleWebKit/537.36 (KHTML, like Gecko) Chrome/70.0.3538.110 Safari/537.36"
89.47.171.48 - - [06/Dec/2018:10:51:53 +0100] "GET /wp-includes/js/jquery/ui/mouse.min.js?ver=1.11.4 HTTP/1.1" 200 1021 "http://www.luxurytravel.pl/" "Mozilla/5.0 (Windows NT 10.0; WOW64) AppleWebKit/537.36 (KHTML, like Gecko) Chrome/70.0.3538.110 Safari/537.36"
89.47.171.48 - - [06/Dec/2018:10:51:53 +0100] "GET /wp-includes/js/jquery/ui/button.min.js?ver=1.11.4 HTTP/1.1" 200 2082 "http://www.luxurytravel.pl/" "Mozilla/5.0 (Windows NT 10.0; WOW64) AppleWebKit/537.36 (KHTML, like Gecko) Chrome/70.0.3538.110 Safari/537.36"
89.47.171.48 - - [06/Dec/2018:10:51:53 +0100] "GET /wp-includes/js/jquery/ui/slider.min.js?ver=1.11.4 HTTP/1.1" 200 3093 "http://www.luxurytravel.pl/" "Mozilla/5.0 (Windows NT 10.0; WOW64) AppleWebKit/537.36 (KHTML, like Gecko) Chrome/70.0.3538.110 Safari/537.36"
89.47.171.48 - - [06/Dec/2018:10:51:53 +0100] "GET /wp-content/plugins/contact-form-7-datepicker/js/jquery-ui-sliderAccess.js?ver=4.9.8 HTTP/1.1" 200 1160 "http://www.luxurytravel.pl/" "Mozilla/5.0 (Windows NT 10.0; WOW64) AppleWebKit/537.36 (KHTML, like Gecko) Chrome/70.0.3538.110 Safari/537.36"
89.47.171.48 - - [06/Dec/2018:10:51:53 +0100] "GET /wp-includes/js/hoverIntent.min.js?ver=1.8.1 HTTP/1.1" 200 479 "http://www.luxurytravel.pl/" "Mozilla/5.0 (Windows NT 10.0; WOW64) AppleWebKit/537.36 (KHTML, like Gecko) Chrome/70.0.3538.110 Safari/537.36"
89.47.171.48 - - [06/Dec/2018:10:51:53 +0100] "GET /wp-content/themes/voyage-parent/js/jquery.prettyPhoto.js?ver=3.1.4 HTTP/1.1" 200 9411 "http://www.luxurytravel.pl/" "Mozilla/5.0 (Windows NT 10.0; WOW64) AppleWebKit/537.36 (KHTML, like Gecko) Chrome/70.0.3538.110 Safari/537.36"
89.47.171.48 - - [06/Dec/2018:10:51:53 +0100] "GET /wp-content/themes/voyage-parent/js/shBrushPlain.js?ver=2.1.382 HTTP/1.1" 200 644 "http://www.luxurytravel.pl/" "Mozilla/5.0 (Windows NT 10.0; WOW64) AppleWebKit/537.36 (KHTML, like Gecko) Chrome/70.0.3538.110 Safari/537.36"
89.47.171.48 - - [06/Dec/2018:10:51:53 +0100] "GET /wp-content/themes/voyage-parent/js/shCore.js?ver=2.1.382 HTTP/1.1" 200 10781 "http://www.luxurytravel.pl/" "Mozilla/5.0 (Windows NT 10.0; WOW64) AppleWebKit/537.36 (KHTML, like Gecko) Chrome/70.0.3538.110 Safari/537.36"
89.47.171.48 - - [06/Dec/2018:10:51:53 +0100] "GET /wp-includes/js/wp-embed.min.js?ver=4.9.8 HTTP/1.1" 200 751 "http://www.luxurytravel.pl/" "Mozilla/5.0 (Windows NT 10.0; WOW64) AppleWebKit/537.36 (KHTML, like Gecko) Chrome/70.0.3538.110 Safari/537.36"
89.47.171.48 - - [06/Dec/2018:10:51:53 +0100] "GET /wp-content/themes/voyage-parent/cache/min-js-2e82484c1698a8204db8b951e0ae70d1.js?m=0 HTTP/1.1" 200 100 "http://www.luxurytravel.pl/" "Mozilla/5.0 (Windows NT 10.0; WOW64) AppleWebKit/537.36 (KHTML, like Gecko) Chrome/70.0.3538.110 Safari/537.36"
89.47.171.48 - - [06/Dec/2018:10:51:53 +0100] "GET /wp-content/themes/nexilab/js/jquery.smooth-scroll.min.js HTTP/1.1" 200 1319 "http://www.luxurytravel.pl/" "Mozilla/5.0 (Windows NT 10.0; WOW64) AppleWebKit/537.36 (KHTML, like Gecko) Chrome/70.0.3538.110 Safari/537.36"
89.47.171.48 - - [06/Dec/2018:10:51:54 +0100] "GET /wp-content/themes/nexilab/js/init.js HTTP/1.1" 200 2764 "http://www.luxurytravel.pl/" "Mozilla/5.0 (Windows NT 10.0; WOW64) AppleWebKit/537.36 (KHTML, like Gecko) Chrome/70.0.3538.110 Safari/537.36"
89.47.171.48 - - [06/Dec/2018:10:51:54 +0100] "GET /wp-content/themes/voyage-parent/style.css HTTP/1.1" 200 24349 "http://www.luxurytravel.pl/wp-content/themes/nexilab/style.css" "Mozilla/5.0 (Windows NT 10.0; WOW64) AppleWebKit/537.36 (KHTML, like Gecko) Chrome/70.0.3538.110 Safari/537.36"
89.47.171.48 - - [06/Dec/2018:10:51:54 +0100] "GET /wp-content/themes/nexilab/skin/color.css HTTP/1.1" 200 604 "http://www.luxurytravel.pl/wp-content/themes/nexilab/style.css" "Mozilla/5.0 (Windows NT 10.0; WOW64) AppleWebKit/537.36 (KHTML, like Gecko) Chrome/70.0.3538.110 Safari/537.36"
89.47.171.48 - - [06/Dec/2018:10:51:54 +0100] "GET /wp-content/uploads/map/continent_1.png HTTP/1.1" 200 3542 "http://www.luxurytravel.pl/" "Mozilla/5.0 (Windows NT 10.0; WOW64) AppleWebKit/537.36 (KHTML, like Gecko) Chrome/70.0.3538.110 Safari/537.36"
89.47.171.48 - - [06/Dec/2018:10:51:54 +0100] "GET /wp-content/uploads/map/continent_2.png HTTP/1.1" 200 2671 "http://www.luxurytravel.pl/" "Mozilla/5.0 (Windows NT 10.0; WOW64) AppleWebKit/537.36 (KHTML, like Gecko) Chrome/70.0.3538.110 Safari/537.36"
89.47.171.48 - - [06/Dec/2018:10:51:54 +0100] "GET /wp-content/uploads/map/continent_6.png HTTP/1.1" 200 1489 "http://www.luxurytravel.pl/" "Mozilla/5.0 (Windows NT 10.0; WOW64) AppleWebKit/537.36 (KHTML, like Gecko) Chrome/70.0.3538.110 Safari/537.36"
89.47.171.48 - - [06/Dec/2018:10:51:54 +0100] "GET /wp-content/uploads/map/continent_4.png HTTP/1.1" 200 2149 "http://www.luxurytravel.pl/" "Mozilla/5.0 (Windows NT 10.0; WOW64) AppleWebKit/537.36 (KHTML, like Gecko) Chrome/70.0.3538.110 Safari/537.36"
89.47.171.48 - - [06/Dec/2018:10:51:54 +0100] "GET /wp-content/uploads/map/continent_5.png HTTP/1.1" 200 2911 "http://www.luxurytravel.pl/" "Mozilla/5.0 (Windows NT 10.0; WOW64) AppleWebKit/537.36 (KHTML, like Gecko) Chrome/70.0.3538.110 Safari/537.36"
89.47.171.48 - - [06/Dec/2018:10:51:54 +0100] "GET /wp-content/uploads/map/continent_3.png HTTP/1.1" 200 2595 "http://www.luxurytravel.pl/" "Mozilla/5.0 (Windows NT 10.0; WOW64) AppleWebKit/537.36 (KHTML, like Gecko) Chrome/70.0.3538.110 Safari/537.36"
89.47.171.48 - - [06/Dec/2018:10:51:54 +0100] "GET /wp-content/plugins/revslider/admin/assets/images/dummy.png HTTP/1.1" 200 3279 "http://www.luxurytravel.pl/" "Mozilla/5.0 (Windows NT 10.0; WOW64) AppleWebKit/537.36 (KHTML, like Gecko) Chrome/70.0.3538.110 Safari/537.36"
89.47.171.48 - - [06/Dec/2018:10:51:54 +0100] "GET /img/logoLT15.png HTTP/1.1" 200 19548 "http://www.luxurytravel.pl/" "Mozilla/5.0 (Windows NT 10.0; WOW64) AppleWebKit/537.36 (KHTML, like Gecko) Chrome/70.0.3538.110 Safari/537.36"
89.47.171.48 - - [06/Dec/2018:10:51:54 +0100] "GET /wp-includes/js/wp-emoji-release.min.js?ver=4.9.8 HTTP/1.1" 200 4382 "http://www.luxurytravel.pl/" "Mozilla/5.0 (Windows NT 10.0; WOW64) AppleWebKit/537.36 (KHTML, like Gecko) Chrome/70.0.3538.110 Safari/537.36"
89.47.171.48 - - [06/Dec/2018:10:51:54 +0100] "GET /wp-content/themes/nexilab/images/scroll.png HTTP/1.1" 200 1025 "http://www.luxurytravel.pl/wp-content/themes/nexilab/style.css" "Mozilla/5.0 (Windows NT 10.0; WOW64) AppleWebKit/537.36 (KHTML, like Gecko) Chrome/70.0.3538.110 Safari/537.36"
89.47.171.48 - - [06/Dec/2018:10:51:55 +0100] "GET /wp-content/themes/nexilab/images/bg8.png HTTP/1.1" 200 181 "http://www.luxurytravel.pl/" "Mozilla/5.0 (Windows NT 10.0; WOW64) AppleWebKit/537.36 (KHTML, like Gecko) Chrome/70.0.3538.110 Safari/537.36"
89.47.171.48 - - [06/Dec/2018:10:51:54 +0100] "GET /wp-content/themes/nexilab/fonts/Minion%20Pro%20Italic.woff HTTP/1.1" 200 154896 "http://www.luxurytravel.pl/wp-content/themes/nexilab/style.css" "Mozilla/5.0 (Windows NT 10.0; WOW64) AppleWebKit/537.36 (KHTML, like Gecko) Chrome/70.0.3538.110 Safari/537.36"
89.47.171.48 - - [06/Dec/2018:10:51:55 +0100] "GET /wp-content/uploads/2018/04/Dining-View-2-Mystique-Santorini_f_improf_800x534-1-720x481.jpg HTTP/1.1" 200 66225 "http://www.luxurytravel.pl/" "Mozilla/5.0 (Windows NT 10.0; WOW64) AppleWebKit/537.36 (KHTML, like Gecko) Chrome/70.0.3538.110 Safari/537.36"
89.47.171.48 - - [06/Dec/2018:10:51:55 +0100] "GET /wp-content/uploads/2018/07/The-Love-Shack-honeymoon-suite-private-deck.jpg HTTP/1.1" 200 139282 "http://www.luxurytravel.pl/" "Mozilla/5.0 (Windows NT 10.0; WOW64) AppleWebKit/537.36 (KHTML, like Gecko) Chrome/70.0.3538.110 Safari/537.36"
89.47.171.48 - - [06/Dec/2018:10:51:55 +0100] "GET /wp-content/uploads/2018/07/One-And-Only-Royal-Mirage-00.jpg HTTP/1.1" 200 143370 "http://www.luxurytravel.pl/" "Mozilla/5.0 (Windows NT 10.0; WOW64) AppleWebKit/537.36 (KHTML, like Gecko) Chrome/70.0.3538.110 Safari/537.36"
89.47.171.48 - - [06/Dec/2018:10:51:55 +0100] "GET /wp-content/uploads/2018/07/Atlantis-The-Palm-00.jpg HTTP/1.1" 200 244331 "http://www.luxurytravel.pl/" "Mozilla/5.0 (Windows NT 10.0; WOW64) AppleWebKit/537.36 (KHTML, like Gecko) Chrome/70.0.3538.110 Safari/537.36"
89.47.171.48 - - [06/Dec/2018:10:51:56 +0100] "GET /wp-content/plugins/revslider/public/assets/js/extensions/revolution.extension.slideanims.min.js HTTP/1.1" 200 5430 "http://www.luxurytravel.pl/" "Mozilla/5.0 (Windows NT 10.0; WOW64) AppleWebKit/537.36 (KHTML, like Gecko) Chrome/70.0.3538.110 Safari/537.36"
89.47.171.48 - - [06/Dec/2018:10:51:56 +0100] "GET /wp-content/plugins/revslider/public/assets/js/extensions/revolution.extension.actions.min.js HTTP/1.1" 200 1313 "http://www.luxurytravel.pl/" "Mozilla/5.0 (Windows NT 10.0; WOW64) AppleWebKit/537.36 (KHTML, like Gecko) Chrome/70.0.3538.110 Safari/537.36"
89.47.171.48 - - [06/Dec/2018:10:51:56 +0100] "GET /wp-content/plugins/revslider/public/assets/js/extensions/revolution.extension.layeranimation.min.js HTTP/1.1" 200 8435 "http://www.luxurytravel.pl/" "Mozilla/5.0 (Windows NT 10.0; WOW64) AppleWebKit/537.36 (KHTML, like Gecko) Chrome/70.0.3538.110 Safari/537.36"
89.47.171.48 - - [06/Dec/2018:10:51:56 +0100] "GET /wp-content/plugins/revslider/public/assets/js/extensions/revolution.extension.navigation.min.js HTTP/1.1" 200 6153 "http://www.luxurytravel.pl/" "Mozilla/5.0 (Windows NT 10.0; WOW64) AppleWebKit/537.36 (KHTML, like Gecko) Chrome/70.0.3538.110 Safari/537.36"
81.30.132.30 - - [06/Dec/2018:10:51:56 +0100] "GET /wp-content/uploads/2018/09/Skifahrer_5_Das-Central_byRudiWyhlidal.jpg HTTP/1.1" 200 235569 "http://www.luxurytravel.pl/" "Mozilla/5.0 (Windows NT 6.2; Win64; x64) AppleWebKit/537.36 (KHTML, like Gecko) Chrome/70.0.3538.110 Safari/537.36"
89.47.171.48 - - [06/Dec/2018:10:51:56 +0100] "GET /wp-content/plugins/revslider/public/assets/js/extensions/revolution.extension.parallax.min.js HTTP/1.1" 200 1529 "http://www.luxurytravel.pl/" "Mozilla/5.0 (Windows NT 10.0; WOW64) AppleWebKit/537.36 (KHTML, like Gecko) Chrome/70.0.3538.110 Safari/537.36"
89.47.171.48 - - [06/Dec/2018:10:51:54 +0100] "GET /wp-content/themes/nexilab/fonts/Lato-Light.woff HTTP/1.1" 200 360688 "http://www.luxurytravel.pl/wp-content/themes/nexilab/style.css" "Mozilla/5.0 (Windows NT 10.0; WOW64) AppleWebKit/537.36 (KHTML, like Gecko) Chrome/70.0.3538.110 Safari/537.36"
89.47.171.48 - - [06/Dec/2018:10:51:56 +0100] "GET /wp-content/uploads/2018/03/Pantelleria.........jpg HTTP/1.1" 200 141455 "http://www.luxurytravel.pl/" "Mozilla/5.0 (Windows NT 10.0; WOW64) AppleWebKit/537.36 (KHTML, like Gecko) Chrome/70.0.3538.110 Safari/537.36"
89.47.171.48 - - [06/Dec/2018:10:51:57 +0100] "GET /wp-content/plugins/revslider/public/assets/fonts/revicons/revicons.woff?5510888 HTTP/1.1" 200 7536 "http://www.luxurytravel.pl/wp-content/plugins/revslider/public/assets/css/settings.css?ver=5.0.8.5" "Mozilla/5.0 (Windows NT 10.0; WOW64) AppleWebKit/537.36 (KHTML, like Gecko) Chrome/70.0.3538.110 Safari/537.36"
89.47.171.48 - - [06/Dec/2018:10:51:57 +0100] "GET /wp-content/uploads/2014/07/1.jpg HTTP/1.1" 200 139531 "http://www.luxurytravel.pl/" "Mozilla/5.0 (Windows NT 10.0; WOW64) AppleWebKit/537.36 (KHTML, like Gecko) Chrome/70.0.3538.110 Safari/537.36"
89.47.171.48 - - [06/Dec/2018:10:51:57 +0100] "GET /wp-content/uploads/2015/03/01_Epic_Sana_Portugalia1.jpg HTTP/1.1" 200 181617 "http://www.luxurytravel.pl/" "Mozilla/5.0 (Windows NT 10.0; WOW64) AppleWebKit/537.36 (KHTML, like Gecko) Chrome/70.0.3538.110 Safari/537.36"
89.47.171.48 - - [06/Dec/2018:10:51:58 +0100] "GET /wp-content/uploads/2014/07/014.jpg HTTP/1.1" 200 117009 "http://www.luxurytravel.pl/" "Mozilla/5.0 (Windows NT 10.0; WOW64) AppleWebKit/537.36 (KHTML, like Gecko) Chrome/70.0.3538.110 Safari/537.36"
89.47.171.48 - - [06/Dec/2018:10:51:58 +0100] "GET /wp-content/uploads/2018/01/katalog-banner-lato18.jpg HTTP/1.1" 200 64689 "http://www.luxurytravel.pl/" "Mozilla/5.0 (Windows NT 10.0; WOW64) AppleWebKit/537.36 (KHTML, like Gecko) Chrome/70.0.3538.110 Safari/537.36"
89.47.171.48 - - [06/Dec/2018:10:51:58 +0100] "GET /wp-content/uploads/2016/01/baner-bmw.jpg HTTP/1.1" 200 100482 "http://www.luxurytravel.pl/" "Mozilla/5.0 (Windows NT 10.0; WOW64) AppleWebKit/537.36 (KHTML, like Gecko) Chrome/70.0.3538.110 Safari/537.36"
89.47.171.48 - - [06/Dec/2018:10:51:59 +0100] "GET /wp-content/themes/nexilab/images/bg1.jpg HTTP/1.1" 200 748 "http://www.luxurytravel.pl/wp-content/themes/nexilab/style.css" "Mozilla/5.0 (Windows NT 10.0; WOW64) AppleWebKit/537.36 (KHTML, like Gecko) Chrome/70.0.3538.110 Safari/537.36"
89.47.171.48 - - [06/Dec/2018:10:51:56 +0100] "GET /wp-content/uploads/2015/02/sportowe_ferrari_Wlochy-27.jpg HTTP/1.1" 200 399311 "http://www.luxurytravel.pl/" "Mozilla/5.0 (Windows NT 10.0; WOW64) AppleWebKit/537.36 (KHTML, like Gecko) Chrome/70.0.3538.110 Safari/537.36"
89.47.171.48 - - [06/Dec/2018:10:51:59 +0100] "GET /wp-content/themes/nexilab/skin/bg2.jpg HTTP/1.1" 200 880 "http://www.luxurytravel.pl/wp-content/themes/nexilab/skin/color.css" "Mozilla/5.0 (Windows NT 10.0; WOW64) AppleWebKit/537.36 (KHTML, like Gecko) Chrome/70.0.3538.110 Safari/537.36"
89.47.171.48 - - [06/Dec/2018:10:51:59 +0100] "GET /wp-content/themes/nexilab/images/bg3.jpg HTTP/1.1" 200 708 "http://www.luxurytravel.pl/wp-content/themes/nexilab/style.css" "Mozilla/5.0 (Windows NT 10.0; WOW64) AppleWebKit/537.36 (KHTML, like Gecko) Chrome/70.0.3538.110 Safari/537.36"
89.47.171.48 - - [06/Dec/2018:10:51:59 +0100] "GET /wp-content/themes/voyage-parent/images/dropdown_bg.png HTTP/1.1" 200 989 "http://www.luxurytravel.pl/wp-content/themes/voyage-parent/style.css" "Mozilla/5.0 (Windows NT 10.0; WOW64) AppleWebKit/537.36 (KHTML, like Gecko) Chrome/70.0.3538.110 Safari/537.36"
89.47.171.48 - - [06/Dec/2018:10:51:59 +0100] "GET /wp-content/plugins/revslider/public/assets/assets/coloredbg.png HTTP/1.1" 200 184 "http://www.luxurytravel.pl/wp-content/plugins/revslider/public/assets/css/settings.css?ver=5.0.8.5" "Mozilla/5.0 (Windows NT 10.0; WOW64) AppleWebKit/537.36 (KHTML, like Gecko) Chrome/70.0.3538.110 Safari/537.36"
89.47.171.48 - - [06/Dec/2018:10:51:59 +0100] "GET /wp-content/uploads/2018/11/Huma-Island-Resort-Filipiny.jpg HTTP/1.1" 200 154490 "http://www.luxurytravel.pl/" "Mozilla/5.0 (Windows NT 10.0; WOW64) AppleWebKit/537.36 (KHTML, like Gecko) Chrome/70.0.3538.110 Safari/537.36"
81.30.132.30 - - [06/Dec/2018:10:52:00 +0100] "GET /wp-content/uploads/2018/09/Velaa-2.jpg HTTP/1.1" 200 240332 "http://www.luxurytravel.pl/" "Mozilla/5.0 (Windows NT 6.2; Win64; x64) AppleWebKit/537.36 (KHTML, like Gecko) Chrome/70.0.3538.110 Safari/537.36"
89.47.171.48 - - [06/Dec/2018:10:51:58 +0100] "GET /wp-content/uploads/2016/09/20150512_143754.jpg HTTP/1.1" 200 480267 "http://www.luxurytravel.pl/" "Mozilla/5.0 (Windows NT 10.0; WOW64) AppleWebKit/537.36 (KHTML, like Gecko) Chrome/70.0.3538.110 Safari/537.36"
89.47.171.48 - - [06/Dec/2018:10:51:59 +0100] "GET /wp-content/uploads/2018/09/Kreta-wakacji-nie-koniec.jpg HTTP/1.1" 200 389338 "http://www.luxurytravel.pl/" "Mozilla/5.0 (Windows NT 10.0; WOW64) AppleWebKit/537.36 (KHTML, like Gecko) Chrome/70.0.3538.110 Safari/537.36"
89.47.171.48 - - [06/Dec/2018:10:51:59 +0100] "GET /wp-content/uploads/2018/11/Somatheeram-Ayurveda-Resort-Kerala-Indie.jpg HTTP/1.1" 200 477946 "http://www.luxurytravel.pl/" "Mozilla/5.0 (Windows NT 10.0; WOW64) AppleWebKit/537.36 (KHTML, like Gecko) Chrome/70.0.3538.110 Safari/537.36"
89.47.171.48 - - [06/Dec/2018:10:52:06 +0100] "GET /wp-content/uploads/2018/09/Skifahrer_5_Das-Central_byRudiWyhlidal.jpg HTTP/1.1" 200 235569 "http://www.luxurytravel.pl/" "Mozilla/5.0 (Windows NT 10.0; WOW64) AppleWebKit/537.36 (KHTML, like Gecko) Chrome/70.0.3538.110 Safari/537.36"
78.133.162.230 - - [06/Dec/2018:10:52:06 +0100] "GET /holiday/luksusowy-city-break/ HTTP/1.1" 200 15541 "http://www.luxurytravel.pl/" "Mozilla/5.0 (Windows NT 10.0; WOW64; Trident/7.0; rv:11.0) like Gecko"
78.133.162.230 - - [06/Dec/2018:10:52:07 +0100] "GET /wp-content/uploads/2018/05/11-2-75x75.jpg HTTP/1.1" 200 3247 "http://www.luxurytravel.pl/holiday/luksusowy-city-break/" "Mozilla/5.0 (Windows NT 10.0; WOW64; Trident/7.0; rv:11.0) like Gecko"
78.133.162.230 - - [06/Dec/2018:10:52:07 +0100] "GET /wp-content/uploads/2018/05/16-1-75x75.jpg HTTP/1.1" 200 3017 "http://www.luxurytravel.pl/holiday/luksusowy-city-break/" "Mozilla/5.0 (Windows NT 10.0; WOW64; Trident/7.0; rv:11.0) like Gecko"
78.133.162.230 - - [06/Dec/2018:10:52:07 +0100] "GET /wp-content/uploads/2018/05/9-1-75x75.jpg HTTP/1.1" 200 2743 "http://www.luxurytravel.pl/holiday/luksusowy-city-break/" "Mozilla/5.0 (Windows NT 10.0; WOW64; Trident/7.0; rv:11.0) like Gecko"
81.30.132.30 - - [06/Dec/2018:10:52:06 +0100] "GET /holiday_category/niebanalne/ HTTP/1.1" 200 18891 "http://www.luxurytravel.pl/" "Mozilla/5.0 (Windows NT 6.2; Win64; x64) AppleWebKit/537.36 (KHTML, like Gecko) Chrome/70.0.3538.110 Safari/537.36"
78.133.162.230 - - [06/Dec/2018:10:52:07 +0100] "GET /wp-content/uploads/2018/05/12-75x75.jpg HTTP/1.1" 200 2511 "http://www.luxurytravel.pl/holiday/luksusowy-city-break/" "Mozilla/5.0 (Windows NT 10.0; WOW64; Trident/7.0; rv:11.0) like Gecko"
78.133.162.230 - - [06/Dec/2018:10:52:07 +0100] "GET /wp-content/uploads/2018/05/17-75x75.jpg HTTP/1.1" 200 2603 "http://www.luxurytravel.pl/holiday/luksusowy-city-break/" "Mozilla/5.0 (Windows NT 10.0; WOW64; Trident/7.0; rv:11.0) like Gecko"
81.30.132.30 - - [06/Dec/2018:10:52:08 +0100] "GET /wp-content/uploads/2018/05/daios-cove-mansion-235x165.jpg HTTP/1.1" 200 10157 "http://www.luxurytravel.pl/holiday_category/niebanalne/" "Mozilla/5.0 (Windows NT 6.2; Win64; x64) AppleWebKit/537.36 (KHTML, like Gecko) Chrome/70.0.3538.110 Safari/537.36"
78.133.162.230 - - [06/Dec/2018:10:52:08 +0100] "GET /wp-content/themes/voyage-parent/images/line_gray.gif HTTP/1.1" 200 50 "http://www.luxurytravel.pl/holiday/luksusowy-city-break/" "Mozilla/5.0 (Windows NT 10.0; WOW64; Trident/7.0; rv:11.0) like Gecko"
78.133.162.230 - - [06/Dec/2018:10:52:08 +0100] "GET /wp-content/themes/voyage-parent/images/input_bg2.png HTTP/1.1" 200 117 "http://www.luxurytravel.pl/holiday/luksusowy-city-break/" "Mozilla/5.0 (Windows NT 10.0; WOW64; Trident/7.0; rv:11.0) like Gecko"
78.133.162.230 - - [06/Dec/2018:10:52:08 +0100] "GET /wp-content/themes/nexilab/images/promo.png HTTP/1.1" 200 3248 "http://www.luxurytravel.pl/holiday/luksusowy-city-break/" "Mozilla/5.0 (Windows NT 10.0; WOW64; Trident/7.0; rv:11.0) like Gecko"
78.133.162.230 - - [06/Dec/2018:10:52:08 +0100] "GET /wp-content/themes/voyage-parent/images/loading.gif HTTP/1.1" 200 2365 "http://www.luxurytravel.pl/holiday/luksusowy-city-break/" "Mozilla/5.0 (Windows NT 10.0; WOW64; Trident/7.0; rv:11.0) like Gecko"
78.133.162.230 - - [06/Dec/2018:10:52:08 +0100] "GET /wp-content/themes/nexilab/images/mark.png HTTP/1.1" 200 1112 "http://www.luxurytravel.pl/holiday/luksusowy-city-break/" "Mozilla/5.0 (Windows NT 10.0; WOW64; Trident/7.0; rv:11.0) like Gecko"
78.133.162.230 - - [06/Dec/2018:10:52:08 +0100] "GET /wp-content/themes/voyage-parent/images/btn_find.png HTTP/1.1" 200 959 "http://www.luxurytravel.pl/holiday/luksusowy-city-break/" "Mozilla/5.0 (Windows NT 10.0; WOW64; Trident/7.0; rv:11.0) like Gecko"
81.30.132.30 - - [06/Dec/2018:10:52:08 +0100] "GET /wp-content/uploads/2014/07/07-BELMOND-Royal-Scotsman4-235x165.jpg HTTP/1.1" 200 13824 "http://www.luxurytravel.pl/holiday_category/niebanalne/" "Mozilla/5.0 (Windows NT 6.2; Win64; x64) AppleWebKit/537.36 (KHTML, like Gecko) Chrome/70.0.3538.110 Safari/537.36"
81.30.132.30 - - [06/Dec/2018:10:52:08 +0100] "GET /wp-content/uploads/2015/10/klasa_vision_zewnatzr-235x165.jpg HTTP/1.1" 200 12196 "http://www.luxurytravel.pl/holiday_category/niebanalne/" "Mozilla/5.0 (Windows NT 6.2; Win64; x64) AppleWebKit/537.36 (KHTML, like Gecko) Chrome/70.0.3538.110 Safari/537.36"
78.133.162.230 - - [06/Dec/2018:10:52:08 +0100] "GET /wp-content/themes/voyage-parent/images/before_content_line.png HTTP/1.1" 200 927 "http://www.luxurytravel.pl/holiday/luksusowy-city-break/" "Mozilla/5.0 (Windows NT 10.0; WOW64; Trident/7.0; rv:11.0) like Gecko"
81.30.132.30 - - [06/Dec/2018:10:52:08 +0100] "GET /wp-content/uploads/2014/07/04194-235x165.jpg HTTP/1.1" 200 16506 "http://www.luxurytravel.pl/holiday_category/niebanalne/" "Mozilla/5.0 (Windows NT 6.2; Win64; x64) AppleWebKit/537.36 (KHTML, like Gecko) Chrome/70.0.3538.110 Safari/537.36"
81.30.132.30 - - [06/Dec/2018:10:52:08 +0100] "GET /wp-content/uploads/2015/10/quantum-235x165.jpg HTTP/1.1" 200 16965 "http://www.luxurytravel.pl/holiday_category/niebanalne/" "Mozilla/5.0 (Windows NT 6.2; Win64; x64) AppleWebKit/537.36 (KHTML, like Gecko) Chrome/70.0.3538.110 Safari/537.36"
81.30.132.30 - - [06/Dec/2018:10:52:08 +0100] "GET /wp-content/uploads/2014/07/01-Venice-Simplon-Orient-Express1.jpg1-235x165.jpg HTTP/1.1" 200 19165 "http://www.luxurytravel.pl/holiday_category/niebanalne/" "Mozilla/5.0 (Windows NT 6.2; Win64; x64) AppleWebKit/537.36 (KHTML, like Gecko) Chrome/70.0.3538.110 Safari/537.36"
81.30.132.30 - - [06/Dec/2018:10:52:08 +0100] "GET /wp-content/uploads/2014/07/01-Venice-Simplon-Orient-Express7-235x165.jpg HTTP/1.1" 200 12463 "http://www.luxurytravel.pl/holiday_category/niebanalne/" "Mozilla/5.0 (Windows NT 6.2; Win64; x64) AppleWebKit/537.36 (KHTML, like Gecko) Chrome/70.0.3538.110 Safari/537.36"
81.30.132.30 - - [06/Dec/2018:10:52:08 +0100] "GET /wp-content/uploads/2014/07/01-Venice-Simplon-Orient-Express3-235x165.jpg HTTP/1.1" 200 9525 "http://www.luxurytravel.pl/holiday_category/niebanalne/" "Mozilla/5.0 (Windows NT 6.2; Win64; x64) AppleWebKit/537.36 (KHTML, like Gecko) Chrome/70.0.3538.110 Safari/537.36"
81.30.132.30 - - [06/Dec/2018:10:52:08 +0100] "GET /wp-content/uploads/2014/07/01-BELMOND-Royal-Scotsman7-235x165.jpg HTTP/1.1" 200 17214 "http://www.luxurytravel.pl/holiday_category/niebanalne/" "Mozilla/5.0 (Windows NT 6.2; Win64; x64) AppleWebKit/537.36 (KHTML, like Gecko) Chrome/70.0.3538.110 Safari/537.36"
81.30.132.30 - - [06/Dec/2018:10:52:08 +0100] "GET /wp-content/uploads/2014/03/01-Venice-Simplon-Orient-Express1-235x165.jpg HTTP/1.1" 200 16917 "http://www.luxurytravel.pl/holiday_category/niebanalne/" "Mozilla/5.0 (Windows NT 6.2; Win64; x64) AppleWebKit/537.36 (KHTML, like Gecko) Chrome/70.0.3538.110 Safari/537.36"
81.30.132.30 - - [06/Dec/2018:10:52:08 +0100] "GET /wp-content/uploads/2014/03/01-Eastern-Oriental-Express1-235x165.jpg HTTP/1.1" 200 16087 "http://www.luxurytravel.pl/holiday_category/niebanalne/" "Mozilla/5.0 (Windows NT 6.2; Win64; x64) AppleWebKit/537.36 (KHTML, like Gecko) Chrome/70.0.3538.110 Safari/537.36"
81.30.132.30 - - [06/Dec/2018:10:52:08 +0100] "GET /wp-content/uploads/2014/07/01-Venice-Simplon-Orient-Express6-235x165.jpg HTTP/1.1" 200 15703 "http://www.luxurytravel.pl/holiday_category/niebanalne/" "Mozilla/5.0 (Windows NT 6.2; Win64; x64) AppleWebKit/537.36 (KHTML, like Gecko) Chrome/70.0.3538.110 Safari/537.36"
81.30.132.30 - - [06/Dec/2018:10:52:08 +0100] "GET /wp-content/themes/nexilab/images/mark.png HTTP/1.1" 200 1112 "http://www.luxurytravel.pl/wp-content/themes/nexilab/style.css" "Mozilla/5.0 (Windows NT 6.2; Win64; x64) AppleWebKit/537.36 (KHTML, like Gecko) Chrome/70.0.3538.110 Safari/537.36"
81.30.132.30 - - [06/Dec/2018:10:52:08 +0100] "GET /wp-content/themes/nexilab/images/compas.png HTTP/1.1" 200 1019 "http://www.luxurytravel.pl/wp-content/themes/nexilab/style.css" "Mozilla/5.0 (Windows NT 6.2; Win64; x64) AppleWebKit/537.36 (KHTML, like Gecko) Chrome/70.0.3538.110 Safari/537.36"
81.30.132.30 - - [06/Dec/2018:10:52:09 +0100] "GET /wp-content/themes/nexilab/skin/marker.png HTTP/1.1" 200 164 "http://www.luxurytravel.pl/wp-content/themes/nexilab/style.css" "Mozilla/5.0 (Windows NT 6.2; Win64; x64) AppleWebKit/537.36 (KHTML, like Gecko) Chrome/70.0.3538.110 Safari/537.36"
81.30.132.30 - - [06/Dec/2018:10:52:09 +0100] "GET /wp-content/themes/nexilab/images/marker2.png HTTP/1.1" 200 118 "http://www.luxurytravel.pl/wp-content/themes/nexilab/style.css" "Mozilla/5.0 (Windows NT 6.2; Win64; x64) AppleWebKit/537.36 (KHTML, like Gecko) Chrome/70.0.3538.110 Safari/537.36"
78.133.162.230 - - [06/Dec/2018:10:52:08 +0100] "GET /wp-content/themes/nexilab/images/before_content_bg3.jpg HTTP/1.1" 404 13880 "http://www.luxurytravel.pl/holiday/luksusowy-city-break/" "Mozilla/5.0 (Windows NT 10.0; WOW64; Trident/7.0; rv:11.0) like Gecko"
78.133.162.230 - - [06/Dec/2018:10:52:09 +0100] "GET /wp-content/uploads/2018/05/16-1-1015x571.jpg HTTP/1.1" 200 142394 "http://www.luxurytravel.pl/holiday/luksusowy-city-break/" "Mozilla/5.0 (Windows NT 10.0; WOW64; Trident/7.0; rv:11.0) like Gecko"
78.133.162.230 - - [06/Dec/2018:10:52:09 +0100] "GET /wp-content/plugins/contact-form-7/images/ajax-loader.gif HTTP/1.1" 200 847 "http://www.luxurytravel.pl/holiday/luksusowy-city-break/" "Mozilla/5.0 (Windows NT 10.0; WOW64; Trident/7.0; rv:11.0) like Gecko"
78.133.162.230 - - [06/Dec/2018:10:52:09 +0100] "GET /wp-content/themes/nexilab/css/tango/prev-horizontal.png HTTP/1.1" 200 596 "http://www.luxurytravel.pl/holiday/luksusowy-city-break/" "Mozilla/5.0 (Windows NT 10.0; WOW64; Trident/7.0; rv:11.0) like Gecko"
78.133.162.230 - - [06/Dec/2018:10:52:09 +0100] "GET /wp-content/themes/voyage-parent/images/gallery_arrows.png HTTP/1.1" 200 1250 "http://www.luxurytravel.pl/holiday/luksusowy-city-break/" "Mozilla/5.0 (Windows NT 10.0; WOW64; Trident/7.0; rv:11.0) like Gecko"
78.133.162.230 - - [06/Dec/2018:10:52:09 +0100] "GET /wp-content/themes/nexilab/css/tango/next-horizontal.png HTTP/1.1" 200 616 "http://www.luxurytravel.pl/holiday/luksusowy-city-break/" "Mozilla/5.0 (Windows NT 10.0; WOW64; Trident/7.0; rv:11.0) like Gecko"
78.133.162.230 - - [06/Dec/2018:10:52:09 +0100] "GET /wp-content/themes/voyage-parent/css/custom-theme/images/ui-bg_flat_75_ffffff_40x100.png HTTP/1.1" 200 178 "http://www.luxurytravel.pl/holiday/luksusowy-city-break/" "Mozilla/5.0 (Windows NT 10.0; WOW64; Trident/7.0; rv:11.0) like Gecko"
157.55.39.80 - - [06/Dec/2018:10:52:08 +0100] "GET /holiday_category/destinations/?page=15 HTTP/1.1" 200 16951 "-" "Mozilla/5.0 (compatible; bingbot/2.0; +http://www.bing.com/bingbot.htm)"
81.30.132.30 - - [06/Dec/2018:10:52:10 +0100] "GET /wp-content/plugins/contact-form-7/images/ajax-loader.gif HTTP/1.1" 200 847 "http://www.luxurytravel.pl/wp-content/plugins/contact-form-7/includes/css/styles.css?ver=5.0.5" "Mozilla/5.0 (Windows NT 6.2; Win64; x64) AppleWebKit/537.36 (KHTML, like Gecko) Chrome/70.0.3538.110 Safari/537.36"
89.47.171.48 - - [06/Dec/2018:10:52:10 +0100] "GET /wp-content/themes/nexilab/images/up.png HTTP/1.1" 200 689 "http://www.luxurytravel.pl/wp-content/themes/nexilab/style.css" "Mozilla/5.0 (Windows NT 10.0; WOW64) AppleWebKit/537.36 (KHTML, like Gecko) Chrome/70.0.3538.110 Safari/537.36"
78.133.162.230 - - [06/Dec/2018:10:52:10 +0100] "GET /favicon.ico HTTP/1.1" 200 20 "-" "Mozilla/5.0 (Windows NT 10.0; Win64; x64; Trident/7.0; rv:11.0) like Gecko"
78.133.162.230 - - [06/Dec/2018:10:52:10 +0100] "GET /wp-content/themes/voyage-parent/images/icons/icon_calendar.png HTTP/1.1" 200 1041 "http://www.luxurytravel.pl/holiday/luksusowy-city-break/" "Mozilla/5.0 (Windows NT 10.0; WOW64; Trident/7.0; rv:11.0) like Gecko"
78.133.162.230 - - [06/Dec/2018:10:52:10 +0100] "GET /wp-content/themes/voyage-parent/images/icons/cusel_select-arrows.png HTTP/1.1" 200 3038 "http://www.luxurytravel.pl/holiday/luksusowy-city-break/" "Mozilla/5.0 (Windows NT 10.0; WOW64; Trident/7.0; rv:11.0) like Gecko"
78.133.162.230 - - [06/Dec/2018:10:52:10 +0100] "GET /wp-content/themes/voyage-parent/css/custom-theme/images/ui-icons_ffffff_256x240.png HTTP/1.1" 200 4369 "http://www.luxurytravel.pl/holiday/luksusowy-city-break/" "Mozilla/5.0 (Windows NT 10.0; WOW64; Trident/7.0; rv:11.0) like Gecko"
78.133.162.230 - - [06/Dec/2018:10:52:10 +0100] "GET /wp-content/uploads/2018/05/11-2-1015x571.jpg HTTP/1.1" 200 134459 "http://www.luxurytravel.pl/holiday/luksusowy-city-break/" "Mozilla/5.0 (Windows NT 10.0; WOW64; Trident/7.0; rv:11.0) like Gecko"
78.133.162.230 - - [06/Dec/2018:10:52:10 +0100] "GET /wp-content/uploads/2018/05/12-1015x571.jpg HTTP/1.1" 200 93990 "http://www.luxurytravel.pl/holiday/luksusowy-city-break/" "Mozilla/5.0 (Windows NT 10.0; WOW64; Trident/7.0; rv:11.0) like Gecko"
89.47.171.48 - - [06/Dec/2018:10:52:10 +0100] "GET /wp-content/uploads/2018/09/Velaa-2.jpg HTTP/1.1" 200 240332 "http://www.luxurytravel.pl/" "Mozilla/5.0 (Windows NT 10.0; WOW64) AppleWebKit/537.36 (KHTML, like Gecko) Chrome/70.0.3538.110 Safari/537.36"
78.133.162.230 - - [06/Dec/2018:10:52:11 +0100] "GET /wp-content/uploads/2018/05/17-1015x571.jpg HTTP/1.1" 200 104689 "http://www.luxurytravel.pl/holiday/luksusowy-city-break/" "Mozilla/5.0 (Windows NT 10.0; WOW64; Trident/7.0; rv:11.0) like Gecko"
81.30.132.30 - - [06/Dec/2018:10:52:10 +0100] "GET /holiday_category/niebanalne/page/2/ HTTP/1.1" 200 18896 "http://www.luxurytravel.pl/holiday_category/niebanalne/" "Mozilla/5.0 (Windows NT 6.2; Win64; x64) AppleWebKit/537.36 (KHTML, like Gecko) Chrome/70.0.3538.110 Safari/537.36"
