89.70.118.54 - - [06/Dec/2018:11:07:37 +0100] "GET /wp-includes/js/jquery/ui/widget.min.js?ver=1.11.4 HTTP/1.1" 304 - "http://www.luxurytravel.pl/holiday_locations/malediwy/" "Mozilla/5.0 (Windows NT 10.0; Win64; x64; rv:63.0) Gecko/20100101 Firefox/63.0"
89.70.118.54 - - [06/Dec/2018:11:07:37 +0100] "GET /wp-includes/js/jquery/ui/slider.min.js?ver=1.11.4 HTTP/1.1" 304 - "http://www.luxurytravel.pl/holiday_locations/malediwy/" "Mozilla/5.0 (Windows NT 10.0; Win64; x64; rv:63.0) Gecko/20100101 Firefox/63.0"
89.70.118.54 - - [06/Dec/2018:11:07:37 +0100] "GET /wp-includes/js/jquery/ui/button.min.js?ver=1.11.4 HTTP/1.1" 304 - "http://www.luxurytravel.pl/holiday_locations/malediwy/" "Mozilla/5.0 (Windows NT 10.0; Win64; x64; rv:63.0) Gecko/20100101 Firefox/63.0"
89.70.118.54 - - [06/Dec/2018:11:07:37 +0100] "GET /wp-content/plugins/contact-form-7-datepicker/js/jquery-ui-sliderAccess.js?ver=4.9.8 HTTP/1.1" 304 - "http://www.luxurytravel.pl/holiday_locations/malediwy/" "Mozilla/5.0 (Windows NT 10.0; Win64; x64; rv:63.0) Gecko/20100101 Firefox/63.0"
89.70.118.54 - - [06/Dec/2018:11:07:37 +0100] "GET /wp-includes/js/hoverIntent.min.js?ver=1.8.1 HTTP/1.1" 304 - "http://www.luxurytravel.pl/holiday_locations/malediwy/" "Mozilla/5.0 (Windows NT 10.0; Win64; x64; rv:63.0) Gecko/20100101 Firefox/63.0"
89.70.118.54 - - [06/Dec/2018:11:07:37 +0100] "GET /wp-content/themes/voyage-parent/js/jquery.prettyPhoto.js?ver=3.1.4 HTTP/1.1" 304 - "http://www.luxurytravel.pl/holiday_locations/malediwy/" "Mozilla/5.0 (Windows NT 10.0; Win64; x64; rv:63.0) Gecko/20100101 Firefox/63.0"
89.70.118.54 - - [06/Dec/2018:11:07:37 +0100] "GET /wp-includes/js/wp-embed.min.js?ver=4.9.8 HTTP/1.1" 304 - "http://www.luxurytravel.pl/holiday_locations/malediwy/" "Mozilla/5.0 (Windows NT 10.0; Win64; x64; rv:63.0) Gecko/20100101 Firefox/63.0"
89.70.118.54 - - [06/Dec/2018:11:07:37 +0100] "GET /wp-content/themes/voyage-parent/js/shCore.js?ver=2.1.382 HTTP/1.1" 304 - "http://www.luxurytravel.pl/holiday_locations/malediwy/" "Mozilla/5.0 (Windows NT 10.0; Win64; x64; rv:63.0) Gecko/20100101 Firefox/63.0"
89.70.118.54 - - [06/Dec/2018:11:07:37 +0100] "GET /wp-content/themes/voyage-parent/cache/min-js-2e82484c1698a8204db8b951e0ae70d1.js?m=0 HTTP/1.1" 304 - "http://www.luxurytravel.pl/holiday_locations/malediwy/" "Mozilla/5.0 (Windows NT 10.0; Win64; x64; rv:63.0) Gecko/20100101 Firefox/63.0"
89.70.118.54 - - [06/Dec/2018:11:07:37 +0100] "GET /wp-content/themes/voyage-parent/js/shBrushPlain.js?ver=2.1.382 HTTP/1.1" 304 - "http://www.luxurytravel.pl/holiday_locations/malediwy/" "Mozilla/5.0 (Windows NT 10.0; Win64; x64; rv:63.0) Gecko/20100101 Firefox/63.0"
89.70.118.54 - - [06/Dec/2018:11:07:37 +0100] "GET /wp-content/themes/nexilab/js/jquery.smooth-scroll.min.js HTTP/1.1" 304 - "http://www.luxurytravel.pl/holiday_locations/malediwy/" "Mozilla/5.0 (Windows NT 10.0; Win64; x64; rv:63.0) Gecko/20100101 Firefox/63.0"
89.70.118.54 - - [06/Dec/2018:11:07:37 +0100] "GET /wp-content/themes/nexilab/js/init.js HTTP/1.1" 304 - "http://www.luxurytravel.pl/holiday_locations/malediwy/" "Mozilla/5.0 (Windows NT 10.0; Win64; x64; rv:63.0) Gecko/20100101 Firefox/63.0"
89.70.118.54 - - [06/Dec/2018:11:07:37 +0100] "GET /wp-content/themes/voyage-parent/style.css HTTP/1.1" 200 24349 "http://www.luxurytravel.pl/wp-content/themes/nexilab/style.css" "Mozilla/5.0 (Windows NT 10.0; Win64; x64; rv:63.0) Gecko/20100101 Firefox/63.0"
89.70.118.54 - - [06/Dec/2018:11:07:37 +0100] "GET /wp-content/themes/nexilab/skin/color.css HTTP/1.1" 200 604 "http://www.luxurytravel.pl/wp-content/themes/nexilab/style.css" "Mozilla/5.0 (Windows NT 10.0; Win64; x64; rv:63.0) Gecko/20100101 Firefox/63.0"
89.70.118.54 - - [06/Dec/2018:11:07:37 +0100] "GET /wp-content/uploads/map/continent_2.png HTTP/1.1" 200 2671 "http://www.luxurytravel.pl/holiday_locations/malediwy/" "Mozilla/5.0 (Windows NT 10.0; Win64; x64; rv:63.0) Gecko/20100101 Firefox/63.0"
89.70.118.54 - - [06/Dec/2018:11:07:37 +0100] "GET /wp-content/uploads/map/continent_4.png HTTP/1.1" 200 2149 "http://www.luxurytravel.pl/holiday_locations/malediwy/" "Mozilla/5.0 (Windows NT 10.0; Win64; x64; rv:63.0) Gecko/20100101 Firefox/63.0"
89.70.118.54 - - [06/Dec/2018:11:07:37 +0100] "GET /wp-content/uploads/2018/08/Velaa-glowne-235x165.jpg HTTP/1.1" 200 10759 "http://www.luxurytravel.pl/holiday_locations/malediwy/" "Mozilla/5.0 (Windows NT 10.0; Win64; x64; rv:63.0) Gecko/20100101 Firefox/63.0"
89.70.118.54 - - [06/Dec/2018:11:07:37 +0100] "GET /wp-content/uploads/map/continent_6.png HTTP/1.1" 200 1489 "http://www.luxurytravel.pl/holiday_locations/malediwy/" "Mozilla/5.0 (Windows NT 10.0; Win64; x64; rv:63.0) Gecko/20100101 Firefox/63.0"
89.70.118.54 - - [06/Dec/2018:11:07:37 +0100] "GET /wp-content/uploads/map/continent_1.png HTTP/1.1" 200 3542 "http://www.luxurytravel.pl/holiday_locations/malediwy/" "Mozilla/5.0 (Windows NT 10.0; Win64; x64; rv:63.0) Gecko/20100101 Firefox/63.0"
89.70.118.54 - - [06/Dec/2018:11:07:37 +0100] "GET /wp-content/uploads/map/continent_5.png HTTP/1.1" 200 2911 "http://www.luxurytravel.pl/holiday_locations/malediwy/" "Mozilla/5.0 (Windows NT 10.0; Win64; x64; rv:63.0) Gecko/20100101 Firefox/63.0"
89.70.118.54 - - [06/Dec/2018:11:07:37 +0100] "GET /wp-content/uploads/map/continent_3.png HTTP/1.1" 200 2595 "http://www.luxurytravel.pl/holiday_locations/malediwy/" "Mozilla/5.0 (Windows NT 10.0; Win64; x64; rv:63.0) Gecko/20100101 Firefox/63.0"
89.70.118.54 - - [06/Dec/2018:11:07:37 +0100] "GET /wp-content/uploads/2014/07/07-Four-Seasons-Kuda-Huraa-235x165.jpg HTTP/1.1" 200 13363 "http://www.luxurytravel.pl/holiday_locations/malediwy/" "Mozilla/5.0 (Windows NT 10.0; Win64; x64; rv:63.0) Gecko/20100101 Firefox/63.0"
89.70.118.54 - - [06/Dec/2018:11:07:37 +0100] "GET /img/logoLT15.png HTTP/1.1" 200 19548 "http://www.luxurytravel.pl/holiday_locations/malediwy/" "Mozilla/5.0 (Windows NT 10.0; Win64; x64; rv:63.0) Gecko/20100101 Firefox/63.0"
89.70.118.54 - - [06/Dec/2018:11:07:38 +0100] "GET /wp-content/uploads/2014/05/LSAA_78240563_Nest_5573x3716-235x165.jpg HTTP/1.1" 200 10748 "http://www.luxurytravel.pl/holiday_locations/malediwy/" "Mozilla/5.0 (Windows NT 10.0; Win64; x64; rv:63.0) Gecko/20100101 Firefox/63.0"
89.70.118.54 - - [06/Dec/2018:11:07:38 +0100] "GET /wp-content/uploads/2018/03/St.Regis-Vommuli-Malediwy-5-235x165.jpg HTTP/1.1" 200 9479 "http://www.luxurytravel.pl/holiday_locations/malediwy/" "Mozilla/5.0 (Windows NT 10.0; Win64; x64; rv:63.0) Gecko/20100101 Firefox/63.0"
89.70.118.54 - - [06/Dec/2018:11:07:38 +0100] "GET /wp-includes/js/wp-emoji-release.min.js?ver=4.9.8 HTTP/1.1" 304 - "http://www.luxurytravel.pl/holiday_locations/malediwy/" "Mozilla/5.0 (Windows NT 10.0; Win64; x64; rv:63.0) Gecko/20100101 Firefox/63.0"
89.70.118.54 - - [06/Dec/2018:11:07:38 +0100] "GET /wp-content/uploads/2017/07/LUX-North-Male-Malediwy-8-235x165.jpg HTTP/1.1" 200 13479 "http://www.luxurytravel.pl/holiday_locations/malediwy/" "Mozilla/5.0 (Windows NT 10.0; Win64; x64; rv:63.0) Gecko/20100101 Firefox/63.0"
89.70.118.54 - - [06/Dec/2018:11:07:38 +0100] "GET /wp-content/uploads/2016/12/Huvafen-Fushi-Maldives-8-235x165.jpg HTTP/1.1" 200 6803 "http://www.luxurytravel.pl/holiday_locations/malediwy/" "Mozilla/5.0 (Windows NT 10.0; Win64; x64; rv:63.0) Gecko/20100101 Firefox/63.0"
89.70.118.54 - - [06/Dec/2018:11:07:38 +0100] "GET /wp-content/uploads/2017/05/Sun-Aqua-Vilu-Reef-Maldives-23-235x165.jpg HTTP/1.1" 200 7927 "http://www.luxurytravel.pl/holiday_locations/malediwy/" "Mozilla/5.0 (Windows NT 10.0; Win64; x64; rv:63.0) Gecko/20100101 Firefox/63.0"
89.70.118.54 - - [06/Dec/2018:11:07:38 +0100] "GET /wp-content/uploads/2017/06/Four-Seasons-Kuda-Hura-23-235x165.jpg HTTP/1.1" 200 10448 "http://www.luxurytravel.pl/holiday_locations/malediwy/" "Mozilla/5.0 (Windows NT 10.0; Win64; x64; rv:63.0) Gecko/20100101 Firefox/63.0"
89.70.118.54 - - [06/Dec/2018:11:07:38 +0100] "GET /wp-content/uploads/2017/06/Soneva-Jani-Malediwy-18-235x165.jpg HTTP/1.1" 200 7667 "http://www.luxurytravel.pl/holiday_locations/malediwy/" "Mozilla/5.0 (Windows NT 10.0; Win64; x64; rv:63.0) Gecko/20100101 Firefox/63.0"
89.70.118.54 - - [06/Dec/2018:11:07:38 +0100] "GET /wp-content/uploads/2015/11/Ja-Manufaru-8-235x165.jpg HTTP/1.1" 200 15651 "http://www.luxurytravel.pl/holiday_locations/malediwy/" "Mozilla/5.0 (Windows NT 10.0; Win64; x64; rv:63.0) Gecko/20100101 Firefox/63.0"
89.70.118.54 - - [06/Dec/2018:11:07:38 +0100] "GET /wp-content/uploads/2016/07/Ayada-Maldives-Resort-20-235x165.jpg HTTP/1.1" 200 9263 "http://www.luxurytravel.pl/holiday_locations/malediwy/" "Mozilla/5.0 (Windows NT 10.0; Win64; x64; rv:63.0) Gecko/20100101 Firefox/63.0"
89.70.118.54 - - [06/Dec/2018:11:07:38 +0100] "GET /wp-content/uploads/2014/07/The-Sun-Siyam-Iru-Fushi-Maldives-1-235x165.jpg HTTP/1.1" 200 5798 "http://www.luxurytravel.pl/holiday_locations/malediwy/" "Mozilla/5.0 (Windows NT 10.0; Win64; x64; rv:63.0) Gecko/20100101 Firefox/63.0"
89.70.118.54 - - [06/Dec/2018:11:07:38 +0100] "GET /wp-content/themes/nexilab/fonts/Lato-Light.woff HTTP/1.1" 304 - "http://www.luxurytravel.pl/wp-content/themes/nexilab/style.css" "Mozilla/5.0 (Windows NT 10.0; Win64; x64; rv:63.0) Gecko/20100101 Firefox/63.0"
89.70.118.54 - - [06/Dec/2018:11:07:38 +0100] "GET /wp-content/themes/nexilab/images/mark.png HTTP/1.1" 200 1112 "http://www.luxurytravel.pl/wp-content/themes/nexilab/style.css" "Mozilla/5.0 (Windows NT 10.0; Win64; x64; rv:63.0) Gecko/20100101 Firefox/63.0"
89.70.118.54 - - [06/Dec/2018:11:07:38 +0100] "GET /wp-content/themes/nexilab/images/marker2.png HTTP/1.1" 200 118 "http://www.luxurytravel.pl/wp-content/themes/nexilab/style.css" "Mozilla/5.0 (Windows NT 10.0; Win64; x64; rv:63.0) Gecko/20100101 Firefox/63.0"
89.70.118.54 - - [06/Dec/2018:11:07:38 +0100] "GET /wp-content/themes/nexilab/images/compas.png HTTP/1.1" 200 1019 "http://www.luxurytravel.pl/wp-content/themes/nexilab/style.css" "Mozilla/5.0 (Windows NT 10.0; Win64; x64; rv:63.0) Gecko/20100101 Firefox/63.0"
89.70.118.54 - - [06/Dec/2018:11:07:38 +0100] "GET /wp-content/themes/nexilab/skin/marker.png HTTP/1.1" 200 164 "http://www.luxurytravel.pl/wp-content/themes/nexilab/style.css" "Mozilla/5.0 (Windows NT 10.0; Win64; x64; rv:63.0) Gecko/20100101 Firefox/63.0"
89.70.118.54 - - [06/Dec/2018:11:07:38 +0100] "GET /wp-content/uploads/2018/01/katalog-banner-lato18.jpg HTTP/1.1" 304 - "http://www.luxurytravel.pl/holiday_locations/malediwy/" "Mozilla/5.0 (Windows NT 10.0; Win64; x64; rv:63.0) Gecko/20100101 Firefox/63.0"
89.70.118.54 - - [06/Dec/2018:11:07:38 +0100] "GET /wp-content/themes/nexilab/skin/bg2.jpg HTTP/1.1" 304 - "http://www.luxurytravel.pl/wp-content/themes/nexilab/skin/color.css" "Mozilla/5.0 (Windows NT 10.0; Win64; x64; rv:63.0) Gecko/20100101 Firefox/63.0"
89.70.118.54 - - [06/Dec/2018:11:07:38 +0100] "GET /wp-content/themes/voyage-parent/images/input_bg2.png HTTP/1.1" 304 - "http://www.luxurytravel.pl/wp-content/themes/voyage-parent/style.css" "Mozilla/5.0 (Windows NT 10.0; Win64; x64; rv:63.0) Gecko/20100101 Firefox/63.0"
89.70.118.54 - - [06/Dec/2018:11:07:38 +0100] "GET /wp-content/themes/nexilab/images/bg3.jpg HTTP/1.1" 304 - "http://www.luxurytravel.pl/wp-content/themes/nexilab/style.css" "Mozilla/5.0 (Windows NT 10.0; Win64; x64; rv:63.0) Gecko/20100101 Firefox/63.0"
89.70.118.54 - - [06/Dec/2018:11:07:38 +0100] "GET /wp-content/themes/nexilab/images/bg1.jpg HTTP/1.1" 304 - "http://www.luxurytravel.pl/wp-content/themes/nexilab/style.css" "Mozilla/5.0 (Windows NT 10.0; Win64; x64; rv:63.0) Gecko/20100101 Firefox/63.0"
89.70.118.54 - - [06/Dec/2018:11:07:38 +0100] "GET /wp-content/themes/voyage-parent/images/dropdown_bg.png HTTP/1.1" 200 989 "http://www.luxurytravel.pl/wp-content/themes/voyage-parent/style.css" "Mozilla/5.0 (Windows NT 10.0; Win64; x64; rv:63.0) Gecko/20100101 Firefox/63.0"
89.70.118.54 - - [06/Dec/2018:11:07:38 +0100] "GET /wp-content/plugins/contact-form-7/images/ajax-loader.gif HTTP/1.1" 200 847 "http://www.luxurytravel.pl/wp-content/plugins/contact-form-7/includes/css/styles.css?ver=5.0.5" "Mozilla/5.0 (Windows NT 10.0; Win64; x64; rv:63.0) Gecko/20100101 Firefox/63.0"
183.212.249.32 - - [06/Dec/2018:11:07:37 +0100] "GET /wp-content/uploads/2014/12/Cape-Kidnappers-Nowa-Zelandia-01-23.jpeg HTTP/1.1" 200 105283 "https://cn.bing.com/" "Mozilla/5.0 (Macintosh; Intel Mac OS X 10_13_6) AppleWebKit/605.1.15 (KHTML, like Gecko) Version/12.0.1 Safari/605.1.15"
89.70.118.54 - - [06/Dec/2018:11:07:38 +0100] "GET /wp-content/uploads/2016/01/baner-bmw.jpg HTTP/1.1" 200 100482 "http://www.luxurytravel.pl/holiday_locations/malediwy/" "Mozilla/5.0 (Windows NT 10.0; Win64; x64; rv:63.0) Gecko/20100101 Firefox/63.0"
89.70.118.54 - - [06/Dec/2018:11:07:38 +0100] "GET /wp-content/themes/nexilab/fonts/Minion%20Pro%20Italic.woff HTTP/1.1" 200 154896 "http://www.luxurytravel.pl/wp-content/themes/nexilab/style.css" "Mozilla/5.0 (Windows NT 10.0; Win64; x64; rv:63.0) Gecko/20100101 Firefox/63.0"
89.70.118.54 - - [06/Dec/2018:11:07:38 +0100] "GET /favicon.ico HTTP/1.1" 200 20 "-" "Mozilla/5.0 (Windows NT 10.0; Win64; x64; rv:63.0) Gecko/20100101 Firefox/63.0"
207.46.13.3 - - [06/Dec/2018:11:07:38 +0100] "GET /wp-content/uploads/2014/07/Amathus-Beach-Hotel-Cypr-5-1015x571.jpg HTTP/1.1" 200 166664 "-" "Mozilla/5.0 (compatible; bingbot/2.0; +http://www.bing.com/bingbot.htm)"
160.120.229.247 - - [06/Dec/2018:11:07:50 +0100] "POST /xmlrpc.php HTTP/1.1" 200 417 "-" "Mozilla/5.0 (X11; Linux i686; rv:2.0.1) Gecko/20100101 Firefox/4.0.1"
31.223.139.227 - - [06/Dec/2018:11:07:50 +0100] "POST /xmlrpc.php HTTP/1.1" 200 417 "-" "Mozilla/5.0 (X11; Linux i686; rv:2.0.1) Gecko/20100101 Firefox/4.0.1"
207.46.13.42 - - [06/Dec/2018:11:07:51 +0100] "GET /wp-content/uploads/2014/05/21-Atlantis1-1015x571.jpg HTTP/1.1" 200 150698 "-" "Mozilla/5.0 (compatible; bingbot/2.0; +http://www.bing.com/bingbot.htm)"
37.235.48.200 - - [06/Dec/2018:11:07:52 +0100] "GET /wp-content/uploads/2018/09/Skifahrer_5_Das-Central_byRudiWyhlidal.jpg HTTP/1.1" 200 235569 "http://www.luxurytravel.pl/" "Mozilla/5.0 (Windows NT 6.1) AppleWebKit/537.36 (KHTML, like Gecko) Chrome/27.0.1453.95 Safari/537.36 MRCHROME"
40.77.167.23 - - [06/Dec/2018:11:07:55 +0100] "GET /wp-content/uploads/2014/10/04-Ekwador-Mansion-Alcazar-Cuenca.jpg HTTP/1.1" 200 102944 "-" "Mozilla/5.0 (compatible; bingbot/2.0; +http://www.bing.com/bingbot.htm)"
5.45.203.14 - - [06/Dec/2018:11:07:54 +0100] "GET /robots.txt HTTP/1.1" 200 67 "-" "Mozilla/5.0 (compatible; YandexBot/3.0; +http://yandex.com/bots)"
5.255.251.9 - - [06/Dec/2018:11:07:54 +0100] "GET / HTTP/1.1" 200 17059 "-" "Mozilla/5.0 (compatible; YandexBot/3.0; +http://yandex.com/bots)"
5.45.203.1 - - [06/Dec/2018:11:07:58 +0100] "GET / HTTP/1.1" 301 20 "-" "Mozilla/5.0 (compatible; YandexBot/3.0; +http://yandex.com/bots)"
78.133.162.230 - - [06/Dec/2018:11:07:58 +0100] "GET /kontakt/ HTTP/1.1" 200 14657 "http://www.luxurytravel.pl/holiday_category/rewie-swiata/" "Mozilla/5.0 (Windows NT 10.0; WOW64; Trident/7.0; rv:11.0) like Gecko"
78.133.162.230 - - [06/Dec/2018:11:08:00 +0100] "GET /wp-content/themes/voyage-parent/theme_config/extensions/contactform/static/css/contact_form.css?ver=1.1.0 HTTP/1.1" 200 1446 "http://www.luxurytravel.pl/kontakt/" "Mozilla/5.0 (Windows NT 10.0; WOW64; Trident/7.0; rv:11.0) like Gecko"
78.133.162.230 - - [06/Dec/2018:11:08:00 +0100] "GET /wp-includes/js/comment-reply.min.js?ver=4.9.8 HTTP/1.1" 200 589 "http://www.luxurytravel.pl/kontakt/" "Mozilla/5.0 (Windows NT 10.0; WOW64; Trident/7.0; rv:11.0) like Gecko"
78.133.162.230 - - [06/Dec/2018:11:08:00 +0100] "GET /wp-includes/js/jquery/jquery.form.min.js?ver=4.2.1 HTTP/1.1" 200 6294 "http://www.luxurytravel.pl/kontakt/" "Mozilla/5.0 (Windows NT 10.0; WOW64; Trident/7.0; rv:11.0) like Gecko"
78.133.162.230 - - [06/Dec/2018:11:08:00 +0100] "GET /wp-content/themes/voyage-parent/js/contact_forms.js?ver=1.1.0 HTTP/1.1" 200 1563 "http://www.luxurytravel.pl/kontakt/" "Mozilla/5.0 (Windows NT 10.0; WOW64; Trident/7.0; rv:11.0) like Gecko"
37.235.48.200 - - [06/Dec/2018:11:07:59 +0100] "GET /holiday/velaa-private-island-atol-noonu/ HTTP/1.1" 200 17657 "http://www.luxurytravel.pl/" "Mozilla/5.0 (Windows NT 6.1) AppleWebKit/537.36 (KHTML, like Gecko) Chrome/27.0.1453.95 Safari/537.36 MRCHROME"
78.133.162.230 - - [06/Dec/2018:11:08:00 +0100] "GET /wp-content/uploads/2015/11/2-hoza.jpg HTTP/1.1" 200 169167 "http://www.luxurytravel.pl/kontakt/" "Mozilla/5.0 (Windows NT 10.0; WOW64; Trident/7.0; rv:11.0) like Gecko"
78.133.162.230 - - [06/Dec/2018:11:08:00 +0100] "GET /wp-content/themes/nexilab/images/newsletter.jpg HTTP/1.1" 200 309168 "http://www.luxurytravel.pl/kontakt/" "Mozilla/5.0 (Windows NT 10.0; WOW64; Trident/7.0; rv:11.0) like Gecko"
89.70.118.54 - - [06/Dec/2018:11:08:01 +0100] "GET /wp-content/themes/nexilab/images/up.png HTTP/1.1" 200 689 "http://www.luxurytravel.pl/wp-content/themes/nexilab/style.css" "Mozilla/5.0 (Windows NT 10.0; Win64; x64; rv:63.0) Gecko/20100101 Firefox/63.0"
37.235.48.200 - - [06/Dec/2018:11:08:02 +0100] "GET /wp-content/uploads/2018/08/Velaa-glowne-75x75.jpg HTTP/1.1" 200 2605 "http://www.luxurytravel.pl/holiday/velaa-private-island-atol-noonu/" "Mozilla/5.0 (Windows NT 6.1) AppleWebKit/537.36 (KHTML, like Gecko) Chrome/27.0.1453.95 Safari/537.36 MRCHROME"
37.235.48.200 - - [06/Dec/2018:11:08:02 +0100] "GET /wp-content/uploads/2018/08/VELAA-..-75x75.jpg HTTP/1.1" 200 2485 "http://www.luxurytravel.pl/holiday/velaa-private-island-atol-noonu/" "Mozilla/5.0 (Windows NT 6.1) AppleWebKit/537.36 (KHTML, like Gecko) Chrome/27.0.1453.95 Safari/537.36 MRCHROME"
37.235.48.200 - - [06/Dec/2018:11:08:02 +0100] "GET /wp-content/uploads/2018/08/Ocean-Pool-House-Exterior-1-75x75.jpg HTTP/1.1" 200 2347 "http://www.luxurytravel.pl/holiday/velaa-private-island-atol-noonu/" "Mozilla/5.0 (Windows NT 6.1) AppleWebKit/537.36 (KHTML, like Gecko) Chrome/27.0.1453.95 Safari/537.36 MRCHROME"
37.235.48.200 - - [06/Dec/2018:11:08:02 +0100] "GET /wp-content/uploads/2018/08/Beach-Pool-Villa-Outdoor-Gazebo-75x75.jpg HTTP/1.1" 200 2830 "http://www.luxurytravel.pl/holiday/velaa-private-island-atol-noonu/" "Mozilla/5.0 (Windows NT 6.1) AppleWebKit/537.36 (KHTML, like Gecko) Chrome/27.0.1453.95 Safari/537.36 MRCHROME"
37.235.48.200 - - [06/Dec/2018:11:08:02 +0100] "GET /wp-content/uploads/2018/08/VELAA...-75x75.jpg HTTP/1.1" 200 2675 "http://www.luxurytravel.pl/holiday/velaa-private-island-atol-noonu/" "Mozilla/5.0 (Windows NT 6.1) AppleWebKit/537.36 (KHTML, like Gecko) Chrome/27.0.1453.95 Safari/537.36 MRCHROME"
37.235.48.200 - - [06/Dec/2018:11:08:02 +0100] "GET /wp-content/uploads/2018/08/Velaa-2-75x75.jpg HTTP/1.1" 200 2398 "http://www.luxurytravel.pl/holiday/velaa-private-island-atol-noonu/" "Mozilla/5.0 (Windows NT 6.1) AppleWebKit/537.36 (KHTML, like Gecko) Chrome/27.0.1453.95 Safari/537.36 MRCHROME"
37.235.48.200 - - [06/Dec/2018:11:08:02 +0100] "GET /wp-content/uploads/2018/08/VELA1-75x75.jpg HTTP/1.1" 200 3197 "http://www.luxurytravel.pl/holiday/velaa-private-island-atol-noonu/" "Mozilla/5.0 (Windows NT 6.1) AppleWebKit/537.36 (KHTML, like Gecko) Chrome/27.0.1453.95 Safari/537.36 MRCHROME"
37.235.48.200 - - [06/Dec/2018:11:08:02 +0100] "GET /wp-content/uploads/2018/08/DSC_4900-HD-75x75.jpeg HTTP/1.1" 200 2356 "http://www.luxurytravel.pl/holiday/velaa-private-island-atol-noonu/" "Mozilla/5.0 (Windows NT 6.1) AppleWebKit/537.36 (KHTML, like Gecko) Chrome/27.0.1453.95 Safari/537.36 MRCHROME"
37.235.48.200 - - [06/Dec/2018:11:08:02 +0100] "GET /wp-content/uploads/2018/08/Golf-67-75x75.jpg HTTP/1.1" 200 2192 "http://www.luxurytravel.pl/holiday/velaa-private-island-atol-noonu/" "Mozilla/5.0 (Windows NT 6.1) AppleWebKit/537.36 (KHTML, like Gecko) Chrome/27.0.1453.95 Safari/537.36 MRCHROME"
37.235.48.200 - - [06/Dec/2018:11:08:02 +0100] "GET /wp-content/uploads/2018/08/VELAA.......-75x75.jpg HTTP/1.1" 200 2652 "http://www.luxurytravel.pl/holiday/velaa-private-island-atol-noonu/" "Mozilla/5.0 (Windows NT 6.1) AppleWebKit/537.36 (KHTML, like Gecko) Chrome/27.0.1453.95 Safari/537.36 MRCHROME"
37.235.48.200 - - [06/Dec/2018:11:08:02 +0100] "GET /wp-content/uploads/2018/08/VELAAP-75x75.jpg HTTP/1.1" 200 3323 "http://www.luxurytravel.pl/holiday/velaa-private-island-atol-noonu/" "Mozilla/5.0 (Windows NT 6.1) AppleWebKit/537.36 (KHTML, like Gecko) Chrome/27.0.1453.95 Safari/537.36 MRCHROME"
40.77.167.23 - - [06/Dec/2018:11:08:05 +0100] "GET /wp-content/uploads/2016/10/Melati-Beach-Resort-Koh-Samui-Tajlandia-37-1.jpg HTTP/1.1" 200 234466 "-" "Mozilla/5.0 (compatible; bingbot/2.0; +http://www.bing.com/bingbot.htm)"
89.70.118.54 - - [06/Dec/2018:11:08:06 +0100] "GET /holiday/lux-resorts-maldives/ HTTP/1.1" 200 23807 "http://www.luxurytravel.pl/holiday_locations/malediwy/" "Mozilla/5.0 (Windows NT 10.0; Win64; x64; rv:63.0) Gecko/20100101 Firefox/63.0"
89.70.118.54 - - [06/Dec/2018:11:08:09 +0100] "GET /wp-content/themes/voyage-parent/css/prettyPhoto.css?ver=3.1.3 HTTP/1.1" 200 2749 "http://www.luxurytravel.pl/holiday/lux-resorts-maldives/" "Mozilla/5.0 (Windows NT 10.0; Win64; x64; rv:63.0) Gecko/20100101 Firefox/63.0"
89.70.118.54 - - [06/Dec/2018:11:08:09 +0100] "GET /wp-content/uploads/2014/05/LSAA_73171929_Pool_4101x2731-75x75.jpg HTTP/1.1" 200 2817 "http://www.luxurytravel.pl/holiday/lux-resorts-maldives/" "Mozilla/5.0 (Windows NT 10.0; Win64; x64; rv:63.0) Gecko/20100101 Firefox/63.0"
89.70.118.54 - - [06/Dec/2018:11:08:09 +0100] "GET /wp-content/uploads/2014/05/LSAA_78240336_Beach_Villa-Pool_5757x3838-75x75.jpg HTTP/1.1" 200 2452 "http://www.luxurytravel.pl/holiday/lux-resorts-maldives/" "Mozilla/5.0 (Windows NT 10.0; Win64; x64; rv:63.0) Gecko/20100101 Firefox/63.0"
89.70.118.54 - - [06/Dec/2018:11:08:09 +0100] "GET /wp-content/uploads/2014/05/LSAA_78240674_Arrival_Jetty_5760x3840-75x75.jpg HTTP/1.1" 200 2455 "http://www.luxurytravel.pl/holiday/lux-resorts-maldives/" "Mozilla/5.0 (Windows NT 10.0; Win64; x64; rv:63.0) Gecko/20100101 Firefox/63.0"
89.70.118.54 - - [06/Dec/2018:11:08:09 +0100] "GET /wp-content/uploads/2014/05/LSAA_78240449_Aerial_3884x2160-75x75.jpg HTTP/1.1" 200 2405 "http://www.luxurytravel.pl/holiday/lux-resorts-maldives/" "Mozilla/5.0 (Windows NT 10.0; Win64; x64; rv:63.0) Gecko/20100101 Firefox/63.0"
89.70.118.54 - - [06/Dec/2018:11:08:09 +0100] "GET /wp-content/uploads/2014/05/LSAA_Temptation-Pool-Water-Villa-3-75x75.jpg HTTP/1.1" 200 2316 "http://www.luxurytravel.pl/holiday/lux-resorts-maldives/" "Mozilla/5.0 (Windows NT 10.0; Win64; x64; rv:63.0) Gecko/20100101 Firefox/63.0"
89.70.118.54 - - [06/Dec/2018:11:08:09 +0100] "GET /wp-content/uploads/2014/05/Romantic_Pool_Water_Villa_TFallon_2400x1600_300dpi-75x75.jpg HTTP/1.1" 200 2644 "http://www.luxurytravel.pl/holiday/lux-resorts-maldives/" "Mozilla/5.0 (Windows NT 10.0; Win64; x64; rv:63.0) Gecko/20100101 Firefox/63.0"
89.70.118.54 - - [06/Dec/2018:11:08:09 +0100] "GET /wp-content/uploads/2014/05/LSAA_Temptation-Pool-Water-Villa-6-75x75.jpg HTTP/1.1" 200 2230 "http://www.luxurytravel.pl/holiday/lux-resorts-maldives/" "Mozilla/5.0 (Windows NT 10.0; Win64; x64; rv:63.0) Gecko/20100101 Firefox/63.0"
89.70.118.54 - - [06/Dec/2018:11:08:09 +0100] "GET /wp-content/uploads/2014/05/LSAA_Romantic-Pool-Water_Villa_5667x3377-75x75.jpg HTTP/1.1" 200 2174 "http://www.luxurytravel.pl/holiday/lux-resorts-maldives/" "Mozilla/5.0 (Windows NT 10.0; Win64; x64; rv:63.0) Gecko/20100101 Firefox/63.0"
89.70.118.54 - - [06/Dec/2018:11:08:09 +0100] "GET /wp-content/uploads/2014/05/LSAA_Temptation-Pool-Water-Villa-2-75x75.jpg HTTP/1.1" 200 2265 "http://www.luxurytravel.pl/holiday/lux-resorts-maldives/" "Mozilla/5.0 (Windows NT 10.0; Win64; x64; rv:63.0) Gecko/20100101 Firefox/63.0"
89.70.118.54 - - [06/Dec/2018:11:08:09 +0100] "GET /wp-content/uploads/2014/05/LSAA_Temptation-Pool-Water-Villa-7-75x75.jpg HTTP/1.1" 200 2015 "http://www.luxurytravel.pl/holiday/lux-resorts-maldives/" "Mozilla/5.0 (Windows NT 10.0; Win64; x64; rv:63.0) Gecko/20100101 Firefox/63.0"
89.70.118.54 - - [06/Dec/2018:11:08:09 +0100] "GET /wp-content/uploads/2014/05/LSAA_78403846_Beach_Villa_5760x3840-75x75.jpg HTTP/1.1" 200 2917 "http://www.luxurytravel.pl/holiday/lux-resorts-maldives/" "Mozilla/5.0 (Windows NT 10.0; Win64; x64; rv:63.0) Gecko/20100101 Firefox/63.0"
89.70.118.54 - - [06/Dec/2018:11:08:09 +0100] "GET /wp-content/uploads/2014/05/LSAA_Temptation-Pool-Water-Villa-4-75x75.jpg HTTP/1.1" 200 2405 "http://www.luxurytravel.pl/holiday/lux-resorts-maldives/" "Mozilla/5.0 (Windows NT 10.0; Win64; x64; rv:63.0) Gecko/20100101 Firefox/63.0"
89.70.118.54 - - [06/Dec/2018:11:08:09 +0100] "GET /wp-content/uploads/2014/05/LSAA_78403854_Beach_Pavillion_5760x3840-75x75.jpg HTTP/1.1" 200 3181 "http://www.luxurytravel.pl/holiday/lux-resorts-maldives/" "Mozilla/5.0 (Windows NT 10.0; Win64; x64; rv:63.0) Gecko/20100101 Firefox/63.0"
89.70.118.54 - - [06/Dec/2018:11:08:09 +0100] "GET /wp-content/uploads/2014/05/LSAA_73440124_Villa_5760x3840-75x75.jpg HTTP/1.1" 200 2067 "http://www.luxurytravel.pl/holiday/lux-resorts-maldives/" "Mozilla/5.0 (Windows NT 10.0; Win64; x64; rv:63.0) Gecko/20100101 Firefox/63.0"
89.70.118.54 - - [06/Dec/2018:11:08:09 +0100] "GET /wp-content/uploads/2014/05/LSAA_78240404_Lagoon_Bar_5590x3726-75x75.jpg HTTP/1.1" 200 2900 "http://www.luxurytravel.pl/holiday/lux-resorts-maldives/" "Mozilla/5.0 (Windows NT 10.0; Win64; x64; rv:63.0) Gecko/20100101 Firefox/63.0"
89.70.118.54 - - [06/Dec/2018:11:08:09 +0100] "GET /wp-content/uploads/2014/05/LSAA_78240491_VeliPool_5713x3809-75x75.jpg HTTP/1.1" 200 2624 "http://www.luxurytravel.pl/holiday/lux-resorts-maldives/" "Mozilla/5.0 (Windows NT 10.0; Win64; x64; rv:63.0) Gecko/20100101 Firefox/63.0"
89.70.118.54 - - [06/Dec/2018:11:08:09 +0100] "GET /wp-content/uploads/2014/05/LSAA_78405404_Beach_Pavillion_5760x3840-75x75.jpg HTTP/1.1" 200 1849 "http://www.luxurytravel.pl/holiday/lux-resorts-maldives/" "Mozilla/5.0 (Windows NT 10.0; Win64; x64; rv:63.0) Gecko/20100101 Firefox/63.0"
89.70.118.54 - - [06/Dec/2018:11:08:09 +0100] "GET /wp-content/uploads/2014/05/LSAA_78403686_Mixe_5760x3840-75x75.jpg HTTP/1.1" 200 3156 "http://www.luxurytravel.pl/holiday/lux-resorts-maldives/" "Mozilla/5.0 (Windows NT 10.0; Win64; x64; rv:63.0) Gecko/20100101 Firefox/63.0"
89.70.118.54 - - [06/Dec/2018:11:08:09 +0100] "GET /wp-content/uploads/2014/05/LSAA_73817021_Beach_Pool_Villa_Bathroom_Night__5000x3336-75x75.jpg HTTP/1.1" 200 2332 "http://www.luxurytravel.pl/holiday/lux-resorts-maldives/" "Mozilla/5.0 (Windows NT 10.0; Win64; x64; rv:63.0) Gecko/20100101 Firefox/63.0"
89.70.118.54 - - [06/Dec/2018:11:08:09 +0100] "GET /wp-content/uploads/2014/05/LSAA_78240344_Beach_Pavillion_5760x3840-75x75.jpg HTTP/1.1" 200 2323 "http://www.luxurytravel.pl/holiday/lux-resorts-maldives/" "Mozilla/5.0 (Windows NT 10.0; Win64; x64; rv:63.0) Gecko/20100101 Firefox/63.0"
89.70.118.54 - - [06/Dec/2018:11:08:09 +0100] "GET /wp-content/uploads/2014/05/LSAA_78240198_Pool_LUX_5543x3695-75x75.jpg HTTP/1.1" 200 2669 "http://www.luxurytravel.pl/holiday/lux-resorts-maldives/" "Mozilla/5.0 (Windows NT 10.0; Win64; x64; rv:63.0) Gecko/20100101 Firefox/63.0"
89.70.118.54 - - [06/Dec/2018:11:08:09 +0100] "GET /wp-content/uploads/2014/05/Romantic_Pool_Water_Villa-112_F2-75x75.jpg HTTP/1.1" 200 1970 "http://www.luxurytravel.pl/holiday/lux-resorts-maldives/" "Mozilla/5.0 (Windows NT 10.0; Win64; x64; rv:63.0) Gecko/20100101 Firefox/63.0"
89.70.118.54 - - [06/Dec/2018:11:08:09 +0100] "GET /wp-content/uploads/2014/05/LSAA_Romantic-Pool-Water_Villa_5601x3734-75x75.jpg HTTP/1.1" 200 1922 "http://www.luxurytravel.pl/holiday/lux-resorts-maldives/" "Mozilla/5.0 (Windows NT 10.0; Win64; x64; rv:63.0) Gecko/20100101 Firefox/63.0"
89.70.118.54 - - [06/Dec/2018:11:08:09 +0100] "GET /wp-content/uploads/2014/05/LSAA_73170803_Spa_3874x2905-75x75.jpg HTTP/1.1" 200 2570 "http://www.luxurytravel.pl/holiday/lux-resorts-maldives/" "Mozilla/5.0 (Windows NT 10.0; Win64; x64; rv:63.0) Gecko/20100101 Firefox/63.0"
89.70.118.54 - - [06/Dec/2018:11:08:09 +0100] "GET /wp-content/uploads/2014/05/LSAA_78240611_Jet_Surf_5647x3764-75x75.jpg HTTP/1.1" 200 2880 "http://www.luxurytravel.pl/holiday/lux-resorts-maldives/" "Mozilla/5.0 (Windows NT 10.0; Win64; x64; rv:63.0) Gecko/20100101 Firefox/63.0"
89.70.118.54 - - [06/Dec/2018:11:08:09 +0100] "GET /wp-content/uploads/2014/05/LSAA_73231850_Nest_2400x1600-75x75.jpg HTTP/1.1" 200 2540 "http://www.luxurytravel.pl/holiday/lux-resorts-maldives/" "Mozilla/5.0 (Windows NT 10.0; Win64; x64; rv:63.0) Gecko/20100101 Firefox/63.0"
89.70.118.54 - - [06/Dec/2018:11:08:09 +0100] "GET /wp-content/uploads/2014/05/LSAA_73814754_Allegria_Dining_Area_4000x2222-75x75.jpg HTTP/1.1" 200 3104 "http://www.luxurytravel.pl/holiday/lux-resorts-maldives/" "Mozilla/5.0 (Windows NT 10.0; Win64; x64; rv:63.0) Gecko/20100101 Firefox/63.0"
89.70.118.54 - - [06/Dec/2018:11:08:09 +0100] "GET /wp-content/uploads/2014/05/LSAA_78240620_Island_Outdoors_5760x3840-75x75.jpg HTTP/1.1" 200 1742 "http://www.luxurytravel.pl/holiday/lux-resorts-maldives/" "Mozilla/5.0 (Windows NT 10.0; Win64; x64; rv:63.0) Gecko/20100101 Firefox/63.0"
89.70.118.54 - - [06/Dec/2018:11:08:09 +0100] "GET /wp-content/uploads/2014/05/LSAA_78240638_BoardWalk_5358x3572-75x75.jpg HTTP/1.1" 200 2320 "http://www.luxurytravel.pl/holiday/lux-resorts-maldives/" "Mozilla/5.0 (Windows NT 10.0; Win64; x64; rv:63.0) Gecko/20100101 Firefox/63.0"
89.70.118.54 - - [06/Dec/2018:11:08:09 +0100] "GET /wp-content/uploads/2014/05/LSAA_78240554_Beach_8676x6501-75x75.jpg HTTP/1.1" 200 2354 "http://www.luxurytravel.pl/holiday/lux-resorts-maldives/" "Mozilla/5.0 (Windows NT 10.0; Win64; x64; rv:63.0) Gecko/20100101 Firefox/63.0"
89.70.118.54 - - [06/Dec/2018:11:08:09 +0100] "GET /wp-content/uploads/2014/05/LSAA__Beach_Villa_Pool.jpg HTTP/1.1" 404 16275 "http://www.luxurytravel.pl/holiday/lux-resorts-maldives/" "Mozilla/5.0 (Windows NT 10.0; Win64; x64; rv:63.0) Gecko/20100101 Firefox/63.0"
89.70.118.54 - - [06/Dec/2018:11:08:10 +0100] "GET /wp-content/uploads/2014/05/LSAA_78240563_Nest_5573x3716-1-75x75.jpg HTTP/1.1" 200 2631 "http://www.luxurytravel.pl/holiday/lux-resorts-maldives/" "Mozilla/5.0 (Windows NT 10.0; Win64; x64; rv:63.0) Gecko/20100101 Firefox/63.0"
89.70.118.54 - - [06/Dec/2018:11:08:10 +0100] "GET /wp-content/uploads/2014/05/LSAA_73283283_Restaurant_2000x1333-75x75.jpg HTTP/1.1" 200 3567 "http://www.luxurytravel.pl/holiday/lux-resorts-maldives/" "Mozilla/5.0 (Windows NT 10.0; Win64; x64; rv:63.0) Gecko/20100101 Firefox/63.0"
89.70.118.54 - - [06/Dec/2018:11:08:10 +0100] "GET /wp-content/uploads/2014/05/LSAA_78240602_CafeLUX_6738x4977-75x75.jpg HTTP/1.1" 200 2348 "http://www.luxurytravel.pl/holiday/lux-resorts-maldives/" "Mozilla/5.0 (Windows NT 10.0; Win64; x64; rv:63.0) Gecko/20100101 Firefox/63.0"
89.70.118.54 - - [06/Dec/2018:11:08:10 +0100] "GET /wp-content/uploads/2014/05/LSAA_78240593_Lobby_8914x6680-75x75.jpg HTTP/1.1" 200 2427 "http://www.luxurytravel.pl/holiday/lux-resorts-maldives/" "Mozilla/5.0 (Windows NT 10.0; Win64; x64; rv:63.0) Gecko/20100101 Firefox/63.0"
89.70.118.54 - - [06/Dec/2018:11:08:10 +0100] "GET /wp-content/uploads/2014/05/LSAA_78403950_Beach_Rouge_5750x3840-75x75.jpg HTTP/1.1" 200 2240 "http://www.luxurytravel.pl/holiday/lux-resorts-maldives/" "Mozilla/5.0 (Windows NT 10.0; Win64; x64; rv:63.0) Gecko/20100101 Firefox/63.0"
89.70.118.54 - - [06/Dec/2018:11:08:09 +0100] "GET /wp-content/uploads/2014/05/LSAA_Temptation-Pool-Water-Villa-1-75x75.jpg HTTP/1.1" 200 2873 "http://www.luxurytravel.pl/holiday/lux-resorts-maldives/" "Mozilla/5.0 (Windows NT 10.0; Win64; x64; rv:63.0) Gecko/20100101 Firefox/63.0"
89.70.118.54 - - [06/Dec/2018:11:08:10 +0100] "GET /wp-content/uploads/2014/05/LSAA_73231735_East_Market_2400x1600-75x75.jpg HTTP/1.1" 200 3111 "http://www.luxurytravel.pl/holiday/lux-resorts-maldives/" "Mozilla/5.0 (Windows NT 10.0; Win64; x64; rv:63.0) Gecko/20100101 Firefox/63.0"
207.46.13.42 - - [06/Dec/2018:11:08:09 +0100] "GET /wp-content/uploads/2017/06/Waldorf-Astoria-Ras-Al-Khaimah-6.jpg HTTP/1.1" 200 336787 "-" "Mozilla/5.0 (compatible; bingbot/2.0; +http://www.bing.com/bingbot.htm)"
89.70.118.54 - - [06/Dec/2018:11:08:11 +0100] "GET /wp-content/uploads/2014/05/LSAA_78240683_Allegria_5760x3840-75x75.jpg HTTP/1.1" 200 2996 "http://www.luxurytravel.pl/holiday/lux-resorts-maldives/" "Mozilla/5.0 (Windows NT 10.0; Win64; x64; rv:63.0) Gecko/20100101 Firefox/63.0"
89.70.118.54 - - [06/Dec/2018:11:08:11 +0100] "GET /wp-content/uploads/2014/05/LSAA_78403670_PLAY_5602x3735-75x75.jpg HTTP/1.1" 200 3166 "http://www.luxurytravel.pl/holiday/lux-resorts-maldives/" "Mozilla/5.0 (Windows NT 10.0; Win64; x64; rv:63.0) Gecko/20100101 Firefox/63.0"
89.70.118.54 - - [06/Dec/2018:11:08:11 +0100] "GET /wp-content/uploads/2014/05/LSAA_78403942_PLAY_5760x3840-75x75.jpg HTTP/1.1" 200 3158 "http://www.luxurytravel.pl/holiday/lux-resorts-maldives/" "Mozilla/5.0 (Windows NT 10.0; Win64; x64; rv:63.0) Gecko/20100101 Firefox/63.0"
89.70.118.54 - - [06/Dec/2018:11:08:11 +0100] "GET /wp-content/uploads/2014/05/LSAA_78240545_Pathway_5760x3840-75x75.jpg HTTP/1.1" 200 2975 "http://www.luxurytravel.pl/holiday/lux-resorts-maldives/" "Mozilla/5.0 (Windows NT 10.0; Win64; x64; rv:63.0) Gecko/20100101 Firefox/63.0"
89.70.118.54 - - [06/Dec/2018:11:08:11 +0100] "GET /wp-content/uploads/2014/05/LSAA_73814796_Island_Kitchen_Buffet_Area_5000x3333-75x75.jpg HTTP/1.1" 200 3016 "http://www.luxurytravel.pl/holiday/lux-resorts-maldives/" "Mozilla/5.0 (Windows NT 10.0; Win64; x64; rv:63.0) Gecko/20100101 Firefox/63.0"
89.70.118.54 - - [06/Dec/2018:11:08:11 +0100] "GET /wp-content/uploads/2014/05/senses_restaurant-75x75.jpg HTTP/1.1" 200 2955 "http://www.luxurytravel.pl/holiday/lux-resorts-maldives/" "Mozilla/5.0 (Windows NT 10.0; Win64; x64; rv:63.0) Gecko/20100101 Firefox/63.0"
89.70.118.54 - - [06/Dec/2018:11:08:11 +0100] "GET /wp-content/uploads/2014/05/LSAA_78240656_BoardWalk_5760x3840-75x75.jpg HTTP/1.1" 200 2069 "http://www.luxurytravel.pl/holiday/lux-resorts-maldives/" "Mozilla/5.0 (Windows NT 10.0; Win64; x64; rv:63.0) Gecko/20100101 Firefox/63.0"
89.70.118.54 - - [06/Dec/2018:11:08:11 +0100] "GET /wp-content/uploads/2014/05/LSAA_78240440_Beach_Rouge_5554x3703-75x75.jpg HTTP/1.1" 200 2482 "http://www.luxurytravel.pl/holiday/lux-resorts-maldives/" "Mozilla/5.0 (Windows NT 10.0; Win64; x64; rv:63.0) Gecko/20100101 Firefox/63.0"
89.70.118.54 - - [06/Dec/2018:11:08:11 +0100] "GET /wp-content/uploads/2014/05/LSAA_78240665_Beach_Rouge_8984x6732-75x75.jpg HTTP/1.1" 200 2622 "http://www.luxurytravel.pl/holiday/lux-resorts-maldives/" "Mozilla/5.0 (Windows NT 10.0; Win64; x64; rv:63.0) Gecko/20100101 Firefox/63.0"
89.70.118.54 - - [06/Dec/2018:11:08:11 +0100] "GET /wp-content/uploads/2014/05/LSAA_Temptation-Pool-Water-Villa-5-75x75.jpg HTTP/1.1" 200 2670 "http://www.luxurytravel.pl/holiday/lux-resorts-maldives/" "Mozilla/5.0 (Windows NT 10.0; Win64; x64; rv:63.0) Gecko/20100101 Firefox/63.0"
89.70.118.54 - - [06/Dec/2018:11:08:11 +0100] "GET /wp-content/uploads/2014/05/LSAA_73171929_Pool_4101x2731-1015x571.jpg HTTP/1.1" 200 103706 "http://www.luxurytravel.pl/holiday/lux-resorts-maldives/" "Mozilla/5.0 (Windows NT 10.0; Win64; x64; rv:63.0) Gecko/20100101 Firefox/63.0"
89.70.118.54 - - [06/Dec/2018:11:08:11 +0100] "GET /wp-content/uploads/2014/05/LSAA_78240336_Beach_Villa-Pool_5757x3838-1015x571.jpg HTTP/1.1" 200 133618 "http://www.luxurytravel.pl/holiday/lux-resorts-maldives/" "Mozilla/5.0 (Windows NT 10.0; Win64; x64; rv:63.0) Gecko/20100101 Firefox/63.0"
89.70.118.54 - - [06/Dec/2018:11:08:12 +0100] "GET /favicon.ico HTTP/1.1" 200 20 "-" "Mozilla/5.0 (Windows NT 10.0; Win64; x64; rv:63.0) Gecko/20100101 Firefox/63.0"
89.70.118.54 - - [06/Dec/2018:11:08:12 +0100] "GET /wp-content/uploads/2014/05/LSAA_78240674_Arrival_Jetty_5760x3840-1015x571.jpg HTTP/1.1" 200 113382 "http://www.luxurytravel.pl/holiday/lux-resorts-maldives/" "Mozilla/5.0 (Windows NT 10.0; Win64; x64; rv:63.0) Gecko/20100101 Firefox/63.0"
37.235.48.200 - - [06/Dec/2018:11:08:12 +0100] "GET /wp-content/uploads/2018/08/Velaa-glowne-1015x571.jpg HTTP/1.1" 200 124313 "http://www.luxurytravel.pl/holiday/velaa-private-island-atol-noonu/" "Mozilla/5.0 (Windows NT 6.1) AppleWebKit/537.36 (KHTML, like Gecko) Chrome/27.0.1453.95 Safari/537.36 MRCHROME"
89.70.118.54 - - [06/Dec/2018:11:08:13 +0100] "GET /wp-content/uploads/2014/05/LSAA_78240449_Aerial_3884x2160-1015x571.jpg HTTP/1.1" 200 106204 "http://www.luxurytravel.pl/holiday/lux-resorts-maldives/" "Mozilla/5.0 (Windows NT 10.0; Win64; x64; rv:63.0) Gecko/20100101 Firefox/63.0"
37.235.48.200 - - [06/Dec/2018:11:08:15 +0100] "GET /wp-content/uploads/2018/08/Velaa-2-1015x571.jpg HTTP/1.1" 200 96688 "http://www.luxurytravel.pl/holiday/velaa-private-island-atol-noonu/" "Mozilla/5.0 (Windows NT 6.1) AppleWebKit/537.36 (KHTML, like Gecko) Chrome/27.0.1453.95 Safari/537.36 MRCHROME"
37.235.48.200 - - [06/Dec/2018:11:08:17 +0100] "GET /wp-content/uploads/2018/08/VELAA-..-1015x571.jpg HTTP/1.1" 200 127615 "http://www.luxurytravel.pl/holiday/velaa-private-island-atol-noonu/" "Mozilla/5.0 (Windows NT 6.1) AppleWebKit/537.36 (KHTML, like Gecko) Chrome/27.0.1453.95 Safari/537.36 MRCHROME"
37.235.48.200 - - [06/Dec/2018:11:08:19 +0100] "GET /wp-content/uploads/2018/08/Beach-Pool-Villa-Outdoor-Gazebo-1015x571.jpg HTTP/1.1" 200 132449 "http://www.luxurytravel.pl/holiday/velaa-private-island-atol-noonu/" "Mozilla/5.0 (Windows NT 6.1) AppleWebKit/537.36 (KHTML, like Gecko) Chrome/27.0.1453.95 Safari/537.36 MRCHROME"
207.46.13.42 - - [06/Dec/2018:11:08:41 +0100] "GET /wp-content/uploads/2016/03/Villa-Hortensia-3-1015x571.jpg HTTP/1.1" 200 283121 "-" "Mozilla/5.0 (compatible; bingbot/2.0; +http://www.bing.com/bingbot.htm)"
89.200.150.35 - - [06/Dec/2018:11:08:41 +0100] "GET / HTTP/1.1" 200 16969 "http://www.google.com/url?sa=t&rct=j&q=ekskluzywne%20wyjazdy&source=web&cd=4&sqi=2&ved=0CFYQFjAE&url=http%3A%2F%2Fwww.luxurytravel.pl&ei=J-UIXLa2MMSPrge8y4DwAQ&usg=AFQjCNF-Wngt-fe_6NRzhGAee7wHjCC8uw&bvm=bv.84349003,d.bGQ" "Mozilla/5.0 (Windows NT 6.1; WOW64) AppleWebKit/537.36 (KHTML, like Gecko) Chrome/69.0.3497.100 Safari/537.36"
89.200.150.35 - - [06/Dec/2018:11:08:44 +0100] "GET /wp-content/uploads/2018/04/Dining-View-2-Mystique-Santorini_f_improf_800x534-1-720x481.jpg HTTP/1.1" 200 66225 "http://www.luxurytravel.pl/" "Mozilla/5.0 (Windows NT 6.1; WOW64) AppleWebKit/537.36 (KHTML, like Gecko) Chrome/69.0.3497.100 Safari/537.36"
89.200.150.35 - - [06/Dec/2018:11:08:44 +0100] "GET /wp-content/uploads/2018/04/141388304.jpg HTTP/1.1" 200 254250 "http://www.luxurytravel.pl/" "Mozilla/5.0 (Windows NT 6.1; WOW64) AppleWebKit/537.36 (KHTML, like Gecko) Chrome/69.0.3497.100 Safari/537.36"
89.200.150.35 - - [06/Dec/2018:11:08:44 +0100] "GET /wp-content/uploads/2018/07/The-Love-Shack-honeymoon-suite-private-deck.jpg HTTP/1.1" 200 139282 "http://www.luxurytravel.pl/" "Mozilla/5.0 (Windows NT 6.1; WOW64) AppleWebKit/537.36 (KHTML, like Gecko) Chrome/69.0.3497.100 Safari/537.36"
89.200.150.35 - - [06/Dec/2018:11:08:44 +0100] "GET /wp-content/uploads/2014/07/1.jpg HTTP/1.1" 200 139531 "http://www.luxurytravel.pl/" "Mozilla/5.0 (Windows NT 6.1; WOW64) AppleWebKit/537.36 (KHTML, like Gecko) Chrome/69.0.3497.100 Safari/537.36"
89.200.150.35 - - [06/Dec/2018:11:08:44 +0100] "GET /wp-content/uploads/2015/02/Artykul_Azja_Niezno%C5%9Bne_ma%C5%82pki-700x466.jpg HTTP/1.1" 200 86161 "http://www.luxurytravel.pl/" "Mozilla/5.0 (Windows NT 6.1; WOW64) AppleWebKit/537.36 (KHTML, like Gecko) Chrome/69.0.3497.100 Safari/537.36"
89.200.150.35 - - [06/Dec/2018:11:08:44 +0100] "GET /wp-content/uploads/2015/02/Raport-Specjalny-Azja-9.jpg HTTP/1.1" 200 673871 "http://www.luxurytravel.pl/" "Mozilla/5.0 (Windows NT 6.1; WOW64) AppleWebKit/537.36 (KHTML, like Gecko) Chrome/69.0.3497.100 Safari/537.36"
40.77.167.23 - - [06/Dec/2018:11:08:45 +0100] "GET /wp-content/uploads/2017/01/Macdonald-Monchique-Resort-Spa-14-1015x571.jpg HTTP/1.1" 200 143688 "-" "Mozilla/5.0 (compatible; bingbot/2.0; +http://www.bing.com/bingbot.htm)"
31.223.139.227 - - [06/Dec/2018:11:08:51 +0100] "POST /xmlrpc.php HTTP/1.1" 200 417 "-" "Mozilla/5.0 (X11; Linux i686; rv:2.0.1) Gecko/20100101 Firefox/4.0.1"
54.36.149.41 - - [06/Dec/2018:11:09:01 +0100] "GET /wp-content/uploads/2014/03/03Martinhal-1015x571.jpg HTTP/1.1" 200 101026 "-" "Mozilla/5.0 (compatible; AhrefsBot/5.2; +http://ahrefs.com/robot/)"
160.120.229.247 - - [06/Dec/2018:11:09:06 +0100] "POST /xmlrpc.php HTTP/1.1" 200 417 "-" "Mozilla/5.0 (X11; Linux i686; rv:2.0.1) Gecko/20100101 Firefox/4.0.1"
89.200.150.35 - - [06/Dec/2018:11:09:05 +0100] "GET /holiday/kasbah-tamadot-asni/ HTTP/1.1" 200 17679 "http://www.luxurytravel.pl/" "Mozilla/5.0 (Windows NT 6.1; WOW64) AppleWebKit/537.36 (KHTML, like Gecko) Chrome/69.0.3497.100 Safari/537.36"
89.200.150.35 - - [06/Dec/2018:11:09:10 +0100] "GET /wp-content/uploads/2018/07/Kasbah-Tamadot-Overview-75x75.jpg HTTP/1.1" 200 2660 "http://www.luxurytravel.pl/holiday/kasbah-tamadot-asni/" "Mozilla/5.0 (Windows NT 6.1; WOW64) AppleWebKit/537.36 (KHTML, like Gecko) Chrome/69.0.3497.100 Safari/537.36"
89.200.150.35 - - [06/Dec/2018:11:09:11 +0100] "GET /wp-content/uploads/2018/07/Kasbah-Tamadot-exterior-day-75x75.jpg HTTP/1.1" 200 3027 "http://www.luxurytravel.pl/holiday/kasbah-tamadot-asni/" "Mozilla/5.0 (Windows NT 6.1; WOW64) AppleWebKit/537.36 (KHTML, like Gecko) Chrome/69.0.3497.100 Safari/537.36"
89.200.150.35 - - [06/Dec/2018:11:09:11 +0100] "GET /wp-content/uploads/2018/07/Kasbah-Tamadot-Roof-Terrace-private-dining-1-75x75.jpg HTTP/1.1" 200 2435 "http://www.luxurytravel.pl/holiday/kasbah-tamadot-asni/" "Mozilla/5.0 (Windows NT 6.1; WOW64) AppleWebKit/537.36 (KHTML, like Gecko) Chrome/69.0.3497.100 Safari/537.36"
89.200.150.35 - - [06/Dec/2018:11:09:11 +0100] "GET /wp-content/uploads/2018/07/23-superior-room-75x75.jpg HTTP/1.1" 200 3062 "http://www.luxurytravel.pl/holiday/kasbah-tamadot-asni/" "Mozilla/5.0 (Windows NT 6.1; WOW64) AppleWebKit/537.36 (KHTML, like Gecko) Chrome/69.0.3497.100 Safari/537.36"
89.200.150.35 - - [06/Dec/2018:11:09:11 +0100] "GET /wp-content/uploads/2018/07/52-berber-tent-deck-75x75.jpg HTTP/1.1" 200 2214 "http://www.luxurytravel.pl/holiday/kasbah-tamadot-asni/" "Mozilla/5.0 (Windows NT 6.1; WOW64) AppleWebKit/537.36 (KHTML, like Gecko) Chrome/69.0.3497.100 Safari/537.36"
89.200.150.35 - - [06/Dec/2018:11:09:11 +0100] "GET /wp-content/uploads/2018/07/Kasbah-Tamadot-Little-Guest-slide-4-1-75x75.jpg HTTP/1.1" 200 3283 "http://www.luxurytravel.pl/holiday/kasbah-tamadot-asni/" "Mozilla/5.0 (Windows NT 6.1; WOW64) AppleWebKit/537.36 (KHTML, like Gecko) Chrome/69.0.3497.100 Safari/537.36"
89.200.150.35 - - [06/Dec/2018:11:09:11 +0100] "GET /wp-content/uploads/2018/07/outdoor-infinity-pool-75x75.jpg HTTP/1.1" 200 3003 "http://www.luxurytravel.pl/holiday/kasbah-tamadot-asni/" "Mozilla/5.0 (Windows NT 6.1; WOW64) AppleWebKit/537.36 (KHTML, like Gecko) Chrome/69.0.3497.100 Safari/537.36"
89.200.150.35 - - [06/Dec/2018:11:09:11 +0100] "GET /wp-content/uploads/2018/07/dinner-on-roof-terrace-75x75.jpg HTTP/1.1" 200 2273 "http://www.luxurytravel.pl/holiday/kasbah-tamadot-asni/" "Mozilla/5.0 (Windows NT 6.1; WOW64) AppleWebKit/537.36 (KHTML, like Gecko) Chrome/69.0.3497.100 Safari/537.36"
89.200.150.35 - - [06/Dec/2018:11:09:11 +0100] "GET /wp-content/uploads/2018/07/kasbah-kwadrat-do-srodka-75x75.jpg HTTP/1.1" 200 3252 "http://www.luxurytravel.pl/holiday/kasbah-tamadot-asni/" "Mozilla/5.0 (Windows NT 6.1; WOW64) AppleWebKit/537.36 (KHTML, like Gecko) Chrome/69.0.3497.100 Safari/537.36"
89.200.150.35 - - [06/Dec/2018:11:09:11 +0100] "GET /wp-content/uploads/2018/07/kasbah-kwadratowe-75x75.jpg HTTP/1.1" 200 3206 "http://www.luxurytravel.pl/holiday/kasbah-tamadot-asni/" "Mozilla/5.0 (Windows NT 6.1; WOW64) AppleWebKit/537.36 (KHTML, like Gecko) Chrome/69.0.3497.100 Safari/537.36"
207.46.13.42 - - [06/Dec/2018:11:09:11 +0100] "GET /wp-content/uploads/2017/01/Grand-Hotel-MaMa-6.jpg HTTP/1.1" 200 400464 "-" "Mozilla/5.0 (compatible; bingbot/2.0; +http://www.bing.com/bingbot.htm)"
157.55.39.80 - - [06/Dec/2018:11:09:15 +0100] "GET /wp-content/uploads/2015/08/Chalet-del-Sogno-Wlochy-6-1015x571.jpg HTTP/1.1" 200 88155 "-" "Mozilla/5.0 (compatible; bingbot/2.0; +http://www.bing.com/bingbot.htm)"
89.200.150.35 - - [06/Dec/2018:11:09:17 +0100] "GET /wp-content/themes/nexilab/images/diamond2.png HTTP/1.1" 200 918 "http://www.luxurytravel.pl/wp-content/themes/nexilab/style.css" "Mozilla/5.0 (Windows NT 6.1; WOW64) AppleWebKit/537.36 (KHTML, like Gecko) Chrome/69.0.3497.100 Safari/537.36"
89.200.150.35 - - [06/Dec/2018:11:09:18 +0100] "GET /wp-content/uploads/2018/07/Kasbah-Tamadot-Overview-1015x571.jpg HTTP/1.1" 200 143176 "http://www.luxurytravel.pl/holiday/kasbah-tamadot-asni/" "Mozilla/5.0 (Windows NT 6.1; WOW64) AppleWebKit/537.36 (KHTML, like Gecko) Chrome/69.0.3497.100 Safari/537.36"
89.200.150.35 - - [06/Dec/2018:11:09:25 +0100] "GET /wp-content/uploads/2018/07/Kasbah-Tamadot-exterior-day-1015x571.jpg HTTP/1.1" 200 161320 "http://www.luxurytravel.pl/holiday/kasbah-tamadot-asni/" "Mozilla/5.0 (Windows NT 6.1; WOW64) AppleWebKit/537.36 (KHTML, like Gecko) Chrome/69.0.3497.100 Safari/537.36"
89.200.150.35 - - [06/Dec/2018:11:09:25 +0100] "GET /holiday_locations/egipt-wyprawy-po-egipcie/ HTTP/1.1" 200 16524 "http://www.luxurytravel.pl/holiday/kasbah-tamadot-asni/" "Mozilla/5.0 (Windows NT 6.1; WOW64) AppleWebKit/537.36 (KHTML, like Gecko) Chrome/69.0.3497.100 Safari/537.36"
89.200.150.35 - - [06/Dec/2018:11:09:27 +0100] "GET /wp-content/uploads/2014/07/01196-235x165.jpg HTTP/1.1" 200 11923 "http://www.luxurytravel.pl/holiday_locations/egipt-wyprawy-po-egipcie/" "Mozilla/5.0 (Windows NT 6.1; WOW64) AppleWebKit/537.36 (KHTML, like Gecko) Chrome/69.0.3497.100 Safari/537.36"
89.200.150.35 - - [06/Dec/2018:11:09:27 +0100] "GET /wp-content/uploads/2014/05/0153-235x165.jpg HTTP/1.1" 200 13389 "http://www.luxurytravel.pl/holiday_locations/egipt-wyprawy-po-egipcie/" "Mozilla/5.0 (Windows NT 6.1; WOW64) AppleWebKit/537.36 (KHTML, like Gecko) Chrome/69.0.3497.100 Safari/537.36"
66.249.69.166 - - [06/Dec/2018:11:09:25 +0100] "GET /holiday/indie-po-krolewsku-delhi-goa-18-dni/ HTTP/1.1" 200 20082 "-" "Mozilla/5.0 (compatible; Googlebot/2.1; +http://www.google.com/bot.html)"
185.156.38.114 - - [06/Dec/2018:11:09:39 +0100] "POST /xmlrpc.php HTTP/1.1" 200 417 "-" "Mozilla/5.0 (X11; Linux i686; rv:2.0.1) Gecko/20100101 Firefox/4.0.1"
207.46.13.3 - - [06/Dec/2018:11:09:50 +0100] "GET /wp-content/uploads/2013/11/01-Indie-1015x571.jpg HTTP/1.1" 200 118524 "-" "Mozilla/5.0 (compatible; bingbot/2.0; +http://www.bing.com/bingbot.htm)"
89.70.118.54 - - [06/Dec/2018:11:09:52 +0100] "GET /newsletter/blank.gif HTTP/1.1" 200 1093 "-" "-"
89.70.118.54 - - [06/Dec/2018:11:09:52 +0100] "GET /newsletter/logo-luxurytravel.png HTTP/1.1" 200 7724 "-" "-"
89.70.118.54 - - [06/Dec/2018:11:09:52 +0100] "GET /newsletter/2018-13/img/img-01.jpg HTTP/1.1" 200 180835 "-" "-"
89.70.118.54 - - [06/Dec/2018:11:09:53 +0100] "GET /newsletter/bg-main.png HTTP/1.1" 200 1506 "-" "-"
89.70.118.54 - - [06/Dec/2018:11:09:53 +0100] "GET /newsletter/2018-13/img/img-02.jpg HTTP/1.1" 200 153177 "-" "-"
89.70.118.54 - - [06/Dec/2018:11:09:53 +0100] "GET /newsletter/2018-13/img/main.jpg HTTP/1.1" 200 222912 "-" "-"
31.223.139.227 - - [06/Dec/2018:11:09:53 +0100] "POST /xmlrpc.php HTTP/1.1" 200 417 "-" "Mozilla/5.0 (X11; Linux i686; rv:2.0.1) Gecko/20100101 Firefox/4.0.1"
207.46.13.42 - - [06/Dec/2018:11:09:54 +0100] "GET /wp-content/uploads/2014/07/09251-1015x571.jpg HTTP/1.1" 200 152399 "-" "Mozilla/5.0 (compatible; bingbot/2.0; +http://www.bing.com/bingbot.htm)"
89.70.118.54 - - [06/Dec/2018:11:09:56 +0100] "GET /newsletter/2018-13/img/img-03.jpg HTTP/1.1" 200 116960 "-" "-"
89.70.118.54 - - [06/Dec/2018:11:09:56 +0100] "GET /newsletter/2018-13/img/img-05.jpg HTTP/1.1" 200 49820 "-" "-"
89.70.118.54 - - [06/Dec/2018:11:09:56 +0100] "GET /newsletter/2018-13/img/img-04.jpg HTTP/1.1" 200 263728 "-" "-"
89.70.118.54 - - [06/Dec/2018:11:09:56 +0100] "GET /newsletter/2018-13/img/img-06.jpg HTTP/1.1" 200 100377 "-" "-"
89.70.118.54 - - [06/Dec/2018:11:09:56 +0100] "GET /newsletter/2018-13/img/img-07.jpg HTTP/1.1" 200 117020 "-" "-"
89.70.118.54 - - [06/Dec/2018:11:09:57 +0100] "GET /newsletter/2018-13/img/img-08.jpg HTTP/1.1" 200 87741 "-" "-"
89.70.118.54 - - [06/Dec/2018:11:09:57 +0100] "GET /newsletter/2018-13/img/img-09.jpg HTTP/1.1" 200 83833 "-" "-"
89.70.118.54 - - [06/Dec/2018:11:09:57 +0100] "GET /newsletter/2018-13/img/img-10.jpg HTTP/1.1" 200 108064 "-" "-"
89.70.118.54 - - [06/Dec/2018:11:09:57 +0100] "GET /newsletter/2018-13/img/img-11.jpg HTTP/1.1" 200 73664 "-" "-"
89.70.118.54 - - [06/Dec/2018:11:09:57 +0100] "GET /newsletter/2018-13/img/img-12.jpg HTTP/1.1" 200 73282 "-" "-"
216.244.66.248 - - [06/Dec/2018:11:09:59 +0100] "GET /robots.txt HTTP/1.1" 200 67 "-" "Mozilla/5.0 (compatible; DotBot/1.1; http://www.opensiteexplorer.org/dotbot, help@moz.com)"
157.55.39.80 - - [06/Dec/2018:11:10:14 +0100] "GET /wp-content/uploads/2014/07/08741-1015x571.jpg HTTP/1.1" 200 212567 "-" "Mozilla/5.0 (compatible; bingbot/2.0; +http://www.bing.com/bingbot.htm)"
207.46.13.42 - - [06/Dec/2018:11:10:18 +0100] "GET /wp-content/uploads/2014/07/Balmond-La-Residence-dAnkor-Kambodza-6-1015x571.jpg HTTP/1.1" 200 171519 "-" "Mozilla/5.0 (compatible; bingbot/2.0; +http://www.bing.com/bingbot.htm)"
207.46.13.42 - - [06/Dec/2018:11:10:19 +0100] "GET /wp-content/uploads/2015/08/Le-K2-Courchevel-14-Kopiowanie-1015x571.jpg HTTP/1.1" 200 174032 "-" "Mozilla/5.0 (compatible; bingbot/2.0; +http://www.bing.com/bingbot.htm)"
188.146.108.172 - - [06/Dec/2018:11:10:27 +0100] "GET /wp-content/uploads/2014/03/01-Mnemba-Island-Lodge2-1015x571.jpg HTTP/1.1" 200 100987 "https://www.google.pl/" "Mozilla/5.0 (iPhone; CPU iPhone OS 12_0_1 like Mac OS X) AppleWebKit/605.1.15 (KHTML, like Gecko) Version/12.0 Mobile/15E148 Safari/604.1"
