207.46.13.42 - - [06/Dec/2018:10:59:49 +0100] "GET /wp-content/uploads/2014/10/04-St-Moritz.jpg HTTP/1.1" 200 102154 "-" "Mozilla/5.0 (compatible; bingbot/2.0; +http://www.bing.com/bingbot.htm)"
37.131.165.19 - - [06/Dec/2018:10:59:49 +0100] "GET /wp-content/uploads/2018/11/Somatheeram-Ayurveda-Resort-Kerala-Indie.jpg HTTP/1.1" 200 477946 "http://www.luxurytravel.pl/" "Mozilla/5.0 (Windows NT 6.3; Win64; x64; rv:61.0) Gecko/20100101 Firefox/61.0"
157.55.39.80 - - [06/Dec/2018:10:59:53 +0100] "GET /wp-content/uploads/2014/03/0422-1015x571.jpg HTTP/1.1" 200 186261 "-" "Mozilla/5.0 (compatible; bingbot/2.0; +http://www.bing.com/bingbot.htm)"
160.120.229.247 - - [06/Dec/2018:10:59:54 +0100] "POST /xmlrpc.php HTTP/1.1" 200 417 "-" "Mozilla/5.0 (X11; Linux i686; rv:2.0.1) Gecko/20100101 Firefox/4.0.1"
37.131.165.19 - - [06/Dec/2018:10:59:58 +0100] "GET /wp-content/uploads/2018/09/Skifahrer_5_Das-Central_byRudiWyhlidal.jpg HTTP/1.1" 200 235569 "http://www.luxurytravel.pl/" "Mozilla/5.0 (Windows NT 6.3; Win64; x64; rv:61.0) Gecko/20100101 Firefox/61.0"
207.46.13.3 - - [06/Dec/2018:10:59:59 +0100] "GET /wp-content/uploads/2016/02/Savoy-Resort-15-1015x571.jpg HTTP/1.1" 200 177414 "-" "Mozilla/5.0 (compatible; bingbot/2.0; +http://www.bing.com/bingbot.htm)"
37.131.165.19 - - [06/Dec/2018:11:00:03 +0100] "GET /wp-content/uploads/2018/09/Velaa-2.jpg HTTP/1.1" 200 240332 "http://www.luxurytravel.pl/" "Mozilla/5.0 (Windows NT 6.3; Win64; x64; rv:61.0) Gecko/20100101 Firefox/61.0"
37.235.48.137 - - [06/Dec/2018:11:00:04 +0100] "GET / HTTP/1.1" 200 16952 "http://www.luxurytravel.pl/" "Mozilla/5.0 (Windows NT 6.2) AppleWebKit/537.36 (KHTML, like Gecko) Chrome/70.0.3538.110 Safari/537.36"
40.77.167.23 - - [06/Dec/2018:11:00:12 +0100] "GET /wp-content/uploads/2015/08/Kempinski-Hotel-Bahia-1-1-1015x571.jpg HTTP/1.1" 200 149550 "-" "Mozilla/5.0 (compatible; bingbot/2.0; +http://www.bing.com/bingbot.htm)"
37.131.165.19 - - [06/Dec/2018:11:00:14 +0100] "GET /holiday_category/kierunki/ HTTP/1.1" 200 19528 "http://www.luxurytravel.pl/" "Mozilla/5.0 (Windows NT 6.3; Win64; x64; rv:61.0) Gecko/20100101 Firefox/61.0"
37.131.165.19 - - [06/Dec/2018:11:00:15 +0100] "GET /wp-content/uploads/2018/11/0-Main-Building-1-235x165.jpg HTTP/1.1" 200 7987 "http://www.luxurytravel.pl/holiday_category/kierunki/" "Mozilla/5.0 (Windows NT 6.3; Win64; x64; rv:61.0) Gecko/20100101 Firefox/61.0"
37.131.165.19 - - [06/Dec/2018:11:00:15 +0100] "GET /wp-content/uploads/2018/08/Velaa-glowne-235x165.jpg HTTP/1.1" 200 10759 "http://www.luxurytravel.pl/holiday_category/kierunki/" "Mozilla/5.0 (Windows NT 6.3; Win64; x64; rv:61.0) Gecko/20100101 Firefox/61.0"
37.131.165.19 - - [06/Dec/2018:11:00:15 +0100] "GET /wp-content/uploads/2018/07/The-Love-Shack-honeymoon-suite-private-deck-235x165.jpg HTTP/1.1" 200 10200 "http://www.luxurytravel.pl/holiday_category/kierunki/" "Mozilla/5.0 (Windows NT 6.3; Win64; x64; rv:61.0) Gecko/20100101 Firefox/61.0"
37.131.165.19 - - [06/Dec/2018:11:00:15 +0100] "GET /wp-content/uploads/2018/07/Time-Tide-Miavana-2017-46-235x165.jpg HTTP/1.1" 200 5089 "http://www.luxurytravel.pl/holiday_category/kierunki/" "Mozilla/5.0 (Windows NT 6.3; Win64; x64; rv:61.0) Gecko/20100101 Firefox/61.0"
37.131.165.19 - - [06/Dec/2018:11:00:15 +0100] "GET /wp-content/uploads/2017/08/Falkensteiner-Diadora-Chorwacja-21-235x165.jpg HTTP/1.1" 200 15279 "http://www.luxurytravel.pl/holiday_category/kierunki/" "Mozilla/5.0 (Windows NT 6.3; Win64; x64; rv:61.0) Gecko/20100101 Firefox/61.0"
37.131.165.19 - - [06/Dec/2018:11:00:15 +0100] "GET /wp-content/uploads/2017/08/Falkensteiner-IaderaChorwacja-28-235x165.jpg HTTP/1.1" 200 10302 "http://www.luxurytravel.pl/holiday_category/kierunki/" "Mozilla/5.0 (Windows NT 6.3; Win64; x64; rv:61.0) Gecko/20100101 Firefox/61.0"
37.131.165.19 - - [06/Dec/2018:11:00:15 +0100] "GET /wp-content/uploads/2016/03/Hotel-Bellevue-25-235x165.jpg HTTP/1.1" 200 12313 "http://www.luxurytravel.pl/holiday_category/kierunki/" "Mozilla/5.0 (Windows NT 6.3; Win64; x64; rv:61.0) Gecko/20100101 Firefox/61.0"
37.131.165.19 - - [06/Dec/2018:11:00:15 +0100] "GET /wp-content/uploads/2018/03/Villa-Principe-Leopoldo-Lugano-Szwajcaria-12-235x165.jpg HTTP/1.1" 200 10451 "http://www.luxurytravel.pl/holiday_category/kierunki/" "Mozilla/5.0 (Windows NT 6.3; Win64; x64; rv:61.0) Gecko/20100101 Firefox/61.0"
37.131.165.19 - - [06/Dec/2018:11:00:15 +0100] "GET /wp-content/uploads/2016/03/Villa-Hortensia-2-235x165.jpg HTTP/1.1" 200 15226 "http://www.luxurytravel.pl/holiday_category/kierunki/" "Mozilla/5.0 (Windows NT 6.3; Win64; x64; rv:61.0) Gecko/20100101 Firefox/61.0"
37.131.165.19 - - [06/Dec/2018:11:00:15 +0100] "GET /wp-content/uploads/2015/07/Boutique-hotel-Alhambra-235x165.jpg HTTP/1.1" 200 18648 "http://www.luxurytravel.pl/holiday_category/kierunki/" "Mozilla/5.0 (Windows NT 6.3; Win64; x64; rv:61.0) Gecko/20100101 Firefox/61.0"
37.131.165.19 - - [06/Dec/2018:11:00:15 +0100] "GET /wp-content/uploads/2017/08/Aman-Sveti-Stefan-Czarnogora-1-235x165.jpg HTTP/1.1" 200 5406 "http://www.luxurytravel.pl/holiday_category/kierunki/" "Mozilla/5.0 (Windows NT 6.3; Win64; x64; rv:61.0) Gecko/20100101 Firefox/61.0"
37.131.165.19 - - [06/Dec/2018:11:00:15 +0100] "GET /wp-content/uploads/2014/09/0116-235x165.jpg HTTP/1.1" 200 15409 "http://www.luxurytravel.pl/holiday_category/kierunki/" "Mozilla/5.0 (Windows NT 6.3; Win64; x64; rv:61.0) Gecko/20100101 Firefox/61.0"
37.131.165.19 - - [06/Dec/2018:11:00:15 +0100] "GET /wp-content/themes/nexilab/images/mark.png HTTP/1.1" 200 1112 "http://www.luxurytravel.pl/wp-content/themes/nexilab/style.css" "Mozilla/5.0 (Windows NT 6.3; Win64; x64; rv:61.0) Gecko/20100101 Firefox/61.0"
37.131.165.19 - - [06/Dec/2018:11:00:15 +0100] "GET /wp-content/themes/nexilab/images/diamond.png HTTP/1.1" 200 1140 "http://www.luxurytravel.pl/wp-content/themes/nexilab/style.css" "Mozilla/5.0 (Windows NT 6.3; Win64; x64; rv:61.0) Gecko/20100101 Firefox/61.0"
37.131.165.19 - - [06/Dec/2018:11:00:15 +0100] "GET /wp-content/themes/nexilab/images/compas.png HTTP/1.1" 200 1019 "http://www.luxurytravel.pl/wp-content/themes/nexilab/style.css" "Mozilla/5.0 (Windows NT 6.3; Win64; x64; rv:61.0) Gecko/20100101 Firefox/61.0"
37.131.165.19 - - [06/Dec/2018:11:00:16 +0100] "GET /wp-content/plugins/contact-form-7/images/ajax-loader.gif HTTP/1.1" 200 847 "http://www.luxurytravel.pl/wp-content/plugins/contact-form-7/includes/css/styles.css?ver=5.0.5" "Mozilla/5.0 (Windows NT 6.3; Win64; x64; rv:61.0) Gecko/20100101 Firefox/61.0"
207.46.13.42 - - [06/Dec/2018:11:00:16 +0100] "GET /wp-content/uploads/2014/09/Hotel-La-Sivoliere-Courchevel-Francja-18.jpg HTTP/1.1" 404 13904 "-" "Mozilla/5.0 (compatible; bingbot/2.0; +http://www.bing.com/bingbot.htm)"
37.131.165.19 - - [06/Dec/2018:11:00:17 +0100] "GET /holiday_category/kierunki/page/2/ HTTP/1.1" 200 19529 "http://www.luxurytravel.pl/holiday_category/kierunki/" "Mozilla/5.0 (Windows NT 6.3; Win64; x64; rv:61.0) Gecko/20100101 Firefox/61.0"
54.36.149.79 - - [06/Dec/2018:11:00:20 +0100] "GET /wp-content/uploads/2014/03/08-Colonna-Pevero-720x480.jpg HTTP/1.1" 200 97274 "-" "Mozilla/5.0 (compatible; AhrefsBot/5.2; +http://ahrefs.com/robot/)"
37.235.48.137 - - [06/Dec/2018:11:00:20 +0100] "GET /category/relacje/ HTTP/1.1" 200 17576 "http://www.luxurytravel.pl/" "Mozilla/5.0 (Windows NT 6.2) AppleWebKit/537.36 (KHTML, like Gecko) Chrome/70.0.3538.110 Safari/537.36"
37.235.48.137 - - [06/Dec/2018:11:00:22 +0100] "GET /wp-content/themes/voyage-parent/js/infobox.js?ver=1.1.5 HTTP/1.1" 200 5849 "http://www.luxurytravel.pl/category/relacje/" "Mozilla/5.0 (Windows NT 6.2) AppleWebKit/537.36 (KHTML, like Gecko) Chrome/70.0.3538.110 Safari/537.36"
105.226.184.14 - - [06/Dec/2018:11:00:03 +0100] "GET /wp-content/uploads/2014/09/23-Kempinski-Das-Tirol.jpg HTTP/1.1" 200 1220544 "https://www.bing.com/" "Mozilla/5.0 (Windows NT 10.0; Win64; x64) AppleWebKit/537.36 (KHTML, like Gecko) Chrome/70.0.3538.110 Safari/537.36"
37.235.48.137 - - [06/Dec/2018:11:00:23 +0100] "GET /wp-content/uploads/2015/02/Raport-Specjalny-Azja-9.jpg HTTP/1.1" 200 673871 "http://www.luxurytravel.pl/category/relacje/" "Mozilla/5.0 (Windows NT 6.2) AppleWebKit/537.36 (KHTML, like Gecko) Chrome/70.0.3538.110 Safari/537.36"
37.235.48.137 - - [06/Dec/2018:11:00:24 +0100] "GET /wp-content/uploads/2014/09/01-Argentyna-i-Brazylia.jpg HTTP/1.1" 200 532117 "http://www.luxurytravel.pl/category/relacje/" "Mozilla/5.0 (Windows NT 6.2) AppleWebKit/537.36 (KHTML, like Gecko) Chrome/70.0.3538.110 Safari/537.36"
37.131.165.19 - - [06/Dec/2018:11:00:25 +0100] "GET /holiday/velaa-private-island-atol-noonu/ HTTP/1.1" 200 17658 "http://www.luxurytravel.pl/holiday_category/kierunki/" "Mozilla/5.0 (Windows NT 6.3; Win64; x64; rv:61.0) Gecko/20100101 Firefox/61.0"
37.235.48.137 - - [06/Dec/2018:11:00:25 +0100] "GET /category/relacje/page/2/ HTTP/1.1" 200 16852 "http://www.luxurytravel.pl/category/relacje/" "Mozilla/5.0 (Windows NT 6.2) AppleWebKit/537.36 (KHTML, like Gecko) Chrome/70.0.3538.110 Safari/537.36"
37.131.165.19 - - [06/Dec/2018:11:00:26 +0100] "GET /wp-content/uploads/2018/08/Velaa-glowne-75x75.jpg HTTP/1.1" 200 2605 "http://www.luxurytravel.pl/holiday/velaa-private-island-atol-noonu/" "Mozilla/5.0 (Windows NT 6.3; Win64; x64; rv:61.0) Gecko/20100101 Firefox/61.0"
37.131.165.19 - - [06/Dec/2018:11:00:26 +0100] "GET /wp-content/uploads/2018/08/VELAA-..-75x75.jpg HTTP/1.1" 200 2485 "http://www.luxurytravel.pl/holiday/velaa-private-island-atol-noonu/" "Mozilla/5.0 (Windows NT 6.3; Win64; x64; rv:61.0) Gecko/20100101 Firefox/61.0"
37.131.165.19 - - [06/Dec/2018:11:00:26 +0100] "GET /wp-content/uploads/2018/08/Velaa-2-75x75.jpg HTTP/1.1" 200 2398 "http://www.luxurytravel.pl/holiday/velaa-private-island-atol-noonu/" "Mozilla/5.0 (Windows NT 6.3; Win64; x64; rv:61.0) Gecko/20100101 Firefox/61.0"
37.131.165.19 - - [06/Dec/2018:11:00:26 +0100] "GET /wp-content/uploads/2018/08/Beach-Pool-Villa-Outdoor-Gazebo-75x75.jpg HTTP/1.1" 200 2830 "http://www.luxurytravel.pl/holiday/velaa-private-island-atol-noonu/" "Mozilla/5.0 (Windows NT 6.3; Win64; x64; rv:61.0) Gecko/20100101 Firefox/61.0"
37.131.165.19 - - [06/Dec/2018:11:00:26 +0100] "GET /wp-content/uploads/2018/08/VELA1-75x75.jpg HTTP/1.1" 200 3197 "http://www.luxurytravel.pl/holiday/velaa-private-island-atol-noonu/" "Mozilla/5.0 (Windows NT 6.3; Win64; x64; rv:61.0) Gecko/20100101 Firefox/61.0"
37.131.165.19 - - [06/Dec/2018:11:00:26 +0100] "GET /wp-content/uploads/2018/08/VELAAP-75x75.jpg HTTP/1.1" 200 3323 "http://www.luxurytravel.pl/holiday/velaa-private-island-atol-noonu/" "Mozilla/5.0 (Windows NT 6.3; Win64; x64; rv:61.0) Gecko/20100101 Firefox/61.0"
37.131.165.19 - - [06/Dec/2018:11:00:26 +0100] "GET /wp-content/uploads/2018/08/VELAA...-75x75.jpg HTTP/1.1" 200 2675 "http://www.luxurytravel.pl/holiday/velaa-private-island-atol-noonu/" "Mozilla/5.0 (Windows NT 6.3; Win64; x64; rv:61.0) Gecko/20100101 Firefox/61.0"
37.131.165.19 - - [06/Dec/2018:11:00:26 +0100] "GET /wp-content/uploads/2018/08/Golf-67-75x75.jpg HTTP/1.1" 200 2192 "http://www.luxurytravel.pl/holiday/velaa-private-island-atol-noonu/" "Mozilla/5.0 (Windows NT 6.3; Win64; x64; rv:61.0) Gecko/20100101 Firefox/61.0"
37.131.165.19 - - [06/Dec/2018:11:00:26 +0100] "GET /wp-content/uploads/2018/08/Ocean-Pool-House-Exterior-1-75x75.jpg HTTP/1.1" 200 2347 "http://www.luxurytravel.pl/holiday/velaa-private-island-atol-noonu/" "Mozilla/5.0 (Windows NT 6.3; Win64; x64; rv:61.0) Gecko/20100101 Firefox/61.0"
37.131.165.19 - - [06/Dec/2018:11:00:26 +0100] "GET /wp-content/uploads/2018/08/VELAA.......-75x75.jpg HTTP/1.1" 200 2652 "http://www.luxurytravel.pl/holiday/velaa-private-island-atol-noonu/" "Mozilla/5.0 (Windows NT 6.3; Win64; x64; rv:61.0) Gecko/20100101 Firefox/61.0"
37.131.165.19 - - [06/Dec/2018:11:00:26 +0100] "GET /wp-content/uploads/2018/08/DSC_4900-HD-75x75.jpeg HTTP/1.1" 200 2356 "http://www.luxurytravel.pl/holiday/velaa-private-island-atol-noonu/" "Mozilla/5.0 (Windows NT 6.3; Win64; x64; rv:61.0) Gecko/20100101 Firefox/61.0"
37.131.165.19 - - [06/Dec/2018:11:00:27 +0100] "GET /wp-content/themes/voyage-parent/images/loading.gif HTTP/1.1" 200 2365 "http://www.luxurytravel.pl/wp-content/themes/voyage-parent/style.css" "Mozilla/5.0 (Windows NT 6.3; Win64; x64; rv:61.0) Gecko/20100101 Firefox/61.0"
37.131.165.19 - - [06/Dec/2018:11:00:27 +0100] "GET /wp-content/themes/nexilab/skin/marker.png HTTP/1.1" 200 164 "http://www.luxurytravel.pl/wp-content/themes/nexilab/style.css" "Mozilla/5.0 (Windows NT 6.3; Win64; x64; rv:61.0) Gecko/20100101 Firefox/61.0"
37.131.165.19 - - [06/Dec/2018:11:00:27 +0100] "GET /wp-content/themes/nexilab/images/marker2.png HTTP/1.1" 200 118 "http://www.luxurytravel.pl/wp-content/themes/nexilab/style.css" "Mozilla/5.0 (Windows NT 6.3; Win64; x64; rv:61.0) Gecko/20100101 Firefox/61.0"
37.131.165.19 - - [06/Dec/2018:11:00:28 +0100] "GET /wp-content/uploads/2018/08/Velaa-glowne-1015x571.jpg HTTP/1.1" 200 124313 "http://www.luxurytravel.pl/holiday/velaa-private-island-atol-noonu/" "Mozilla/5.0 (Windows NT 6.3; Win64; x64; rv:61.0) Gecko/20100101 Firefox/61.0"
37.131.165.19 - - [06/Dec/2018:11:00:29 +0100] "GET /wp-content/themes/nexilab/css/tango/next-horizontal.png HTTP/1.1" 200 616 "http://www.luxurytravel.pl/wp-content/themes/nexilab/css/tango/skin.css?ver=4.9.8" "Mozilla/5.0 (Windows NT 6.3; Win64; x64; rv:61.0) Gecko/20100101 Firefox/61.0"
37.131.165.19 - - [06/Dec/2018:11:00:29 +0100] "GET /wp-content/themes/nexilab/css/tango/prev-horizontal.png HTTP/1.1" 200 596 "http://www.luxurytravel.pl/wp-content/themes/nexilab/css/tango/skin.css?ver=4.9.8" "Mozilla/5.0 (Windows NT 6.3; Win64; x64; rv:61.0) Gecko/20100101 Firefox/61.0"
176.221.114.190 - - [06/Dec/2018:11:00:28 +0100] "GET / HTTP/1.1" 200 17036 "http://www.google.com/url?sa=t&rct=j&q=wyjazdy%20szyte%20na%20miare&source=web&cd=7&sqi=2&ved=0CFYQFjAH&url=http%3A%2F%2Fwww.luxurytravel.pl&ei=OvMIXM-qB8SPrge8y4DwAQ&usg=AFQjCNF-Wngt-fe_6NRzhGAee7wHjCC8uw&bvm=bv.84349003,d.bGQ" "Mozilla/5.0 (Windows NT 6.1; WOW64) AppleWebKit/537.36 (KHTML, like Gecko) Chrome/70.0.3538.110 Safari/537.36"
37.131.165.19 - - [06/Dec/2018:11:00:29 +0100] "GET /wp-content/uploads/2018/08/Velaa-2-1015x571.jpg HTTP/1.1" 200 96688 "http://www.luxurytravel.pl/holiday/velaa-private-island-atol-noonu/" "Mozilla/5.0 (Windows NT 6.3; Win64; x64; rv:61.0) Gecko/20100101 Firefox/61.0"
118.26.7.39 - - [06/Dec/2018:11:00:25 +0100] "GET /wp-content/uploads/2015/02/Conrad-Koh-Samui-Tajlandia-7.jpg HTTP/1.1" 200 424444 "http://cn.bing.com/images/search?view=detailV2&ccid=WcKgoGu4&id=9323E517FF3CC633B0ED9FAB7E6097EC9493A4FC&thid=OIP.WcKgoGu4bebs7CWoDVmKxwHaE8&mediaurl=http%3a%2f%2faff.bstatic.com%2fimages%2fhotel%2fmax1280x900%2f153%2f15338500.jpg&exph=854&expw=1280&q=conrad+samui&simid=608001972664796945&selectedIndex=126&mode=overlay" "Mozilla/5.0 (Macintosh; Intel Mac OS X 10_12_6) AppleWebKit/605.1.15 (KHTML, like Gecko) Version/11.1 Safari/605.1.15"
176.221.114.190 - - [06/Dec/2018:11:00:30 +0100] "GET /wp-content/themes/nexilab/style.css HTTP/1.1" 200 7424 "http://www.luxurytravel.pl/" "Mozilla/5.0 (Windows NT 6.1; WOW64) AppleWebKit/537.36 (KHTML, like Gecko) Chrome/70.0.3538.110 Safari/537.36"
176.221.114.190 - - [06/Dec/2018:11:00:30 +0100] "GET /wp-content/plugins/contact-form-7-datepicker/js/jquery-ui-timepicker/jquery-ui-timepicker-addon.min.css?ver=4.9.8 HTTP/1.1" 200 333 "http://www.luxurytravel.pl/" "Mozilla/5.0 (Windows NT 6.1; WOW64) AppleWebKit/537.36 (KHTML, like Gecko) Chrome/70.0.3538.110 Safari/537.36"
176.221.114.190 - - [06/Dec/2018:11:00:30 +0100] "GET /wp-content/plugins/contact-form-7/includes/css/styles.css?ver=5.0.5 HTTP/1.1" 200 671 "http://www.luxurytravel.pl/" "Mozilla/5.0 (Windows NT 6.1; WOW64) AppleWebKit/537.36 (KHTML, like Gecko) Chrome/70.0.3538.110 Safari/537.36"
176.221.114.190 - - [06/Dec/2018:11:00:30 +0100] "GET /wp-content/themes/nexilab/screen.css HTTP/1.1" 200 8051 "http://www.luxurytravel.pl/" "Mozilla/5.0 (Windows NT 6.1; WOW64) AppleWebKit/537.36 (KHTML, like Gecko) Chrome/70.0.3538.110 Safari/537.36"
176.221.114.190 - - [06/Dec/2018:11:00:30 +0100] "GET /wp-content/plugins/cookie-law-info/public/css/cookie-law-info-gdpr.css?ver=1.7.1 HTTP/1.1" 200 2496 "http://www.luxurytravel.pl/" "Mozilla/5.0 (Windows NT 6.1; WOW64) AppleWebKit/537.36 (KHTML, like Gecko) Chrome/70.0.3538.110 Safari/537.36"
176.221.114.190 - - [06/Dec/2018:11:00:30 +0100] "GET /wp-content/plugins/cookie-law-info/public/css/cookie-law-info-public.css?ver=1.7.1 HTTP/1.1" 200 772 "http://www.luxurytravel.pl/" "Mozilla/5.0 (Windows NT 6.1; WOW64) AppleWebKit/537.36 (KHTML, like Gecko) Chrome/70.0.3538.110 Safari/537.36"
176.221.114.190 - - [06/Dec/2018:11:00:30 +0100] "GET /wp-content/plugins/testimonials-carousel//css/jquery.bxslider.css?ver=4.9.8 HTTP/1.1" 200 1727 "http://www.luxurytravel.pl/" "Mozilla/5.0 (Windows NT 6.1; WOW64) AppleWebKit/537.36 (KHTML, like Gecko) Chrome/70.0.3538.110 Safari/537.36"
176.221.114.190 - - [06/Dec/2018:11:00:30 +0100] "GET /wp-content/plugins/revslider/public/assets/css/settings.css?ver=5.0.8.5 HTTP/1.1" 200 7314 "http://www.luxurytravel.pl/" "Mozilla/5.0 (Windows NT 6.1; WOW64) AppleWebKit/537.36 (KHTML, like Gecko) Chrome/70.0.3538.110 Safari/537.36"
176.221.114.190 - - [06/Dec/2018:11:00:30 +0100] "GET /wp-content/plugins/wp-pagenavi/pagenavi-css.css?ver=2.70 HTTP/1.1" 200 239 "http://www.luxurytravel.pl/" "Mozilla/5.0 (Windows NT 6.1; WOW64) AppleWebKit/537.36 (KHTML, like Gecko) Chrome/70.0.3538.110 Safari/537.36"
176.221.114.190 - - [06/Dec/2018:11:00:30 +0100] "GET /wp-content/themes/nexilab/css/tango/skin.css?ver=4.9.8 HTTP/1.1" 200 714 "http://www.luxurytravel.pl/" "Mozilla/5.0 (Windows NT 6.1; WOW64) AppleWebKit/537.36 (KHTML, like Gecko) Chrome/70.0.3538.110 Safari/537.36"
37.131.165.19 - - [06/Dec/2018:11:00:30 +0100] "GET /wp-content/uploads/2018/08/VELAA-..-1015x571.jpg HTTP/1.1" 200 127615 "http://www.luxurytravel.pl/holiday/velaa-private-island-atol-noonu/" "Mozilla/5.0 (Windows NT 6.3; Win64; x64; rv:61.0) Gecko/20100101 Firefox/61.0"
176.221.114.190 - - [06/Dec/2018:11:00:30 +0100] "GET /wp-content/themes/voyage-parent/custom.css?ver=4.9.8 HTTP/1.1" 200 194 "http://www.luxurytravel.pl/" "Mozilla/5.0 (Windows NT 6.1; WOW64) AppleWebKit/537.36 (KHTML, like Gecko) Chrome/70.0.3538.110 Safari/537.36"
176.221.114.190 - - [06/Dec/2018:11:00:30 +0100] "GET /wp-content/themes/voyage-parent/css/jslider.css?ver=4.9.8 HTTP/1.1" 200 737 "http://www.luxurytravel.pl/" "Mozilla/5.0 (Windows NT 6.1; WOW64) AppleWebKit/537.36 (KHTML, like Gecko) Chrome/70.0.3538.110 Safari/537.36"
176.221.114.190 - - [06/Dec/2018:11:00:30 +0100] "GET /wp-content/themes/voyage-parent/css/customInput.css?ver=4.9.8 HTTP/1.1" 200 419 "http://www.luxurytravel.pl/" "Mozilla/5.0 (Windows NT 6.1; WOW64) AppleWebKit/537.36 (KHTML, like Gecko) Chrome/70.0.3538.110 Safari/537.36"
176.221.114.190 - - [06/Dec/2018:11:00:30 +0100] "GET /wp-content/themes/voyage-parent/css/custom-theme/jquery-ui-1.8.20.custom.css?ver=4.9.8 HTTP/1.1" 200 4592 "http://www.luxurytravel.pl/" "Mozilla/5.0 (Windows NT 6.1; WOW64) AppleWebKit/537.36 (KHTML, like Gecko) Chrome/70.0.3538.110 Safari/537.36"
176.221.114.190 - - [06/Dec/2018:11:00:30 +0100] "GET /wp-content/themes/voyage-parent/css/cusel.css?ver=4.9.8 HTTP/1.1" 200 1149 "http://www.luxurytravel.pl/" "Mozilla/5.0 (Windows NT 6.1; WOW64) AppleWebKit/537.36 (KHTML, like Gecko) Chrome/70.0.3538.110 Safari/537.36"
176.221.114.190 - - [06/Dec/2018:11:00:30 +0100] "GET /wp-content/themes/voyage-parent/css/prettyPhoto.css?ver=3.1.3 HTTP/1.1" 200 2749 "http://www.luxurytravel.pl/" "Mozilla/5.0 (Windows NT 6.1; WOW64) AppleWebKit/537.36 (KHTML, like Gecko) Chrome/70.0.3538.110 Safari/537.36"
176.221.114.190 - - [06/Dec/2018:11:00:30 +0100] "GET /wp-content/themes/voyage-parent/css/shCore.css?ver=2.1.382 HTTP/1.1" 200 1918 "http://www.luxurytravel.pl/" "Mozilla/5.0 (Windows NT 6.1; WOW64) AppleWebKit/537.36 (KHTML, like Gecko) Chrome/70.0.3538.110 Safari/537.36"
176.221.114.190 - - [06/Dec/2018:11:00:30 +0100] "GET /wp-content/themes/voyage-parent/css/shThemeDefault.css?ver=2.1.382 HTTP/1.1" 200 1209 "http://www.luxurytravel.pl/" "Mozilla/5.0 (Windows NT 6.1; WOW64) AppleWebKit/537.36 (KHTML, like Gecko) Chrome/70.0.3538.110 Safari/537.36"
176.221.114.190 - - [06/Dec/2018:11:00:30 +0100] "GET /wp-includes/js/jquery/jquery.js?ver=1.12.4 HTTP/1.1" 200 33766 "http://www.luxurytravel.pl/" "Mozilla/5.0 (Windows NT 6.1; WOW64) AppleWebKit/537.36 (KHTML, like Gecko) Chrome/70.0.3538.110 Safari/537.36"
176.221.114.190 - - [06/Dec/2018:11:00:30 +0100] "GET /wp-includes/js/jquery/jquery-migrate.min.js?ver=1.4.1 HTTP/1.1" 200 4014 "http://www.luxurytravel.pl/" "Mozilla/5.0 (Windows NT 6.1; WOW64) AppleWebKit/537.36 (KHTML, like Gecko) Chrome/70.0.3538.110 Safari/537.36"
37.131.165.19 - - [06/Dec/2018:11:00:30 +0100] "GET /wp-content/uploads/2018/08/Beach-Pool-Villa-Outdoor-Gazebo-1015x571.jpg HTTP/1.1" 200 132449 "http://www.luxurytravel.pl/holiday/velaa-private-island-atol-noonu/" "Mozilla/5.0 (Windows NT 6.3; Win64; x64; rv:61.0) Gecko/20100101 Firefox/61.0"
176.221.114.190 - - [06/Dec/2018:11:00:31 +0100] "GET /wp-content/plugins/revslider/public/assets/js/jquery.themepunch.revolution.min.js?ver=5.0.8.5 HTTP/1.1" 200 13243 "http://www.luxurytravel.pl/" "Mozilla/5.0 (Windows NT 6.1; WOW64) AppleWebKit/537.36 (KHTML, like Gecko) Chrome/70.0.3538.110 Safari/537.36"
176.221.114.190 - - [06/Dec/2018:11:00:31 +0100] "GET /wp-content/plugins/testimonials-carousel//js/jquery.bxslider.min.js?ver=4.9.8 HTTP/1.1" 200 5162 "http://www.luxurytravel.pl/" "Mozilla/5.0 (Windows NT 6.1; WOW64) AppleWebKit/537.36 (KHTML, like Gecko) Chrome/70.0.3538.110 Safari/537.36"
176.221.114.190 - - [06/Dec/2018:11:00:31 +0100] "GET /wp-content/plugins/testimonials-carousel//js/user.js?ver=4.9.8 HTTP/1.1" 200 395 "http://www.luxurytravel.pl/" "Mozilla/5.0 (Windows NT 6.1; WOW64) AppleWebKit/537.36 (KHTML, like Gecko) Chrome/70.0.3538.110 Safari/537.36"
176.221.114.190 - - [06/Dec/2018:11:00:31 +0100] "GET /wp-content/themes/nexilab/js/jquery.jcarousel.min.js?ver=4.9.8 HTTP/1.1" 200 4571 "http://www.luxurytravel.pl/" "Mozilla/5.0 (Windows NT 6.1; WOW64) AppleWebKit/537.36 (KHTML, like Gecko) Chrome/70.0.3538.110 Safari/537.36"
176.221.114.190 - - [06/Dec/2018:11:00:31 +0100] "GET /wp-content/themes/voyage-parent/js/libs/modernizr-2.5.3.min.js?ver=4.9.8 HTTP/1.1" 200 6551 "http://www.luxurytravel.pl/" "Mozilla/5.0 (Windows NT 6.1; WOW64) AppleWebKit/537.36 (KHTML, like Gecko) Chrome/70.0.3538.110 Safari/537.36"
176.221.114.190 - - [06/Dec/2018:11:00:31 +0100] "GET /wp-content/themes/voyage-parent/js/libs/respond.min.js?ver=4.9.8 HTTP/1.1" 200 2088 "http://www.luxurytravel.pl/" "Mozilla/5.0 (Windows NT 6.1; WOW64) AppleWebKit/537.36 (KHTML, like Gecko) Chrome/70.0.3538.110 Safari/537.36"
176.221.114.190 - - [06/Dec/2018:11:00:31 +0100] "GET /wp-content/themes/voyage-parent/js/jquery.easing.1.3.min.js?ver=1.3 HTTP/1.1" 200 836 "http://www.luxurytravel.pl/" "Mozilla/5.0 (Windows NT 6.1; WOW64) AppleWebKit/537.36 (KHTML, like Gecko) Chrome/70.0.3538.110 Safari/537.36"
176.221.114.190 - - [06/Dec/2018:11:00:31 +0100] "GET /wp-content/themes/voyage-parent/js/general.js?ver=2.0 HTTP/1.1" 200 4889 "http://www.luxurytravel.pl/" "Mozilla/5.0 (Windows NT 6.1; WOW64) AppleWebKit/537.36 (KHTML, like Gecko) Chrome/70.0.3538.110 Safari/537.36"
176.221.114.190 - - [06/Dec/2018:11:00:31 +0100] "GET /wp-content/themes/voyage-parent/js/slides.min.jquery.js?ver=2.0 HTTP/1.1" 200 2339 "http://www.luxurytravel.pl/" "Mozilla/5.0 (Windows NT 6.1; WOW64) AppleWebKit/537.36 (KHTML, like Gecko) Chrome/70.0.3538.110 Safari/537.36"
176.221.114.190 - - [06/Dec/2018:11:00:31 +0100] "GET /wp-content/themes/voyage-parent/js/jquery.slider.bundle.js?ver=2.0 HTTP/1.1" 200 9527 "http://www.luxurytravel.pl/" "Mozilla/5.0 (Windows NT 6.1; WOW64) AppleWebKit/537.36 (KHTML, like Gecko) Chrome/70.0.3538.110 Safari/537.36"
176.221.114.190 - - [06/Dec/2018:11:00:31 +0100] "GET /wp-content/themes/voyage-parent/js/jquery.slider.js?ver=2.0 HTTP/1.1" 200 4790 "http://www.luxurytravel.pl/" "Mozilla/5.0 (Windows NT 6.1; WOW64) AppleWebKit/537.36 (KHTML, like Gecko) Chrome/70.0.3538.110 Safari/537.36"
176.221.114.190 - - [06/Dec/2018:11:00:31 +0100] "GET /wp-content/themes/voyage-parent/js/jquery.customInput.js?ver=2.0 HTTP/1.1" 200 681 "http://www.luxurytravel.pl/" "Mozilla/5.0 (Windows NT 6.1; WOW64) AppleWebKit/537.36 (KHTML, like Gecko) Chrome/70.0.3538.110 Safari/537.36"
176.221.114.190 - - [06/Dec/2018:11:00:31 +0100] "GET /wp-content/themes/voyage-parent/js/jquery.tools.min.js?ver=1.2.5 HTTP/1.1" 200 1891 "http://www.luxurytravel.pl/" "Mozilla/5.0 (Windows NT 6.1; WOW64) AppleWebKit/537.36 (KHTML, like Gecko) Chrome/70.0.3538.110 Safari/537.36"
176.221.114.190 - - [06/Dec/2018:11:00:31 +0100] "GET /wp-content/themes/voyage-parent/js/jquery-ui-1.9.2.custom.min.js?ver=1.9.2 HTTP/1.1" 200 60213 "http://www.luxurytravel.pl/" "Mozilla/5.0 (Windows NT 6.1; WOW64) AppleWebKit/537.36 (KHTML, like Gecko) Chrome/70.0.3538.110 Safari/537.36"
176.221.114.190 - - [06/Dec/2018:11:00:32 +0100] "GET /wp-content/plugins/cookie-law-info/public/js/cookie-law-info-public.js?ver=1.7.1 HTTP/1.1" 200 3859 "http://www.luxurytravel.pl/" "Mozilla/5.0 (Windows NT 6.1; WOW64) AppleWebKit/537.36 (KHTML, like Gecko) Chrome/70.0.3538.110 Safari/537.36"
176.221.114.190 - - [06/Dec/2018:11:00:32 +0100] "GET /wp-content/themes/voyage-parent/js/jScrollPane.min.js?ver=2.0 HTTP/1.1" 200 2362 "http://www.luxurytravel.pl/" "Mozilla/5.0 (Windows NT 6.1; WOW64) AppleWebKit/537.36 (KHTML, like Gecko) Chrome/70.0.3538.110 Safari/537.36"
176.221.114.190 - - [06/Dec/2018:11:00:32 +0100] "GET /wp-content/themes/voyage-parent/js/cusel-min.js?ver=2.0 HTTP/1.1" 200 4767 "http://www.luxurytravel.pl/" "Mozilla/5.0 (Windows NT 6.1; WOW64) AppleWebKit/537.36 (KHTML, like Gecko) Chrome/70.0.3538.110 Safari/537.36"
176.221.114.190 - - [06/Dec/2018:11:00:32 +0100] "GET /wp-content/themes/voyage-parent/js/jquery.mousewheel.js?ver=2.0 HTTP/1.1" 200 962 "http://www.luxurytravel.pl/" "Mozilla/5.0 (Windows NT 6.1; WOW64) AppleWebKit/537.36 (KHTML, like Gecko) Chrome/70.0.3538.110 Safari/537.36"
176.221.114.190 - - [06/Dec/2018:11:00:32 +0100] "GET /wp-content/plugins/revslider/public/assets/js/jquery.themepunch.tools.min.js?ver=5.0.8.5 HTTP/1.1" 200 34910 "http://www.luxurytravel.pl/" "Mozilla/5.0 (Windows NT 6.1; WOW64) AppleWebKit/537.36 (KHTML, like Gecko) Chrome/70.0.3538.110 Safari/537.36"
176.221.114.190 - - [06/Dec/2018:11:00:32 +0100] "GET /wp-content/themes/voyage-parent/js/jquery.galleriffic.min.js?ver=2.0.1 HTTP/1.1" 200 3616 "http://www.luxurytravel.pl/" "Mozilla/5.0 (Windows NT 6.1; WOW64) AppleWebKit/537.36 (KHTML, like Gecko) Chrome/70.0.3538.110 Safari/537.36"
176.221.114.190 - - [06/Dec/2018:11:00:32 +0100] "GET /wp-content/themes/voyage-parent/js/jquery.opacityrollover.js?ver=1.0 HTTP/1.1" 200 478 "http://www.luxurytravel.pl/" "Mozilla/5.0 (Windows NT 6.1; WOW64) AppleWebKit/537.36 (KHTML, like Gecko) Chrome/70.0.3538.110 Safari/537.36"
176.221.114.190 - - [06/Dec/2018:11:00:32 +0100] "GET /wp-content/themes/voyage-parent/framework/extensions/newsletter/static/js/newsletter_clientside.js?ver=4.9.8 HTTP/1.1" 200 557 "http://www.luxurytravel.pl/" "Mozilla/5.0 (Windows NT 6.1; WOW64) AppleWebKit/537.36 (KHTML, like Gecko) Chrome/70.0.3538.110 Safari/537.36"
176.221.114.190 - - [06/Dec/2018:11:00:32 +0100] "GET /wp-content/themes/voyage-parent/cache/min-css-e9b68362a041ee7baf73c0776c1c83db.css?m=0 HTTP/1.1" 200 98 "http://www.luxurytravel.pl/" "Mozilla/5.0 (Windows NT 6.1; WOW64) AppleWebKit/537.36 (KHTML, like Gecko) Chrome/70.0.3538.110 Safari/537.36"
176.221.114.190 - - [06/Dec/2018:11:00:32 +0100] "GET /wp-content/themes/voyage-parent/framework/extensions/newsletter/static/css/newsletter_clientside.css?ver=4.9.8 HTTP/1.1" 200 113 "http://www.luxurytravel.pl/" "Mozilla/5.0 (Windows NT 6.1; WOW64) AppleWebKit/537.36 (KHTML, like Gecko) Chrome/70.0.3538.110 Safari/537.36"
176.221.114.190 - - [06/Dec/2018:11:00:32 +0100] "GET /wp-content/plugins/contact-form-7/includes/js/scripts.js?ver=5.0.5 HTTP/1.1" 200 4047 "http://www.luxurytravel.pl/" "Mozilla/5.0 (Windows NT 6.1; WOW64) AppleWebKit/537.36 (KHTML, like Gecko) Chrome/70.0.3538.110 Safari/537.36"
176.221.114.190 - - [06/Dec/2018:11:00:32 +0100] "GET /wp-includes/js/jquery/ui/datepicker.min.js?ver=1.11.4 HTTP/1.1" 200 11002 "http://www.luxurytravel.pl/" "Mozilla/5.0 (Windows NT 6.1; WOW64) AppleWebKit/537.36 (KHTML, like Gecko) Chrome/70.0.3538.110 Safari/537.36"
176.221.114.190 - - [06/Dec/2018:11:00:32 +0100] "GET /wp-content/plugins/contact-form-7-datepicker/js/jquery-ui-timepicker/jquery-ui-timepicker-addon.min.js?ver=4.9.8 HTTP/1.1" 200 10101 "http://www.luxurytravel.pl/" "Mozilla/5.0 (Windows NT 6.1; WOW64) AppleWebKit/537.36 (KHTML, like Gecko) Chrome/70.0.3538.110 Safari/537.36"
176.221.114.190 - - [06/Dec/2018:11:00:32 +0100] "GET /wp-content/plugins/contact-form-7-datepicker/js/jquery-ui-timepicker/i18n/jquery-ui-timepicker-pl.js?ver=4.9.8 HTTP/1.1" 200 345 "http://www.luxurytravel.pl/" "Mozilla/5.0 (Windows NT 6.1; WOW64) AppleWebKit/537.36 (KHTML, like Gecko) Chrome/70.0.3538.110 Safari/537.36"
176.221.114.190 - - [06/Dec/2018:11:00:32 +0100] "GET /wp-includes/js/jquery/ui/widget.min.js?ver=1.11.4 HTTP/1.1" 200 2599 "http://www.luxurytravel.pl/" "Mozilla/5.0 (Windows NT 6.1; WOW64) AppleWebKit/537.36 (KHTML, like Gecko) Chrome/70.0.3538.110 Safari/537.36"
176.221.114.190 - - [06/Dec/2018:11:00:32 +0100] "GET /wp-includes/js/jquery/ui/button.min.js?ver=1.11.4 HTTP/1.1" 200 2082 "http://www.luxurytravel.pl/" "Mozilla/5.0 (Windows NT 6.1; WOW64) AppleWebKit/537.36 (KHTML, like Gecko) Chrome/70.0.3538.110 Safari/537.36"
176.221.114.190 - - [06/Dec/2018:11:00:32 +0100] "GET /wp-includes/js/jquery/ui/slider.min.js?ver=1.11.4 HTTP/1.1" 200 3093 "http://www.luxurytravel.pl/" "Mozilla/5.0 (Windows NT 6.1; WOW64) AppleWebKit/537.36 (KHTML, like Gecko) Chrome/70.0.3538.110 Safari/537.36"
176.221.114.190 - - [06/Dec/2018:11:00:32 +0100] "GET /wp-includes/js/jquery/ui/mouse.min.js?ver=1.11.4 HTTP/1.1" 200 1021 "http://www.luxurytravel.pl/" "Mozilla/5.0 (Windows NT 6.1; WOW64) AppleWebKit/537.36 (KHTML, like Gecko) Chrome/70.0.3538.110 Safari/537.36"
176.221.114.190 - - [06/Dec/2018:11:00:33 +0100] "GET /wp-content/plugins/contact-form-7-datepicker/js/jquery-ui-sliderAccess.js?ver=4.9.8 HTTP/1.1" 200 1160 "http://www.luxurytravel.pl/" "Mozilla/5.0 (Windows NT 6.1; WOW64) AppleWebKit/537.36 (KHTML, like Gecko) Chrome/70.0.3538.110 Safari/537.36"
176.221.114.190 - - [06/Dec/2018:11:00:33 +0100] "GET /wp-includes/js/hoverIntent.min.js?ver=1.8.1 HTTP/1.1" 200 479 "http://www.luxurytravel.pl/" "Mozilla/5.0 (Windows NT 6.1; WOW64) AppleWebKit/537.36 (KHTML, like Gecko) Chrome/70.0.3538.110 Safari/537.36"
176.221.114.190 - - [06/Dec/2018:11:00:33 +0100] "GET /wp-content/themes/voyage-parent/js/shBrushPlain.js?ver=2.1.382 HTTP/1.1" 200 644 "http://www.luxurytravel.pl/" "Mozilla/5.0 (Windows NT 6.1; WOW64) AppleWebKit/537.36 (KHTML, like Gecko) Chrome/70.0.3538.110 Safari/537.36"
176.221.114.190 - - [06/Dec/2018:11:00:33 +0100] "GET /wp-content/themes/voyage-parent/js/shCore.js?ver=2.1.382 HTTP/1.1" 200 10781 "http://www.luxurytravel.pl/" "Mozilla/5.0 (Windows NT 6.1; WOW64) AppleWebKit/537.36 (KHTML, like Gecko) Chrome/70.0.3538.110 Safari/537.36"
176.221.114.190 - - [06/Dec/2018:11:00:33 +0100] "GET /wp-content/themes/voyage-parent/js/jquery.prettyPhoto.js?ver=3.1.4 HTTP/1.1" 200 9411 "http://www.luxurytravel.pl/" "Mozilla/5.0 (Windows NT 6.1; WOW64) AppleWebKit/537.36 (KHTML, like Gecko) Chrome/70.0.3538.110 Safari/537.36"
176.221.114.190 - - [06/Dec/2018:11:00:33 +0100] "GET /wp-includes/js/wp-embed.min.js?ver=4.9.8 HTTP/1.1" 200 751 "http://www.luxurytravel.pl/" "Mozilla/5.0 (Windows NT 6.1; WOW64) AppleWebKit/537.36 (KHTML, like Gecko) Chrome/70.0.3538.110 Safari/537.36"
176.221.114.190 - - [06/Dec/2018:11:00:33 +0100] "GET /wp-content/themes/voyage-parent/cache/min-js-2e82484c1698a8204db8b951e0ae70d1.js?m=0 HTTP/1.1" 200 100 "http://www.luxurytravel.pl/" "Mozilla/5.0 (Windows NT 6.1; WOW64) AppleWebKit/537.36 (KHTML, like Gecko) Chrome/70.0.3538.110 Safari/537.36"
176.221.114.190 - - [06/Dec/2018:11:00:33 +0100] "GET /wp-includes/js/jquery/ui/core.min.js?ver=1.11.4 HTTP/1.1" 200 1821 "http://www.luxurytravel.pl/" "Mozilla/5.0 (Windows NT 6.1; WOW64) AppleWebKit/537.36 (KHTML, like Gecko) Chrome/70.0.3538.110 Safari/537.36"
176.221.114.190 - - [06/Dec/2018:11:00:33 +0100] "GET /wp-content/themes/nexilab/js/jquery.smooth-scroll.min.js HTTP/1.1" 200 1319 "http://www.luxurytravel.pl/" "Mozilla/5.0 (Windows NT 6.1; WOW64) AppleWebKit/537.36 (KHTML, like Gecko) Chrome/70.0.3538.110 Safari/537.36"
176.221.114.190 - - [06/Dec/2018:11:00:33 +0100] "GET /wp-content/themes/voyage-parent/style.css HTTP/1.1" 200 24349 "http://www.luxurytravel.pl/wp-content/themes/nexilab/style.css" "Mozilla/5.0 (Windows NT 6.1; WOW64) AppleWebKit/537.36 (KHTML, like Gecko) Chrome/70.0.3538.110 Safari/537.36"
176.221.114.190 - - [06/Dec/2018:11:00:33 +0100] "GET /wp-content/themes/nexilab/js/init.js HTTP/1.1" 200 2764 "http://www.luxurytravel.pl/" "Mozilla/5.0 (Windows NT 6.1; WOW64) AppleWebKit/537.36 (KHTML, like Gecko) Chrome/70.0.3538.110 Safari/537.36"
176.221.114.190 - - [06/Dec/2018:11:00:33 +0100] "GET /wp-content/themes/nexilab/skin/color.css HTTP/1.1" 200 604 "http://www.luxurytravel.pl/wp-content/themes/nexilab/style.css" "Mozilla/5.0 (Windows NT 6.1; WOW64) AppleWebKit/537.36 (KHTML, like Gecko) Chrome/70.0.3538.110 Safari/537.36"
176.221.114.190 - - [06/Dec/2018:11:00:33 +0100] "GET /wp-content/uploads/map/continent_4.png HTTP/1.1" 200 2149 "http://www.luxurytravel.pl/" "Mozilla/5.0 (Windows NT 6.1; WOW64) AppleWebKit/537.36 (KHTML, like Gecko) Chrome/70.0.3538.110 Safari/537.36"
176.221.114.190 - - [06/Dec/2018:11:00:33 +0100] "GET /wp-content/uploads/map/continent_2.png HTTP/1.1" 200 2671 "http://www.luxurytravel.pl/" "Mozilla/5.0 (Windows NT 6.1; WOW64) AppleWebKit/537.36 (KHTML, like Gecko) Chrome/70.0.3538.110 Safari/537.36"
176.221.114.190 - - [06/Dec/2018:11:00:33 +0100] "GET /wp-content/uploads/map/continent_1.png HTTP/1.1" 200 3542 "http://www.luxurytravel.pl/" "Mozilla/5.0 (Windows NT 6.1; WOW64) AppleWebKit/537.36 (KHTML, like Gecko) Chrome/70.0.3538.110 Safari/537.36"
176.221.114.190 - - [06/Dec/2018:11:00:33 +0100] "GET /wp-content/uploads/map/continent_5.png HTTP/1.1" 200 2911 "http://www.luxurytravel.pl/" "Mozilla/5.0 (Windows NT 6.1; WOW64) AppleWebKit/537.36 (KHTML, like Gecko) Chrome/70.0.3538.110 Safari/537.36"
176.221.114.190 - - [06/Dec/2018:11:00:33 +0100] "GET /wp-content/uploads/map/continent_3.png HTTP/1.1" 200 2595 "http://www.luxurytravel.pl/" "Mozilla/5.0 (Windows NT 6.1; WOW64) AppleWebKit/537.36 (KHTML, like Gecko) Chrome/70.0.3538.110 Safari/537.36"
176.221.114.190 - - [06/Dec/2018:11:00:33 +0100] "GET /wp-content/uploads/map/continent_6.png HTTP/1.1" 200 1489 "http://www.luxurytravel.pl/" "Mozilla/5.0 (Windows NT 6.1; WOW64) AppleWebKit/537.36 (KHTML, like Gecko) Chrome/70.0.3538.110 Safari/537.36"
176.221.114.190 - - [06/Dec/2018:11:00:33 +0100] "GET /wp-content/plugins/revslider/admin/assets/images/dummy.png HTTP/1.1" 200 3279 "http://www.luxurytravel.pl/" "Mozilla/5.0 (Windows NT 6.1; WOW64) AppleWebKit/537.36 (KHTML, like Gecko) Chrome/70.0.3538.110 Safari/537.36"
176.221.114.190 - - [06/Dec/2018:11:00:34 +0100] "GET /img/logoLT15.png HTTP/1.1" 200 19548 "http://www.luxurytravel.pl/" "Mozilla/5.0 (Windows NT 6.1; WOW64) AppleWebKit/537.36 (KHTML, like Gecko) Chrome/70.0.3538.110 Safari/537.36"
176.221.114.190 - - [06/Dec/2018:11:00:34 +0100] "GET /wp-includes/js/wp-emoji-release.min.js?ver=4.9.8 HTTP/1.1" 200 4382 "http://www.luxurytravel.pl/" "Mozilla/5.0 (Windows NT 6.1; WOW64) AppleWebKit/537.36 (KHTML, like Gecko) Chrome/70.0.3538.110 Safari/537.36"
176.221.114.190 - - [06/Dec/2018:11:00:34 +0100] "GET /wp-content/themes/nexilab/images/scroll.png HTTP/1.1" 200 1025 "http://www.luxurytravel.pl/wp-content/themes/nexilab/style.css" "Mozilla/5.0 (Windows NT 6.1; WOW64) AppleWebKit/537.36 (KHTML, like Gecko) Chrome/70.0.3538.110 Safari/537.36"
176.221.114.190 - - [06/Dec/2018:11:00:35 +0100] "GET /wp-content/themes/nexilab/images/bg8.png HTTP/1.1" 200 181 "http://www.luxurytravel.pl/" "Mozilla/5.0 (Windows NT 6.1; WOW64) AppleWebKit/537.36 (KHTML, like Gecko) Chrome/70.0.3538.110 Safari/537.36"
207.46.13.42 - - [06/Dec/2018:11:00:34 +0100] "GET /wp-content/uploads/2015/02/The_Norman_Tel_AvivIzrael-13-1015x571.jpg HTTP/1.1" 200 127200 "-" "Mozilla/5.0 (compatible; bingbot/2.0; +http://www.bing.com/bingbot.htm)"
176.221.114.190 - - [06/Dec/2018:11:00:35 +0100] "GET /wp-content/uploads/2018/04/Dining-View-2-Mystique-Santorini_f_improf_800x534-1-720x481.jpg HTTP/1.1" 200 66225 "http://www.luxurytravel.pl/" "Mozilla/5.0 (Windows NT 6.1; WOW64) AppleWebKit/537.36 (KHTML, like Gecko) Chrome/70.0.3538.110 Safari/537.36"
176.221.114.190 - - [06/Dec/2018:11:00:34 +0100] "GET /wp-content/themes/nexilab/fonts/Minion%20Pro%20Italic.woff HTTP/1.1" 200 154896 "http://www.luxurytravel.pl/wp-content/themes/nexilab/style.css" "Mozilla/5.0 (Windows NT 6.1; WOW64) AppleWebKit/537.36 (KHTML, like Gecko) Chrome/70.0.3538.110 Safari/537.36"
176.221.114.190 - - [06/Dec/2018:11:00:35 +0100] "GET /wp-content/uploads/2018/04/dookola-swiata.jpg HTTP/1.1" 200 126943 "http://www.luxurytravel.pl/" "Mozilla/5.0 (Windows NT 6.1; WOW64) AppleWebKit/537.36 (KHTML, like Gecko) Chrome/70.0.3538.110 Safari/537.36"
176.221.114.190 - - [06/Dec/2018:11:00:35 +0100] "GET /wp-content/uploads/2018/07/Time-Tide-Miavana-2017-46.jpg HTTP/1.1" 200 86796 "http://www.luxurytravel.pl/" "Mozilla/5.0 (Windows NT 6.1; WOW64) AppleWebKit/537.36 (KHTML, like Gecko) Chrome/70.0.3538.110 Safari/537.36"
176.221.114.190 - - [06/Dec/2018:11:00:34 +0100] "GET /wp-content/themes/nexilab/fonts/Lato-Light.woff HTTP/1.1" 200 360688 "http://www.luxurytravel.pl/wp-content/themes/nexilab/style.css" "Mozilla/5.0 (Windows NT 6.1; WOW64) AppleWebKit/537.36 (KHTML, like Gecko) Chrome/70.0.3538.110 Safari/537.36"
176.221.114.190 - - [06/Dec/2018:11:00:35 +0100] "GET /wp-content/uploads/2018/04/141388304.jpg HTTP/1.1" 200 254250 "http://www.luxurytravel.pl/" "Mozilla/5.0 (Windows NT 6.1; WOW64) AppleWebKit/537.36 (KHTML, like Gecko) Chrome/70.0.3538.110 Safari/537.36"
176.221.114.190 - - [06/Dec/2018:11:00:36 +0100] "GET /wp-content/plugins/revslider/public/assets/js/extensions/revolution.extension.slideanims.min.js HTTP/1.1" 200 5430 "http://www.luxurytravel.pl/" "Mozilla/5.0 (Windows NT 6.1; WOW64) AppleWebKit/537.36 (KHTML, like Gecko) Chrome/70.0.3538.110 Safari/537.36"
176.221.114.190 - - [06/Dec/2018:11:00:37 +0100] "GET /wp-content/plugins/revslider/public/assets/js/extensions/revolution.extension.actions.min.js HTTP/1.1" 200 1313 "http://www.luxurytravel.pl/" "Mozilla/5.0 (Windows NT 6.1; WOW64) AppleWebKit/537.36 (KHTML, like Gecko) Chrome/70.0.3538.110 Safari/537.36"
176.221.114.190 - - [06/Dec/2018:11:00:37 +0100] "GET /wp-content/plugins/revslider/public/assets/js/extensions/revolution.extension.layeranimation.min.js HTTP/1.1" 200 8435 "http://www.luxurytravel.pl/" "Mozilla/5.0 (Windows NT 6.1; WOW64) AppleWebKit/537.36 (KHTML, like Gecko) Chrome/70.0.3538.110 Safari/537.36"
176.221.114.190 - - [06/Dec/2018:11:00:36 +0100] "GET /wp-content/uploads/2015/03/01_Epic_Sana_Portugalia1.jpg HTTP/1.1" 200 181617 "http://www.luxurytravel.pl/" "Mozilla/5.0 (Windows NT 6.1; WOW64) AppleWebKit/537.36 (KHTML, like Gecko) Chrome/70.0.3538.110 Safari/537.36"
176.221.114.190 - - [06/Dec/2018:11:00:37 +0100] "GET /wp-content/plugins/revslider/public/assets/js/extensions/revolution.extension.navigation.min.js HTTP/1.1" 200 6153 "http://www.luxurytravel.pl/" "Mozilla/5.0 (Windows NT 6.1; WOW64) AppleWebKit/537.36 (KHTML, like Gecko) Chrome/70.0.3538.110 Safari/537.36"
176.221.114.190 - - [06/Dec/2018:11:00:37 +0100] "GET /wp-content/plugins/revslider/public/assets/js/extensions/revolution.extension.parallax.min.js HTTP/1.1" 200 1529 "http://www.luxurytravel.pl/" "Mozilla/5.0 (Windows NT 6.1; WOW64) AppleWebKit/537.36 (KHTML, like Gecko) Chrome/70.0.3538.110 Safari/537.36"
176.221.114.190 - - [06/Dec/2018:11:00:36 +0100] "GET /wp-content/uploads/2015/02/sportowe_ferrari_Wlochy-27.jpg HTTP/1.1" 200 399311 "http://www.luxurytravel.pl/" "Mozilla/5.0 (Windows NT 6.1; WOW64) AppleWebKit/537.36 (KHTML, like Gecko) Chrome/70.0.3538.110 Safari/537.36"
176.221.114.190 - - [06/Dec/2018:11:00:35 +0100] "GET /wp-content/uploads/2018/07/Kasbah-Tamadot-Overview.jpg HTTP/1.1" 200 326082 "http://www.luxurytravel.pl/" "Mozilla/5.0 (Windows NT 6.1; WOW64) AppleWebKit/537.36 (KHTML, like Gecko) Chrome/70.0.3538.110 Safari/537.36"
176.221.114.190 - - [06/Dec/2018:11:00:38 +0100] "GET /wp-content/plugins/revslider/public/assets/fonts/revicons/revicons.woff?5510888 HTTP/1.1" 200 7536 "http://www.luxurytravel.pl/wp-content/plugins/revslider/public/assets/css/settings.css?ver=5.0.8.5" "Mozilla/5.0 (Windows NT 6.1; WOW64) AppleWebKit/537.36 (KHTML, like Gecko) Chrome/70.0.3538.110 Safari/537.36"
176.221.114.190 - - [06/Dec/2018:11:00:37 +0100] "GET /wp-content/uploads/2014/07/014.jpg HTTP/1.1" 200 117009 "http://www.luxurytravel.pl/" "Mozilla/5.0 (Windows NT 6.1; WOW64) AppleWebKit/537.36 (KHTML, like Gecko) Chrome/70.0.3538.110 Safari/537.36"
176.221.114.190 - - [06/Dec/2018:11:00:38 +0100] "GET /wp-content/themes/nexilab/images/bg1.jpg HTTP/1.1" 200 748 "http://www.luxurytravel.pl/wp-content/themes/nexilab/style.css" "Mozilla/5.0 (Windows NT 6.1; WOW64) AppleWebKit/537.36 (KHTML, like Gecko) Chrome/70.0.3538.110 Safari/537.36"
176.221.114.190 - - [06/Dec/2018:11:00:38 +0100] "GET /wp-content/themes/nexilab/skin/bg2.jpg HTTP/1.1" 200 880 "http://www.luxurytravel.pl/wp-content/themes/nexilab/skin/color.css" "Mozilla/5.0 (Windows NT 6.1; WOW64) AppleWebKit/537.36 (KHTML, like Gecko) Chrome/70.0.3538.110 Safari/537.36"
176.221.114.190 - - [06/Dec/2018:11:00:38 +0100] "GET /wp-content/uploads/2018/01/katalog-banner-lato18.jpg HTTP/1.1" 200 64689 "http://www.luxurytravel.pl/" "Mozilla/5.0 (Windows NT 6.1; WOW64) AppleWebKit/537.36 (KHTML, like Gecko) Chrome/70.0.3538.110 Safari/537.36"
176.221.114.190 - - [06/Dec/2018:11:00:38 +0100] "GET /wp-content/themes/nexilab/images/bg3.jpg HTTP/1.1" 200 708 "http://www.luxurytravel.pl/wp-content/themes/nexilab/style.css" "Mozilla/5.0 (Windows NT 6.1; WOW64) AppleWebKit/537.36 (KHTML, like Gecko) Chrome/70.0.3538.110 Safari/537.36"
176.221.114.190 - - [06/Dec/2018:11:00:38 +0100] "GET /wp-content/uploads/2016/01/baner-bmw.jpg HTTP/1.1" 200 100482 "http://www.luxurytravel.pl/" "Mozilla/5.0 (Windows NT 6.1; WOW64) AppleWebKit/537.36 (KHTML, like Gecko) Chrome/70.0.3538.110 Safari/537.36"
176.221.114.190 - - [06/Dec/2018:11:00:39 +0100] "GET /wp-content/themes/voyage-parent/images/dropdown_bg.png HTTP/1.1" 200 989 "http://www.luxurytravel.pl/wp-content/themes/voyage-parent/style.css" "Mozilla/5.0 (Windows NT 6.1; WOW64) AppleWebKit/537.36 (KHTML, like Gecko) Chrome/70.0.3538.110 Safari/537.36"
176.221.114.190 - - [06/Dec/2018:11:00:39 +0100] "GET /wp-content/plugins/revslider/public/assets/assets/coloredbg.png HTTP/1.1" 200 184 "http://www.luxurytravel.pl/wp-content/plugins/revslider/public/assets/css/settings.css?ver=5.0.8.5" "Mozilla/5.0 (Windows NT 6.1; WOW64) AppleWebKit/537.36 (KHTML, like Gecko) Chrome/70.0.3538.110 Safari/537.36"
201.21.63.39 - - [06/Dec/2018:11:00:38 +0100] "POST /xmlrpc.php HTTP/1.1" 200 417 "-" "Mozilla/5.0 (X11; Linux i686; rv:2.0.1) Gecko/20100101 Firefox/4.0.1"
176.221.114.190 - - [06/Dec/2018:11:00:39 +0100] "GET /wp-content/uploads/2018/11/Huma-Island-Resort-Filipiny.jpg HTTP/1.1" 200 154490 "http://www.luxurytravel.pl/" "Mozilla/5.0 (Windows NT 6.1; WOW64) AppleWebKit/537.36 (KHTML, like Gecko) Chrome/70.0.3538.110 Safari/537.36"
176.221.114.190 - - [06/Dec/2018:11:00:37 +0100] "GET /wp-content/uploads/2016/09/20150512_143754.jpg HTTP/1.1" 200 480267 "http://www.luxurytravel.pl/" "Mozilla/5.0 (Windows NT 6.1; WOW64) AppleWebKit/537.36 (KHTML, like Gecko) Chrome/70.0.3538.110 Safari/537.36"
176.221.114.190 - - [06/Dec/2018:11:00:37 +0100] "GET /wp-content/uploads/2015/04/Andaluzja-artykul_sevilla-feria-de-abril2.jpg HTTP/1.1" 200 378338 "http://www.luxurytravel.pl/" "Mozilla/5.0 (Windows NT 6.1; WOW64) AppleWebKit/537.36 (KHTML, like Gecko) Chrome/70.0.3538.110 Safari/537.36"
176.221.114.190 - - [06/Dec/2018:11:00:39 +0100] "GET /wp-content/uploads/2018/09/Kreta-wakacji-nie-koniec.jpg HTTP/1.1" 200 389338 "http://www.luxurytravel.pl/" "Mozilla/5.0 (Windows NT 6.1; WOW64) AppleWebKit/537.36 (KHTML, like Gecko) Chrome/70.0.3538.110 Safari/537.36"
176.221.114.190 - - [06/Dec/2018:11:00:39 +0100] "GET /wp-content/uploads/2018/11/Somatheeram-Ayurveda-Resort-Kerala-Indie.jpg HTTP/1.1" 200 477946 "http://www.luxurytravel.pl/" "Mozilla/5.0 (Windows NT 6.1; WOW64) AppleWebKit/537.36 (KHTML, like Gecko) Chrome/70.0.3538.110 Safari/537.36"
201.21.63.39 - - [06/Dec/2018:11:00:42 +0100] "POST /xmlrpc.php HTTP/1.1" 200 417 "-" "Mozilla/5.0 (X11; Linux i686; rv:2.0.1) Gecko/20100101 Firefox/4.0.1"
176.221.114.190 - - [06/Dec/2018:11:00:43 +0100] "GET /wp-content/themes/nexilab/images/up.png HTTP/1.1" 200 689 "http://www.luxurytravel.pl/wp-content/themes/nexilab/style.css" "Mozilla/5.0 (Windows NT 6.1; WOW64) AppleWebKit/537.36 (KHTML, like Gecko) Chrome/70.0.3538.110 Safari/537.36"
31.223.139.227 - - [06/Dec/2018:11:00:44 +0100] "POST /xmlrpc.php HTTP/1.1" 200 417 "-" "Mozilla/5.0 (X11; Linux i686; rv:2.0.1) Gecko/20100101 Firefox/4.0.1"
201.21.63.39 - - [06/Dec/2018:11:00:48 +0100] "POST /xmlrpc.php HTTP/1.1" 200 417 "-" "Mozilla/5.0 (X11; Linux i686; rv:2.0.1) Gecko/20100101 Firefox/4.0.1"
176.221.114.190 - - [06/Dec/2018:11:00:48 +0100] "GET /wp-content/uploads/2018/09/Skifahrer_5_Das-Central_byRudiWyhlidal.jpg HTTP/1.1" 200 235569 "http://www.luxurytravel.pl/" "Mozilla/5.0 (Windows NT 6.1; WOW64) AppleWebKit/537.36 (KHTML, like Gecko) Chrome/70.0.3538.110 Safari/537.36"
176.221.114.190 - - [06/Dec/2018:11:00:54 +0100] "GET /wp-content/uploads/2018/09/Velaa-2.jpg HTTP/1.1" 200 240332 "http://www.luxurytravel.pl/" "Mozilla/5.0 (Windows NT 6.1; WOW64) AppleWebKit/537.36 (KHTML, like Gecko) Chrome/70.0.3538.110 Safari/537.36"
176.221.114.190 - - [06/Dec/2018:11:00:55 +0100] "GET /nasi-partnerzy/ HTTP/1.1" 200 14805 "http://www.luxurytravel.pl/" "Mozilla/5.0 (Windows NT 6.1; WOW64) AppleWebKit/537.36 (KHTML, like Gecko) Chrome/70.0.3538.110 Safari/537.36"
176.221.114.190 - - [06/Dec/2018:11:00:59 +0100] "GET /wp-content/plugins/contact-form-7/images/ajax-loader.gif HTTP/1.1" 200 847 "http://www.luxurytravel.pl/wp-content/plugins/contact-form-7/includes/css/styles.css?ver=5.0.5" "Mozilla/5.0 (Windows NT 6.1; WOW64) AppleWebKit/537.36 (KHTML, like Gecko) Chrome/70.0.3538.110 Safari/537.36"
54.36.148.152 - - [06/Dec/2018:11:01:01 +0100] "GET /wp-content/uploads/2018/02/Miraggio-Thermal-Spa-Chalkidiki-30-1015x571.jpg HTTP/1.1" 200 99994 "-" "Mozilla/5.0 (compatible; AhrefsBot/5.2; +http://ahrefs.com/robot/)"
31.184.238.78 - - [06/Dec/2018:11:01:10 +0100] "GET /holiday/amathus-beach-hotel-limassol-2/ HTTP/1.0" 200 93897 "http://www.luxurytravel.pl/holiday/amathus-beach-hotel-limassol-2/" "Mozilla/5.0 (Windows NT 6.1) AppleWebKit/537.36 (KHTML, like Gecko) Chrome/66.0.3359.181 Safari/537.36"
31.184.238.78 - - [06/Dec/2018:11:01:12 +0100] "POST /holiday/amathus-beach-hotel-limassol-2/ HTTP/1.0" 200 98647 "http://www.luxurytravel.pl/holiday/amathus-beach-hotel-limassol-2/" "Mozilla/5.0 (Windows NT 6.1) AppleWebKit/537.36 (KHTML, like Gecko) Chrome/66.0.3359.181 Safari/537.36"
160.120.229.247 - - [06/Dec/2018:11:01:15 +0100] "POST /xmlrpc.php HTTP/1.1" 200 417 "-" "Mozilla/5.0 (X11; Linux i686; rv:2.0.1) Gecko/20100101 Firefox/4.0.1"
89.73.226.85 - - [06/Dec/2018:11:01:20 +0100] "GET /wp-content/uploads/2014/07/05161.jpg HTTP/1.1" 200 205936 "https://www.google.pl/" "Mozilla/5.0 (Windows NT 10.0; Win64; x64) AppleWebKit/537.36 (KHTML, like Gecko) Chrome/69.0.3497.100 Safari/537.36 OPR/56.0.3051.116"
31.132.71.36 - - [06/Dec/2018:11:01:26 +0100] "GET /holiday/wspaniale-jachty/ HTTP/1.1" 200 19607 "https://www.google.pl/" "Mozilla/5.0 (Linux; Android 5.0.1; ALE-L21) AppleWebKit/537.36 (KHTML, like Gecko) Chrome/70.0.3538.110 Mobile Safari/537.36"
31.132.71.36 - - [06/Dec/2018:11:01:28 +0100] "GET /wp-content/themes/nexilab/style.css HTTP/1.1" 200 7424 "http://www.luxurytravel.pl/holiday/wspaniale-jachty/" "Mozilla/5.0 (Linux; Android 5.0.1; ALE-L21) AppleWebKit/537.36 (KHTML, like Gecko) Chrome/70.0.3538.110 Mobile Safari/537.36"
31.132.71.36 - - [06/Dec/2018:11:01:28 +0100] "GET /wp-content/themes/nexilab/screen.css HTTP/1.1" 200 8051 "http://www.luxurytravel.pl/holiday/wspaniale-jachty/" "Mozilla/5.0 (Linux; Android 5.0.1; ALE-L21) AppleWebKit/537.36 (KHTML, like Gecko) Chrome/70.0.3538.110 Mobile Safari/537.36"
31.132.71.36 - - [06/Dec/2018:11:01:28 +0100] "GET /wp-content/plugins/contact-form-7/includes/css/styles.css?ver=5.0.5 HTTP/1.1" 200 671 "http://www.luxurytravel.pl/holiday/wspaniale-jachty/" "Mozilla/5.0 (Linux; Android 5.0.1; ALE-L21) AppleWebKit/537.36 (KHTML, like Gecko) Chrome/70.0.3538.110 Mobile Safari/537.36"
31.132.71.36 - - [06/Dec/2018:11:01:28 +0100] "GET /wp-content/plugins/cookie-law-info/public/css/cookie-law-info-public.css?ver=1.7.1 HTTP/1.1" 200 772 "http://www.luxurytravel.pl/holiday/wspaniale-jachty/" "Mozilla/5.0 (Linux; Android 5.0.1; ALE-L21) AppleWebKit/537.36 (KHTML, like Gecko) Chrome/70.0.3538.110 Mobile Safari/537.36"
31.132.71.36 - - [06/Dec/2018:11:01:28 +0100] "GET /wp-content/plugins/contact-form-7-datepicker/js/jquery-ui-timepicker/jquery-ui-timepicker-addon.min.css?ver=4.9.8 HTTP/1.1" 200 333 "http://www.luxurytravel.pl/holiday/wspaniale-jachty/" "Mozilla/5.0 (Linux; Android 5.0.1; ALE-L21) AppleWebKit/537.36 (KHTML, like Gecko) Chrome/70.0.3538.110 Mobile Safari/537.36"
