89.191.156.93 - - [06/Dec/2018:10:46:12 +0100] "GET /wp-content/uploads/2018/04/Dining-View-2-Mystique-Santorini_f_improf_800x534-1-720x481.jpg HTTP/1.1" 200 66225 "http://www.luxurytravel.pl/" "Mozilla/5.0 (Windows NT 6.2) AppleWebKit/537.36 (KHTML, like Gecko) Chrome/69.0.3497.100 Safari/537.36 OPR/56.0.3051.52"
89.191.156.93 - - [06/Dec/2018:10:46:12 +0100] "GET /wp-content/uploads/2018/05/16-720x527.jpg HTTP/1.1" 200 91375 "http://www.luxurytravel.pl/" "Mozilla/5.0 (Windows NT 6.2) AppleWebKit/537.36 (KHTML, like Gecko) Chrome/69.0.3497.100 Safari/537.36 OPR/56.0.3051.52"
89.191.156.93 - - [06/Dec/2018:10:46:12 +0100] "GET /wp-content/uploads/2018/07/The-Love-Shack-honeymoon-suite-private-deck.jpg HTTP/1.1" 200 139282 "http://www.luxurytravel.pl/" "Mozilla/5.0 (Windows NT 6.2) AppleWebKit/537.36 (KHTML, like Gecko) Chrome/69.0.3497.100 Safari/537.36 OPR/56.0.3051.52"
89.191.156.93 - - [06/Dec/2018:10:46:12 +0100] "GET /wp-content/uploads/2018/04/141388304.jpg HTTP/1.1" 200 254250 "http://www.luxurytravel.pl/" "Mozilla/5.0 (Windows NT 6.2) AppleWebKit/537.36 (KHTML, like Gecko) Chrome/69.0.3497.100 Safari/537.36 OPR/56.0.3051.52"
54.36.149.94 - - [06/Dec/2018:10:46:13 +0100] "GET /wp-content/uploads/2014/07/ARKABA-STATION-08-660x348.jpg HTTP/1.1" 200 57038 "-" "Mozilla/5.0 (compatible; AhrefsBot/5.2; +http://ahrefs.com/robot/)"
207.46.13.42 - - [06/Dec/2018:10:46:13 +0100] "GET /wp-content/uploads/2014/07/Elounda_Peninsula_All_Suite_Hotel_Kreta_Grecja-30.jpg HTTP/1.1" 200 357540 "-" "Mozilla/5.0 (compatible; bingbot/2.0; +http://www.bing.com/bingbot.htm)"
89.191.156.93 - - [06/Dec/2018:10:46:15 +0100] "GET /wp-content/plugins/revslider/public/assets/js/extensions/revolution.extension.slideanims.min.js HTTP/1.1" 200 5430 "http://www.luxurytravel.pl/" "Mozilla/5.0 (Windows NT 6.2) AppleWebKit/537.36 (KHTML, like Gecko) Chrome/69.0.3497.100 Safari/537.36 OPR/56.0.3051.52"
89.191.156.93 - - [06/Dec/2018:10:46:15 +0100] "GET /wp-content/plugins/revslider/public/assets/js/extensions/revolution.extension.actions.min.js HTTP/1.1" 200 1313 "http://www.luxurytravel.pl/" "Mozilla/5.0 (Windows NT 6.2) AppleWebKit/537.36 (KHTML, like Gecko) Chrome/69.0.3497.100 Safari/537.36 OPR/56.0.3051.52"
89.191.156.93 - - [06/Dec/2018:10:46:16 +0100] "GET /wp-content/plugins/revslider/public/assets/js/extensions/revolution.extension.layeranimation.min.js HTTP/1.1" 200 8435 "http://www.luxurytravel.pl/" "Mozilla/5.0 (Windows NT 6.2) AppleWebKit/537.36 (KHTML, like Gecko) Chrome/69.0.3497.100 Safari/537.36 OPR/56.0.3051.52"
89.191.156.93 - - [06/Dec/2018:10:46:16 +0100] "GET /wp-content/plugins/revslider/public/assets/js/extensions/revolution.extension.navigation.min.js HTTP/1.1" 200 6153 "http://www.luxurytravel.pl/" "Mozilla/5.0 (Windows NT 6.2) AppleWebKit/537.36 (KHTML, like Gecko) Chrome/69.0.3497.100 Safari/537.36 OPR/56.0.3051.52"
89.191.156.93 - - [06/Dec/2018:10:46:12 +0100] "GET /wp-content/themes/nexilab/fonts/Lato-Light.woff HTTP/1.1" 200 360688 "http://www.luxurytravel.pl/wp-content/themes/nexilab/style.css" "Mozilla/5.0 (Windows NT 6.2) AppleWebKit/537.36 (KHTML, like Gecko) Chrome/69.0.3497.100 Safari/537.36 OPR/56.0.3051.52"
89.191.156.93 - - [06/Dec/2018:10:46:17 +0100] "GET /wp-content/uploads/2018/07/Time-Tide-Miavana-2017-46.jpg HTTP/1.1" 200 86796 "http://www.luxurytravel.pl/" "Mozilla/5.0 (Windows NT 6.2) AppleWebKit/537.36 (KHTML, like Gecko) Chrome/69.0.3497.100 Safari/537.36 OPR/56.0.3051.52"
89.191.156.93 - - [06/Dec/2018:10:46:18 +0100] "GET /wp-content/plugins/revslider/public/assets/js/extensions/revolution.extension.parallax.min.js HTTP/1.1" 200 1529 "http://www.luxurytravel.pl/" "Mozilla/5.0 (Windows NT 6.2) AppleWebKit/537.36 (KHTML, like Gecko) Chrome/69.0.3497.100 Safari/537.36 OPR/56.0.3051.52"
89.191.156.93 - - [06/Dec/2018:10:46:19 +0100] "GET /wp-content/uploads/2014/07/014.jpg HTTP/1.1" 200 117009 "http://www.luxurytravel.pl/" "Mozilla/5.0 (Windows NT 6.2) AppleWebKit/537.36 (KHTML, like Gecko) Chrome/69.0.3497.100 Safari/537.36 OPR/56.0.3051.52"
89.191.156.93 - - [06/Dec/2018:10:46:20 +0100] "GET /wp-content/uploads/2016/01/baner-bmw.jpg HTTP/1.1" 200 100482 "http://www.luxurytravel.pl/" "Mozilla/5.0 (Windows NT 6.2) AppleWebKit/537.36 (KHTML, like Gecko) Chrome/69.0.3497.100 Safari/537.36 OPR/56.0.3051.52"
89.191.156.93 - - [06/Dec/2018:10:46:20 +0100] "GET /wp-content/uploads/2018/01/katalog-banner-lato18.jpg HTTP/1.1" 200 64689 "http://www.luxurytravel.pl/" "Mozilla/5.0 (Windows NT 6.2) AppleWebKit/537.36 (KHTML, like Gecko) Chrome/69.0.3497.100 Safari/537.36 OPR/56.0.3051.52"
89.191.156.93 - - [06/Dec/2018:10:46:20 +0100] "GET /wp-content/plugins/revslider/public/assets/fonts/revicons/revicons.woff?5510888 HTTP/1.1" 200 7536 "http://www.luxurytravel.pl/wp-content/plugins/revslider/public/assets/css/settings.css?ver=5.0.8.5" "Mozilla/5.0 (Windows NT 6.2) AppleWebKit/537.36 (KHTML, like Gecko) Chrome/69.0.3497.100 Safari/537.36 OPR/56.0.3051.52"
79.189.251.118 - - [06/Dec/2018:10:46:19 +0100] "GET / HTTP/1.1" 200 17007 "http://www.google.com/url?sa=t&rct=j&q=safari%20tanzania&source=web&cd=6&sqi=2&ved=0CFYQFjAG&url=http%3A%2F%2Fwww.luxurytravel.pl&ei=6e8IXLSyIMSPrge8y4DwAQ&usg=AFQjCNF-Wngt-fe_6NRzhGAee7wHjCC8uw&bvm=bv.84349003,d.d24" "Mozilla/5.0 (Windows NT 6.1) AppleWebKit/537.36 (KHTML, like Gecko) Chrome/69.0.3497.100 Safari/537.36"
89.191.156.93 - - [06/Dec/2018:10:46:21 +0100] "GET /wp-content/themes/nexilab/images/bg1.jpg HTTP/1.1" 200 748 "http://www.luxurytravel.pl/wp-content/themes/nexilab/style.css" "Mozilla/5.0 (Windows NT 6.2) AppleWebKit/537.36 (KHTML, like Gecko) Chrome/69.0.3497.100 Safari/537.36 OPR/56.0.3051.52"
89.191.156.93 - - [06/Dec/2018:10:46:22 +0100] "GET /wp-content/themes/nexilab/skin/bg2.jpg HTTP/1.1" 200 880 "http://www.luxurytravel.pl/wp-content/themes/nexilab/skin/color.css" "Mozilla/5.0 (Windows NT 6.2) AppleWebKit/537.36 (KHTML, like Gecko) Chrome/69.0.3497.100 Safari/537.36 OPR/56.0.3051.52"
89.191.156.93 - - [06/Dec/2018:10:46:22 +0100] "GET /wp-content/themes/nexilab/images/bg3.jpg HTTP/1.1" 200 708 "http://www.luxurytravel.pl/wp-content/themes/nexilab/style.css" "Mozilla/5.0 (Windows NT 6.2) AppleWebKit/537.36 (KHTML, like Gecko) Chrome/69.0.3497.100 Safari/537.36 OPR/56.0.3051.52"
89.191.156.93 - - [06/Dec/2018:10:46:22 +0100] "GET /wp-content/themes/voyage-parent/images/dropdown_bg.png HTTP/1.1" 200 989 "http://www.luxurytravel.pl/wp-content/themes/voyage-parent/style.css" "Mozilla/5.0 (Windows NT 6.2) AppleWebKit/537.36 (KHTML, like Gecko) Chrome/69.0.3497.100 Safari/537.36 OPR/56.0.3051.52"
89.191.156.93 - - [06/Dec/2018:10:46:19 +0100] "GET /wp-content/uploads/2015/02/sportowe_ferrari_Wlochy-27.jpg HTTP/1.1" 200 399311 "http://www.luxurytravel.pl/" "Mozilla/5.0 (Windows NT 6.2) AppleWebKit/537.36 (KHTML, like Gecko) Chrome/69.0.3497.100 Safari/537.36 OPR/56.0.3051.52"
89.191.156.93 - - [06/Dec/2018:10:46:23 +0100] "GET /wp-content/uploads/2015/02/Artykul_Azja_Niezno%C5%9Bne_ma%C5%82pki-700x466.jpg HTTP/1.1" 200 86161 "http://www.luxurytravel.pl/" "Mozilla/5.0 (Windows NT 6.2) AppleWebKit/537.36 (KHTML, like Gecko) Chrome/69.0.3497.100 Safari/537.36 OPR/56.0.3051.52"
89.191.156.93 - - [06/Dec/2018:10:46:23 +0100] "GET /wp-content/plugins/revslider/public/assets/assets/coloredbg.png HTTP/1.1" 200 184 "http://www.luxurytravel.pl/wp-content/plugins/revslider/public/assets/css/settings.css?ver=5.0.8.5" "Mozilla/5.0 (Windows NT 6.2) AppleWebKit/537.36 (KHTML, like Gecko) Chrome/69.0.3497.100 Safari/537.36 OPR/56.0.3051.52"
89.191.156.93 - - [06/Dec/2018:10:46:23 +0100] "GET /wp-content/uploads/2018/11/Huma-Island-Resort-Filipiny.jpg HTTP/1.1" 200 154490 "http://www.luxurytravel.pl/" "Mozilla/5.0 (Windows NT 6.2) AppleWebKit/537.36 (KHTML, like Gecko) Chrome/69.0.3497.100 Safari/537.36 OPR/56.0.3051.52"
213.226.17.10 - - [06/Dec/2018:10:46:26 +0100] "GET /wp-content/uploads/2014/03/01-Mnemba-Island-Lodge2-1015x571.jpg HTTP/1.1" 200 100987 "-" "Mozilla/5.0 (Linux; U; Android 4.3; bg-bg; GT-I9300 Build/JSS15J) AppleWebKit/534.30 (KHTML, like Gecko) Version/4.0 Mobile Safari/534.30 GSA/8.55.6.16.arm"
89.191.156.93 - - [06/Dec/2018:10:46:20 +0100] "GET /wp-content/uploads/2016/09/20150512_143754.jpg HTTP/1.1" 200 480267 "http://www.luxurytravel.pl/" "Mozilla/5.0 (Windows NT 6.2) AppleWebKit/537.36 (KHTML, like Gecko) Chrome/69.0.3497.100 Safari/537.36 OPR/56.0.3051.52"
89.191.156.93 - - [06/Dec/2018:10:46:27 +0100] "GET /wp-content/themes/nexilab/images/up.png HTTP/1.1" 200 689 "http://www.luxurytravel.pl/wp-content/themes/nexilab/style.css" "Mozilla/5.0 (Windows NT 6.2) AppleWebKit/537.36 (KHTML, like Gecko) Chrome/69.0.3497.100 Safari/537.36 OPR/56.0.3051.52"
89.191.156.93 - - [06/Dec/2018:10:46:24 +0100] "GET /wp-content/uploads/2018/09/Kreta-wakacji-nie-koniec.jpg HTTP/1.1" 200 389338 "http://www.luxurytravel.pl/" "Mozilla/5.0 (Windows NT 6.2) AppleWebKit/537.36 (KHTML, like Gecko) Chrome/69.0.3497.100 Safari/537.36 OPR/56.0.3051.52"
89.191.156.93 - - [06/Dec/2018:10:46:23 +0100] "GET /wp-content/uploads/2018/11/Somatheeram-Ayurveda-Resort-Kerala-Indie.jpg HTTP/1.1" 200 477946 "http://www.luxurytravel.pl/" "Mozilla/5.0 (Windows NT 6.2) AppleWebKit/537.36 (KHTML, like Gecko) Chrome/69.0.3497.100 Safari/537.36 OPR/56.0.3051.52"
79.189.251.118 - - [06/Dec/2018:10:46:28 +0100] "GET /wp-content/uploads/2014/09/00-Indie.jpg HTTP/1.1" 200 117328 "http://www.luxurytravel.pl/" "Mozilla/5.0 (Windows NT 6.1) AppleWebKit/537.36 (KHTML, like Gecko) Chrome/69.0.3497.100 Safari/537.36"
66.249.69.162 - - [06/Dec/2018:10:46:29 +0100] "GET /wp-content/uploads/2014/05/Romantic_Pool_Water_Villa-112_F2-75x75.jpg HTTP/1.1" 200 1970 "-" "Googlebot-Image/1.0"
31.223.139.227 - - [06/Dec/2018:10:46:28 +0100] "POST /xmlrpc.php HTTP/1.1" 200 417 "-" "Mozilla/5.0 (X11; Linux i686; rv:2.0.1) Gecko/20100101 Firefox/4.0.1"
201.21.63.39 - - [06/Dec/2018:10:46:28 +0100] "POST /xmlrpc.php HTTP/1.1" 200 417 "-" "Mozilla/5.0 (X11; Linux i686; rv:2.0.1) Gecko/20100101 Firefox/4.0.1"
66.249.69.165 - - [06/Dec/2018:10:46:30 +0100] "GET /wp-content/uploads/2017/07/Birkenhead-House-Hermanus-RPA-27-75x75.jpg HTTP/1.1" 200 2503 "-" "Googlebot-Image/1.0"
66.249.69.162 - - [06/Dec/2018:10:46:30 +0100] "GET /wp-content/uploads/2015/08/78255730-H1-_r.patti_4012a_SnG5L-75x75.jpg HTTP/1.1" 200 2872 "-" "Googlebot-Image/1.0"
89.191.156.93 - - [06/Dec/2018:10:46:36 +0100] "GET /wp-content/uploads/2018/09/Skifahrer_5_Das-Central_byRudiWyhlidal.jpg HTTP/1.1" 200 235569 "http://www.luxurytravel.pl/" "Mozilla/5.0 (Windows NT 6.2) AppleWebKit/537.36 (KHTML, like Gecko) Chrome/69.0.3497.100 Safari/537.36 OPR/56.0.3051.52"
40.77.167.23 - - [06/Dec/2018:10:46:36 +0100] "GET /wp-content/uploads/2014/10/23-Nikki-Brach-Porto-Heli1.jpg HTTP/1.1" 200 79763 "-" "Mozilla/5.0 (compatible; bingbot/2.0; +http://www.bing.com/bingbot.htm)"
89.191.156.93 - - [06/Dec/2018:10:46:35 +0100] "GET /kontakt/ HTTP/1.1" 200 14659 "http://www.luxurytravel.pl/" "Mozilla/5.0 (Windows NT 6.2) AppleWebKit/537.36 (KHTML, like Gecko) Chrome/69.0.3497.100 Safari/537.36 OPR/56.0.3051.52"
89.191.156.93 - - [06/Dec/2018:10:46:37 +0100] "GET /wp-content/themes/voyage-parent/theme_config/extensions/contactform/static/css/contact_form.css?ver=1.1.0 HTTP/1.1" 200 1446 "http://www.luxurytravel.pl/kontakt/" "Mozilla/5.0 (Windows NT 6.2) AppleWebKit/537.36 (KHTML, like Gecko) Chrome/69.0.3497.100 Safari/537.36 OPR/56.0.3051.52"
89.191.156.93 - - [06/Dec/2018:10:46:37 +0100] "GET /wp-includes/js/jquery/jquery.form.min.js?ver=4.2.1 HTTP/1.1" 200 6294 "http://www.luxurytravel.pl/kontakt/" "Mozilla/5.0 (Windows NT 6.2) AppleWebKit/537.36 (KHTML, like Gecko) Chrome/69.0.3497.100 Safari/537.36 OPR/56.0.3051.52"
89.191.156.93 - - [06/Dec/2018:10:46:37 +0100] "GET /wp-includes/js/comment-reply.min.js?ver=4.9.8 HTTP/1.1" 200 589 "http://www.luxurytravel.pl/kontakt/" "Mozilla/5.0 (Windows NT 6.2) AppleWebKit/537.36 (KHTML, like Gecko) Chrome/69.0.3497.100 Safari/537.36 OPR/56.0.3051.52"
89.191.156.93 - - [06/Dec/2018:10:46:37 +0100] "GET /wp-content/themes/voyage-parent/js/contact_forms.js?ver=1.1.0 HTTP/1.1" 200 1563 "http://www.luxurytravel.pl/kontakt/" "Mozilla/5.0 (Windows NT 6.2) AppleWebKit/537.36 (KHTML, like Gecko) Chrome/69.0.3497.100 Safari/537.36 OPR/56.0.3051.52"
40.77.167.23 - - [06/Dec/2018:10:46:36 +0100] "GET /wp-content/uploads/2014/05/06-Reethi-Rah-Maldives-1015x571.jpg HTTP/1.1" 200 111841 "-" "Mozilla/5.0 (compatible; bingbot/2.0; +http://www.bing.com/bingbot.htm)"
89.191.156.93 - - [06/Dec/2018:10:46:37 +0100] "GET /wp-content/uploads/2015/11/2-hoza.jpg HTTP/1.1" 200 169167 "http://www.luxurytravel.pl/kontakt/" "Mozilla/5.0 (Windows NT 6.2) AppleWebKit/537.36 (KHTML, like Gecko) Chrome/69.0.3497.100 Safari/537.36 OPR/56.0.3051.52"
89.191.156.93 - - [06/Dec/2018:10:46:37 +0100] "GET /wp-content/themes/nexilab/images/newsletter.jpg HTTP/1.1" 200 309168 "http://www.luxurytravel.pl/wp-content/themes/nexilab/style.css" "Mozilla/5.0 (Windows NT 6.2) AppleWebKit/537.36 (KHTML, like Gecko) Chrome/69.0.3497.100 Safari/537.36 OPR/56.0.3051.52"
160.120.229.247 - - [06/Dec/2018:10:46:43 +0100] "POST /xmlrpc.php HTTP/1.1" 200 417 "-" "Mozilla/5.0 (X11; Linux i686; rv:2.0.1) Gecko/20100101 Firefox/4.0.1"
79.189.251.118 - - [06/Dec/2018:10:46:43 +0100] "GET /holiday/velaa-private-island-atol-noonu/ HTTP/1.1" 200 17657 "http://www.luxurytravel.pl/" "Mozilla/5.0 (Windows NT 6.1) AppleWebKit/537.36 (KHTML, like Gecko) Chrome/69.0.3497.100 Safari/537.36"
79.189.251.118 - - [06/Dec/2018:10:46:44 +0100] "GET /wp-content/uploads/2018/08/VELAA...-75x75.jpg HTTP/1.1" 200 2675 "http://www.luxurytravel.pl/holiday/velaa-private-island-atol-noonu/" "Mozilla/5.0 (Windows NT 6.1) AppleWebKit/537.36 (KHTML, like Gecko) Chrome/69.0.3497.100 Safari/537.36"
79.189.251.118 - - [06/Dec/2018:10:46:44 +0100] "GET /wp-content/uploads/2018/08/VELAA-..-75x75.jpg HTTP/1.1" 200 2485 "http://www.luxurytravel.pl/holiday/velaa-private-island-atol-noonu/" "Mozilla/5.0 (Windows NT 6.1) AppleWebKit/537.36 (KHTML, like Gecko) Chrome/69.0.3497.100 Safari/537.36"
79.189.251.118 - - [06/Dec/2018:10:46:44 +0100] "GET /wp-content/uploads/2018/08/Ocean-Pool-House-Exterior-1-75x75.jpg HTTP/1.1" 200 2347 "http://www.luxurytravel.pl/holiday/velaa-private-island-atol-noonu/" "Mozilla/5.0 (Windows NT 6.1) AppleWebKit/537.36 (KHTML, like Gecko) Chrome/69.0.3497.100 Safari/537.36"
79.189.251.118 - - [06/Dec/2018:10:46:45 +0100] "GET /wp-content/uploads/2018/08/VELA1-75x75.jpg HTTP/1.1" 200 3197 "http://www.luxurytravel.pl/holiday/velaa-private-island-atol-noonu/" "Mozilla/5.0 (Windows NT 6.1) AppleWebKit/537.36 (KHTML, like Gecko) Chrome/69.0.3497.100 Safari/537.36"
79.189.251.118 - - [06/Dec/2018:10:46:45 +0100] "GET /wp-content/uploads/2018/08/VELAAP-75x75.jpg HTTP/1.1" 200 3323 "http://www.luxurytravel.pl/holiday/velaa-private-island-atol-noonu/" "Mozilla/5.0 (Windows NT 6.1) AppleWebKit/537.36 (KHTML, like Gecko) Chrome/69.0.3497.100 Safari/537.36"
79.189.251.118 - - [06/Dec/2018:10:46:45 +0100] "GET /wp-content/uploads/2018/08/VELAA.......-75x75.jpg HTTP/1.1" 200 2652 "http://www.luxurytravel.pl/holiday/velaa-private-island-atol-noonu/" "Mozilla/5.0 (Windows NT 6.1) AppleWebKit/537.36 (KHTML, like Gecko) Chrome/69.0.3497.100 Safari/537.36"
79.189.251.118 - - [06/Dec/2018:10:46:45 +0100] "GET /wp-content/uploads/2018/08/DSC_4900-HD-75x75.jpeg HTTP/1.1" 200 2356 "http://www.luxurytravel.pl/holiday/velaa-private-island-atol-noonu/" "Mozilla/5.0 (Windows NT 6.1) AppleWebKit/537.36 (KHTML, like Gecko) Chrome/69.0.3497.100 Safari/537.36"
14.161.32.25 - - [06/Dec/2018:10:46:45 +0100] "GET /wp-content/uploads/2017/09/Intercontinental-Danang-Resort-Wietnam-12.jpg HTTP/1.1" 200 300733 "https://www.google.com.vn/" "Mozilla/5.0 (Windows NT 6.3; Win64; x64) AppleWebKit/537.36 (KHTML, like Gecko) Chrome/70.0.3538.110 Safari/537.36"
79.189.251.118 - - [06/Dec/2018:10:46:47 +0100] "GET /wp-content/uploads/2018/08/Golf-67-75x75.jpg HTTP/1.1" 200 2192 "http://www.luxurytravel.pl/holiday/velaa-private-island-atol-noonu/" "Mozilla/5.0 (Windows NT 6.1) AppleWebKit/537.36 (KHTML, like Gecko) Chrome/69.0.3497.100 Safari/537.36"
79.189.251.118 - - [06/Dec/2018:10:46:47 +0100] "GET /wp-content/uploads/2018/08/Velaa-2-75x75.jpg HTTP/1.1" 200 2398 "http://www.luxurytravel.pl/holiday/velaa-private-island-atol-noonu/" "Mozilla/5.0 (Windows NT 6.1) AppleWebKit/537.36 (KHTML, like Gecko) Chrome/69.0.3497.100 Safari/537.36"
79.189.251.118 - - [06/Dec/2018:10:46:47 +0100] "GET /wp-content/uploads/2018/08/Beach-Pool-Villa-Outdoor-Gazebo-75x75.jpg HTTP/1.1" 200 2830 "http://www.luxurytravel.pl/holiday/velaa-private-island-atol-noonu/" "Mozilla/5.0 (Windows NT 6.1) AppleWebKit/537.36 (KHTML, like Gecko) Chrome/69.0.3497.100 Safari/537.36"
79.189.251.118 - - [06/Dec/2018:10:46:47 +0100] "GET /wp-content/uploads/2018/08/Velaa-glowne-75x75.jpg HTTP/1.1" 200 2605 "http://www.luxurytravel.pl/holiday/velaa-private-island-atol-noonu/" "Mozilla/5.0 (Windows NT 6.1) AppleWebKit/537.36 (KHTML, like Gecko) Chrome/69.0.3497.100 Safari/537.36"
79.189.251.118 - - [06/Dec/2018:10:46:49 +0100] "GET /wp-content/uploads/2018/08/Velaa-glowne-1015x571.jpg HTTP/1.1" 200 124313 "http://www.luxurytravel.pl/holiday/velaa-private-island-atol-noonu/" "Mozilla/5.0 (Windows NT 6.1) AppleWebKit/537.36 (KHTML, like Gecko) Chrome/69.0.3497.100 Safari/537.36"
54.36.148.31 - - [06/Dec/2018:10:46:53 +0100] "GET /wp-content/uploads/2017/06/Al-Baleed-Resort-Salalah-by-Anantara-Oman-20.jpg HTTP/1.1" 200 330062 "-" "Mozilla/5.0 (compatible; AhrefsBot/5.2; +http://ahrefs.com/robot/)"
79.189.251.118 - - [06/Dec/2018:10:46:54 +0100] "GET /wp-content/uploads/2018/08/Velaa-2-1015x571.jpg HTTP/1.1" 200 96688 "http://www.luxurytravel.pl/holiday/velaa-private-island-atol-noonu/" "Mozilla/5.0 (Windows NT 6.1) AppleWebKit/537.36 (KHTML, like Gecko) Chrome/69.0.3497.100 Safari/537.36"
79.189.251.118 - - [06/Dec/2018:10:46:55 +0100] "GET /wp-content/uploads/2018/08/VELAA-..-1015x571.jpg HTTP/1.1" 200 127615 "http://www.luxurytravel.pl/holiday/velaa-private-island-atol-noonu/" "Mozilla/5.0 (Windows NT 6.1) AppleWebKit/537.36 (KHTML, like Gecko) Chrome/69.0.3497.100 Safari/537.36"
176.104.117.23 - - [06/Dec/2018:10:46:55 +0100] "GET / HTTP/1.1" 200 16998 "http://www.google.com/url?sa=t&rct=j&q=ekskluzywne%20safari&source=web&cd=2&sqi=2&ved=0CFYQFjAC&url=http%3A%2F%2Fwww.luxurytravel.pl&ei=DfAIXLCXJcSPrge8y4DwAQ&usg=AFQjCNF-Wngt-fe_6NRzhGAee7wHjCC8uw&bvm=bv.84349003,d.bGQ" "Mozilla/5.0 (Windows NT 6.3; rv:63.0) Gecko/20100101 Firefox/63.0"
79.189.251.118 - - [06/Dec/2018:10:46:56 +0100] "GET /wp-content/uploads/2018/08/Beach-Pool-Villa-Outdoor-Gazebo-1015x571.jpg HTTP/1.1" 200 132449 "http://www.luxurytravel.pl/holiday/velaa-private-island-atol-noonu/" "Mozilla/5.0 (Windows NT 6.1) AppleWebKit/537.36 (KHTML, like Gecko) Chrome/69.0.3497.100 Safari/537.36"
176.104.117.23 - - [06/Dec/2018:10:46:56 +0100] "GET /wp-content/plugins/cookie-law-info/public/css/cookie-law-info-gdpr.css?ver=1.7.1 HTTP/1.1" 200 2496 "http://www.luxurytravel.pl/" "Mozilla/5.0 (Windows NT 6.3; rv:63.0) Gecko/20100101 Firefox/63.0"
176.104.117.23 - - [06/Dec/2018:10:46:56 +0100] "GET /wp-content/plugins/contact-form-7/includes/css/styles.css?ver=5.0.5 HTTP/1.1" 200 671 "http://www.luxurytravel.pl/" "Mozilla/5.0 (Windows NT 6.3; rv:63.0) Gecko/20100101 Firefox/63.0"
176.104.117.23 - - [06/Dec/2018:10:46:57 +0100] "GET /wp-content/plugins/contact-form-7-datepicker/js/jquery-ui-timepicker/jquery-ui-timepicker-addon.min.css?ver=4.9.8 HTTP/1.1" 200 333 "http://www.luxurytravel.pl/" "Mozilla/5.0 (Windows NT 6.3; rv:63.0) Gecko/20100101 Firefox/63.0"
176.104.117.23 - - [06/Dec/2018:10:46:57 +0100] "GET /wp-content/themes/nexilab/style.css HTTP/1.1" 200 7424 "http://www.luxurytravel.pl/" "Mozilla/5.0 (Windows NT 6.3; rv:63.0) Gecko/20100101 Firefox/63.0"
176.104.117.23 - - [06/Dec/2018:10:46:57 +0100] "GET /wp-content/themes/nexilab/screen.css HTTP/1.1" 200 8051 "http://www.luxurytravel.pl/" "Mozilla/5.0 (Windows NT 6.3; rv:63.0) Gecko/20100101 Firefox/63.0"
176.104.117.23 - - [06/Dec/2018:10:46:57 +0100] "GET /wp-content/plugins/cookie-law-info/public/css/cookie-law-info-public.css?ver=1.7.1 HTTP/1.1" 200 772 "http://www.luxurytravel.pl/" "Mozilla/5.0 (Windows NT 6.3; rv:63.0) Gecko/20100101 Firefox/63.0"
176.104.117.23 - - [06/Dec/2018:10:46:57 +0100] "GET /wp-content/plugins/revslider/public/assets/css/settings.css?ver=5.0.8.5 HTTP/1.1" 200 7314 "http://www.luxurytravel.pl/" "Mozilla/5.0 (Windows NT 6.3; rv:63.0) Gecko/20100101 Firefox/63.0"
176.104.117.23 - - [06/Dec/2018:10:46:57 +0100] "GET /wp-content/plugins/testimonials-carousel//css/jquery.bxslider.css?ver=4.9.8 HTTP/1.1" 200 1727 "http://www.luxurytravel.pl/" "Mozilla/5.0 (Windows NT 6.3; rv:63.0) Gecko/20100101 Firefox/63.0"
176.104.117.23 - - [06/Dec/2018:10:46:57 +0100] "GET /wp-content/plugins/wp-pagenavi/pagenavi-css.css?ver=2.70 HTTP/1.1" 200 239 "http://www.luxurytravel.pl/" "Mozilla/5.0 (Windows NT 6.3; rv:63.0) Gecko/20100101 Firefox/63.0"
176.104.117.23 - - [06/Dec/2018:10:46:57 +0100] "GET /wp-content/themes/nexilab/css/tango/skin.css?ver=4.9.8 HTTP/1.1" 200 714 "http://www.luxurytravel.pl/" "Mozilla/5.0 (Windows NT 6.3; rv:63.0) Gecko/20100101 Firefox/63.0"
176.104.117.23 - - [06/Dec/2018:10:46:57 +0100] "GET /wp-content/themes/voyage-parent/custom.css?ver=4.9.8 HTTP/1.1" 200 194 "http://www.luxurytravel.pl/" "Mozilla/5.0 (Windows NT 6.3; rv:63.0) Gecko/20100101 Firefox/63.0"
176.104.117.23 - - [06/Dec/2018:10:46:57 +0100] "GET /wp-content/themes/voyage-parent/css/jslider.css?ver=4.9.8 HTTP/1.1" 200 737 "http://www.luxurytravel.pl/" "Mozilla/5.0 (Windows NT 6.3; rv:63.0) Gecko/20100101 Firefox/63.0"
176.104.117.23 - - [06/Dec/2018:10:46:57 +0100] "GET /wp-content/themes/voyage-parent/css/cusel.css?ver=4.9.8 HTTP/1.1" 200 1149 "http://www.luxurytravel.pl/" "Mozilla/5.0 (Windows NT 6.3; rv:63.0) Gecko/20100101 Firefox/63.0"
176.104.117.23 - - [06/Dec/2018:10:46:57 +0100] "GET /wp-content/themes/voyage-parent/css/customInput.css?ver=4.9.8 HTTP/1.1" 200 419 "http://www.luxurytravel.pl/" "Mozilla/5.0 (Windows NT 6.3; rv:63.0) Gecko/20100101 Firefox/63.0"
176.104.117.23 - - [06/Dec/2018:10:46:57 +0100] "GET /wp-content/themes/voyage-parent/css/custom-theme/jquery-ui-1.8.20.custom.css?ver=4.9.8 HTTP/1.1" 200 4592 "http://www.luxurytravel.pl/" "Mozilla/5.0 (Windows NT 6.3; rv:63.0) Gecko/20100101 Firefox/63.0"
176.104.117.23 - - [06/Dec/2018:10:46:57 +0100] "GET /wp-content/themes/voyage-parent/css/prettyPhoto.css?ver=3.1.3 HTTP/1.1" 200 2749 "http://www.luxurytravel.pl/" "Mozilla/5.0 (Windows NT 6.3; rv:63.0) Gecko/20100101 Firefox/63.0"
176.104.117.23 - - [06/Dec/2018:10:46:57 +0100] "GET /wp-content/themes/voyage-parent/css/shCore.css?ver=2.1.382 HTTP/1.1" 200 1918 "http://www.luxurytravel.pl/" "Mozilla/5.0 (Windows NT 6.3; rv:63.0) Gecko/20100101 Firefox/63.0"
176.104.117.23 - - [06/Dec/2018:10:46:57 +0100] "GET /wp-content/themes/voyage-parent/css/shThemeDefault.css?ver=2.1.382 HTTP/1.1" 200 1209 "http://www.luxurytravel.pl/" "Mozilla/5.0 (Windows NT 6.3; rv:63.0) Gecko/20100101 Firefox/63.0"
176.104.117.23 - - [06/Dec/2018:10:46:57 +0100] "GET /wp-includes/js/jquery/jquery-migrate.min.js?ver=1.4.1 HTTP/1.1" 200 4014 "http://www.luxurytravel.pl/" "Mozilla/5.0 (Windows NT 6.3; rv:63.0) Gecko/20100101 Firefox/63.0"
176.104.117.23 - - [06/Dec/2018:10:46:57 +0100] "GET /wp-content/plugins/cookie-law-info/public/js/cookie-law-info-public.js?ver=1.7.1 HTTP/1.1" 200 3859 "http://www.luxurytravel.pl/" "Mozilla/5.0 (Windows NT 6.3; rv:63.0) Gecko/20100101 Firefox/63.0"
176.104.117.23 - - [06/Dec/2018:10:46:57 +0100] "GET /wp-content/plugins/revslider/public/assets/js/jquery.themepunch.tools.min.js?ver=5.0.8.5 HTTP/1.1" 200 34910 "http://www.luxurytravel.pl/" "Mozilla/5.0 (Windows NT 6.3; rv:63.0) Gecko/20100101 Firefox/63.0"
176.104.117.23 - - [06/Dec/2018:10:46:57 +0100] "GET /wp-includes/js/jquery/jquery.js?ver=1.12.4 HTTP/1.1" 200 33766 "http://www.luxurytravel.pl/" "Mozilla/5.0 (Windows NT 6.3; rv:63.0) Gecko/20100101 Firefox/63.0"
176.104.117.23 - - [06/Dec/2018:10:46:57 +0100] "GET /wp-content/plugins/revslider/public/assets/js/jquery.themepunch.revolution.min.js?ver=5.0.8.5 HTTP/1.1" 200 13243 "http://www.luxurytravel.pl/" "Mozilla/5.0 (Windows NT 6.3; rv:63.0) Gecko/20100101 Firefox/63.0"
176.104.117.23 - - [06/Dec/2018:10:46:57 +0100] "GET /wp-content/plugins/testimonials-carousel//js/jquery.bxslider.min.js?ver=4.9.8 HTTP/1.1" 200 5162 "http://www.luxurytravel.pl/" "Mozilla/5.0 (Windows NT 6.3; rv:63.0) Gecko/20100101 Firefox/63.0"
176.104.117.23 - - [06/Dec/2018:10:46:57 +0100] "GET /wp-content/plugins/testimonials-carousel//js/user.js?ver=4.9.8 HTTP/1.1" 200 395 "http://www.luxurytravel.pl/" "Mozilla/5.0 (Windows NT 6.3; rv:63.0) Gecko/20100101 Firefox/63.0"
176.104.117.23 - - [06/Dec/2018:10:46:57 +0100] "GET /wp-content/themes/voyage-parent/js/libs/modernizr-2.5.3.min.js?ver=4.9.8 HTTP/1.1" 200 6551 "http://www.luxurytravel.pl/" "Mozilla/5.0 (Windows NT 6.3; rv:63.0) Gecko/20100101 Firefox/63.0"
176.104.117.23 - - [06/Dec/2018:10:46:57 +0100] "GET /wp-content/themes/nexilab/js/jquery.jcarousel.min.js?ver=4.9.8 HTTP/1.1" 200 4571 "http://www.luxurytravel.pl/" "Mozilla/5.0 (Windows NT 6.3; rv:63.0) Gecko/20100101 Firefox/63.0"
176.104.117.23 - - [06/Dec/2018:10:46:57 +0100] "GET /wp-content/themes/voyage-parent/js/libs/respond.min.js?ver=4.9.8 HTTP/1.1" 200 2088 "http://www.luxurytravel.pl/" "Mozilla/5.0 (Windows NT 6.3; rv:63.0) Gecko/20100101 Firefox/63.0"
176.104.117.23 - - [06/Dec/2018:10:46:57 +0100] "GET /wp-content/themes/voyage-parent/js/jquery.easing.1.3.min.js?ver=1.3 HTTP/1.1" 200 836 "http://www.luxurytravel.pl/" "Mozilla/5.0 (Windows NT 6.3; rv:63.0) Gecko/20100101 Firefox/63.0"
176.104.117.23 - - [06/Dec/2018:10:46:57 +0100] "GET /wp-content/themes/voyage-parent/js/general.js?ver=2.0 HTTP/1.1" 200 4889 "http://www.luxurytravel.pl/" "Mozilla/5.0 (Windows NT 6.3; rv:63.0) Gecko/20100101 Firefox/63.0"
176.104.117.23 - - [06/Dec/2018:10:46:57 +0100] "GET /wp-content/themes/voyage-parent/js/slides.min.jquery.js?ver=2.0 HTTP/1.1" 200 2339 "http://www.luxurytravel.pl/" "Mozilla/5.0 (Windows NT 6.3; rv:63.0) Gecko/20100101 Firefox/63.0"
176.104.117.23 - - [06/Dec/2018:10:46:57 +0100] "GET /wp-content/themes/voyage-parent/js/jquery.slider.bundle.js?ver=2.0 HTTP/1.1" 200 9527 "http://www.luxurytravel.pl/" "Mozilla/5.0 (Windows NT 6.3; rv:63.0) Gecko/20100101 Firefox/63.0"
176.104.117.23 - - [06/Dec/2018:10:46:57 +0100] "GET /wp-content/themes/voyage-parent/js/jquery.slider.js?ver=2.0 HTTP/1.1" 200 4790 "http://www.luxurytravel.pl/" "Mozilla/5.0 (Windows NT 6.3; rv:63.0) Gecko/20100101 Firefox/63.0"
176.104.117.23 - - [06/Dec/2018:10:46:57 +0100] "GET /wp-content/themes/voyage-parent/js/jquery.customInput.js?ver=2.0 HTTP/1.1" 200 681 "http://www.luxurytravel.pl/" "Mozilla/5.0 (Windows NT 6.3; rv:63.0) Gecko/20100101 Firefox/63.0"
176.104.117.23 - - [06/Dec/2018:10:46:57 +0100] "GET /wp-content/themes/voyage-parent/js/jquery.tools.min.js?ver=1.2.5 HTTP/1.1" 200 1891 "http://www.luxurytravel.pl/" "Mozilla/5.0 (Windows NT 6.3; rv:63.0) Gecko/20100101 Firefox/63.0"
176.104.117.23 - - [06/Dec/2018:10:46:57 +0100] "GET /wp-content/themes/voyage-parent/js/jScrollPane.min.js?ver=2.0 HTTP/1.1" 200 2362 "http://www.luxurytravel.pl/" "Mozilla/5.0 (Windows NT 6.3; rv:63.0) Gecko/20100101 Firefox/63.0"
176.104.117.23 - - [06/Dec/2018:10:46:57 +0100] "GET /wp-content/themes/voyage-parent/js/cusel-min.js?ver=2.0 HTTP/1.1" 200 4767 "http://www.luxurytravel.pl/" "Mozilla/5.0 (Windows NT 6.3; rv:63.0) Gecko/20100101 Firefox/63.0"
176.104.117.23 - - [06/Dec/2018:10:46:57 +0100] "GET /wp-content/themes/voyage-parent/js/jquery-ui-1.9.2.custom.min.js?ver=1.9.2 HTTP/1.1" 200 60213 "http://www.luxurytravel.pl/" "Mozilla/5.0 (Windows NT 6.3; rv:63.0) Gecko/20100101 Firefox/63.0"
176.104.117.23 - - [06/Dec/2018:10:46:57 +0100] "GET /wp-content/themes/voyage-parent/js/jquery.mousewheel.js?ver=2.0 HTTP/1.1" 200 962 "http://www.luxurytravel.pl/" "Mozilla/5.0 (Windows NT 6.3; rv:63.0) Gecko/20100101 Firefox/63.0"
176.104.117.23 - - [06/Dec/2018:10:46:57 +0100] "GET /wp-content/themes/voyage-parent/js/jquery.galleriffic.min.js?ver=2.0.1 HTTP/1.1" 200 3616 "http://www.luxurytravel.pl/" "Mozilla/5.0 (Windows NT 6.3; rv:63.0) Gecko/20100101 Firefox/63.0"
176.104.117.23 - - [06/Dec/2018:10:46:57 +0100] "GET /wp-content/themes/voyage-parent/framework/extensions/newsletter/static/js/newsletter_clientside.js?ver=4.9.8 HTTP/1.1" 200 557 "http://www.luxurytravel.pl/" "Mozilla/5.0 (Windows NT 6.3; rv:63.0) Gecko/20100101 Firefox/63.0"
176.104.117.23 - - [06/Dec/2018:10:46:57 +0100] "GET /wp-content/themes/voyage-parent/js/jquery.opacityrollover.js?ver=1.0 HTTP/1.1" 200 478 "http://www.luxurytravel.pl/" "Mozilla/5.0 (Windows NT 6.3; rv:63.0) Gecko/20100101 Firefox/63.0"
176.104.117.23 - - [06/Dec/2018:10:46:57 +0100] "GET /wp-content/themes/voyage-parent/cache/min-css-e9b68362a041ee7baf73c0776c1c83db.css?m=0 HTTP/1.1" 200 98 "http://www.luxurytravel.pl/" "Mozilla/5.0 (Windows NT 6.3; rv:63.0) Gecko/20100101 Firefox/63.0"
176.104.117.23 - - [06/Dec/2018:10:46:57 +0100] "GET /wp-content/themes/voyage-parent/framework/extensions/newsletter/static/css/newsletter_clientside.css?ver=4.9.8 HTTP/1.1" 200 113 "http://www.luxurytravel.pl/" "Mozilla/5.0 (Windows NT 6.3; rv:63.0) Gecko/20100101 Firefox/63.0"
176.104.117.23 - - [06/Dec/2018:10:46:57 +0100] "GET /wp-includes/js/jquery/ui/core.min.js?ver=1.11.4 HTTP/1.1" 200 1821 "http://www.luxurytravel.pl/" "Mozilla/5.0 (Windows NT 6.3; rv:63.0) Gecko/20100101 Firefox/63.0"
176.104.117.23 - - [06/Dec/2018:10:46:57 +0100] "GET /wp-content/plugins/contact-form-7/includes/js/scripts.js?ver=5.0.5 HTTP/1.1" 200 4047 "http://www.luxurytravel.pl/" "Mozilla/5.0 (Windows NT 6.3; rv:63.0) Gecko/20100101 Firefox/63.0"
176.104.117.23 - - [06/Dec/2018:10:46:57 +0100] "GET /wp-includes/js/jquery/ui/datepicker.min.js?ver=1.11.4 HTTP/1.1" 200 11002 "http://www.luxurytravel.pl/" "Mozilla/5.0 (Windows NT 6.3; rv:63.0) Gecko/20100101 Firefox/63.0"
176.104.117.23 - - [06/Dec/2018:10:46:57 +0100] "GET /wp-content/plugins/contact-form-7-datepicker/js/jquery-ui-timepicker/jquery-ui-timepicker-addon.min.js?ver=4.9.8 HTTP/1.1" 200 10101 "http://www.luxurytravel.pl/" "Mozilla/5.0 (Windows NT 6.3; rv:63.0) Gecko/20100101 Firefox/63.0"
176.104.117.23 - - [06/Dec/2018:10:46:58 +0100] "GET /wp-content/plugins/contact-form-7-datepicker/js/jquery-ui-timepicker/i18n/jquery-ui-timepicker-pl.js?ver=4.9.8 HTTP/1.1" 200 345 "http://www.luxurytravel.pl/" "Mozilla/5.0 (Windows NT 6.3; rv:63.0) Gecko/20100101 Firefox/63.0"
176.104.117.23 - - [06/Dec/2018:10:46:58 +0100] "GET /wp-includes/js/jquery/ui/widget.min.js?ver=1.11.4 HTTP/1.1" 200 2599 "http://www.luxurytravel.pl/" "Mozilla/5.0 (Windows NT 6.3; rv:63.0) Gecko/20100101 Firefox/63.0"
89.191.156.93 - - [06/Dec/2018:10:46:56 +0100] "GET /kontakt/ HTTP/1.1" 200 14659 "http://www.luxurytravel.pl/kontakt/" "Mozilla/5.0 (Windows NT 6.2) AppleWebKit/537.36 (KHTML, like Gecko) Chrome/69.0.3497.100 Safari/537.36 OPR/56.0.3051.52"
176.104.117.23 - - [06/Dec/2018:10:46:58 +0100] "GET /wp-includes/js/jquery/ui/mouse.min.js?ver=1.11.4 HTTP/1.1" 200 1021 "http://www.luxurytravel.pl/" "Mozilla/5.0 (Windows NT 6.3; rv:63.0) Gecko/20100101 Firefox/63.0"
176.104.117.23 - - [06/Dec/2018:10:46:58 +0100] "GET /wp-includes/js/jquery/ui/slider.min.js?ver=1.11.4 HTTP/1.1" 200 3093 "http://www.luxurytravel.pl/" "Mozilla/5.0 (Windows NT 6.3; rv:63.0) Gecko/20100101 Firefox/63.0"
176.104.117.23 - - [06/Dec/2018:10:46:58 +0100] "GET /wp-includes/js/jquery/ui/button.min.js?ver=1.11.4 HTTP/1.1" 200 2082 "http://www.luxurytravel.pl/" "Mozilla/5.0 (Windows NT 6.3; rv:63.0) Gecko/20100101 Firefox/63.0"
176.104.117.23 - - [06/Dec/2018:10:46:58 +0100] "GET /wp-content/plugins/contact-form-7-datepicker/js/jquery-ui-sliderAccess.js?ver=4.9.8 HTTP/1.1" 200 1160 "http://www.luxurytravel.pl/" "Mozilla/5.0 (Windows NT 6.3; rv:63.0) Gecko/20100101 Firefox/63.0"
176.104.117.23 - - [06/Dec/2018:10:46:58 +0100] "GET /wp-includes/js/hoverIntent.min.js?ver=1.8.1 HTTP/1.1" 200 479 "http://www.luxurytravel.pl/" "Mozilla/5.0 (Windows NT 6.3; rv:63.0) Gecko/20100101 Firefox/63.0"
176.104.117.23 - - [06/Dec/2018:10:46:58 +0100] "GET /wp-content/themes/voyage-parent/js/jquery.prettyPhoto.js?ver=3.1.4 HTTP/1.1" 200 9411 "http://www.luxurytravel.pl/" "Mozilla/5.0 (Windows NT 6.3; rv:63.0) Gecko/20100101 Firefox/63.0"
176.104.117.23 - - [06/Dec/2018:10:46:58 +0100] "GET /wp-content/themes/voyage-parent/js/shCore.js?ver=2.1.382 HTTP/1.1" 200 10781 "http://www.luxurytravel.pl/" "Mozilla/5.0 (Windows NT 6.3; rv:63.0) Gecko/20100101 Firefox/63.0"
176.104.117.23 - - [06/Dec/2018:10:46:58 +0100] "GET /wp-content/themes/voyage-parent/js/shBrushPlain.js?ver=2.1.382 HTTP/1.1" 200 644 "http://www.luxurytravel.pl/" "Mozilla/5.0 (Windows NT 6.3; rv:63.0) Gecko/20100101 Firefox/63.0"
176.104.117.23 - - [06/Dec/2018:10:46:58 +0100] "GET /wp-includes/js/wp-embed.min.js?ver=4.9.8 HTTP/1.1" 200 751 "http://www.luxurytravel.pl/" "Mozilla/5.0 (Windows NT 6.3; rv:63.0) Gecko/20100101 Firefox/63.0"
176.104.117.23 - - [06/Dec/2018:10:46:58 +0100] "GET /wp-content/themes/voyage-parent/cache/min-js-2e82484c1698a8204db8b951e0ae70d1.js?m=0 HTTP/1.1" 200 100 "http://www.luxurytravel.pl/" "Mozilla/5.0 (Windows NT 6.3; rv:63.0) Gecko/20100101 Firefox/63.0"
176.104.117.23 - - [06/Dec/2018:10:46:58 +0100] "GET /wp-content/themes/nexilab/js/jquery.smooth-scroll.min.js HTTP/1.1" 200 1319 "http://www.luxurytravel.pl/" "Mozilla/5.0 (Windows NT 6.3; rv:63.0) Gecko/20100101 Firefox/63.0"
176.104.117.23 - - [06/Dec/2018:10:46:58 +0100] "GET /wp-content/themes/nexilab/js/init.js HTTP/1.1" 200 2764 "http://www.luxurytravel.pl/" "Mozilla/5.0 (Windows NT 6.3; rv:63.0) Gecko/20100101 Firefox/63.0"
176.104.117.23 - - [06/Dec/2018:10:46:58 +0100] "GET /wp-content/themes/nexilab/skin/color.css HTTP/1.1" 200 604 "http://www.luxurytravel.pl/wp-content/themes/nexilab/style.css" "Mozilla/5.0 (Windows NT 6.3; rv:63.0) Gecko/20100101 Firefox/63.0"
176.104.117.23 - - [06/Dec/2018:10:46:58 +0100] "GET /wp-content/themes/voyage-parent/style.css HTTP/1.1" 200 24349 "http://www.luxurytravel.pl/wp-content/themes/nexilab/style.css" "Mozilla/5.0 (Windows NT 6.3; rv:63.0) Gecko/20100101 Firefox/63.0"
176.104.117.23 - - [06/Dec/2018:10:46:58 +0100] "GET /wp-content/uploads/map/continent_5.png HTTP/1.1" 200 2911 "http://www.luxurytravel.pl/" "Mozilla/5.0 (Windows NT 6.3; rv:63.0) Gecko/20100101 Firefox/63.0"
176.104.117.23 - - [06/Dec/2018:10:46:58 +0100] "GET /wp-content/uploads/map/continent_3.png HTTP/1.1" 200 2595 "http://www.luxurytravel.pl/" "Mozilla/5.0 (Windows NT 6.3; rv:63.0) Gecko/20100101 Firefox/63.0"
176.104.117.23 - - [06/Dec/2018:10:46:58 +0100] "GET /wp-content/uploads/map/continent_4.png HTTP/1.1" 200 2149 "http://www.luxurytravel.pl/" "Mozilla/5.0 (Windows NT 6.3; rv:63.0) Gecko/20100101 Firefox/63.0"
176.104.117.23 - - [06/Dec/2018:10:46:58 +0100] "GET /wp-content/uploads/map/continent_1.png HTTP/1.1" 200 3542 "http://www.luxurytravel.pl/" "Mozilla/5.0 (Windows NT 6.3; rv:63.0) Gecko/20100101 Firefox/63.0"
176.104.117.23 - - [06/Dec/2018:10:46:58 +0100] "GET /wp-content/uploads/map/continent_2.png HTTP/1.1" 200 2671 "http://www.luxurytravel.pl/" "Mozilla/5.0 (Windows NT 6.3; rv:63.0) Gecko/20100101 Firefox/63.0"
176.104.117.23 - - [06/Dec/2018:10:46:58 +0100] "GET /wp-content/uploads/map/continent_6.png HTTP/1.1" 200 1489 "http://www.luxurytravel.pl/" "Mozilla/5.0 (Windows NT 6.3; rv:63.0) Gecko/20100101 Firefox/63.0"
176.104.117.23 - - [06/Dec/2018:10:46:58 +0100] "GET /wp-content/plugins/revslider/admin/assets/images/dummy.png HTTP/1.1" 200 3279 "http://www.luxurytravel.pl/" "Mozilla/5.0 (Windows NT 6.3; rv:63.0) Gecko/20100101 Firefox/63.0"
176.104.117.23 - - [06/Dec/2018:10:46:58 +0100] "GET /wp-includes/js/wp-emoji-release.min.js?ver=4.9.8 HTTP/1.1" 200 4382 "http://www.luxurytravel.pl/" "Mozilla/5.0 (Windows NT 6.3; rv:63.0) Gecko/20100101 Firefox/63.0"
176.104.117.23 - - [06/Dec/2018:10:46:58 +0100] "GET /wp-content/themes/nexilab/images/scroll.png HTTP/1.1" 200 1025 "http://www.luxurytravel.pl/wp-content/themes/nexilab/style.css" "Mozilla/5.0 (Windows NT 6.3; rv:63.0) Gecko/20100101 Firefox/63.0"
176.104.117.23 - - [06/Dec/2018:10:46:59 +0100] "GET /wp-content/themes/nexilab/images/bg8.png HTTP/1.1" 200 181 "http://www.luxurytravel.pl/" "Mozilla/5.0 (Windows NT 6.3; rv:63.0) Gecko/20100101 Firefox/63.0"
176.104.117.23 - - [06/Dec/2018:10:46:59 +0100] "GET /wp-content/themes/nexilab/fonts/Minion%20Pro%20Italic.woff HTTP/1.1" 200 154896 "http://www.luxurytravel.pl/wp-content/themes/nexilab/style.css" "Mozilla/5.0 (Windows NT 6.3; rv:63.0) Gecko/20100101 Firefox/63.0"
176.104.117.23 - - [06/Dec/2018:10:46:59 +0100] "GET /wp-content/uploads/2018/07/Time-Tide-Miavana-2017-46.jpg HTTP/1.1" 200 86796 "http://www.luxurytravel.pl/" "Mozilla/5.0 (Windows NT 6.3; rv:63.0) Gecko/20100101 Firefox/63.0"
176.104.117.23 - - [06/Dec/2018:10:46:59 +0100] "GET /wp-content/uploads/2018/07/Atlantis-The-Palm-00.jpg HTTP/1.1" 200 244331 "http://www.luxurytravel.pl/" "Mozilla/5.0 (Windows NT 6.3; rv:63.0) Gecko/20100101 Firefox/63.0"
176.104.117.23 - - [06/Dec/2018:10:46:59 +0100] "GET /wp-content/uploads/2018/07/One-And-Only-Royal-Mirage-00.jpg HTTP/1.1" 200 143370 "http://www.luxurytravel.pl/" "Mozilla/5.0 (Windows NT 6.3; rv:63.0) Gecko/20100101 Firefox/63.0"
176.104.117.23 - - [06/Dec/2018:10:47:00 +0100] "GET /wp-content/plugins/revslider/public/assets/js/extensions/revolution.extension.slideanims.min.js HTTP/1.1" 200 5430 "http://www.luxurytravel.pl/" "Mozilla/5.0 (Windows NT 6.3; rv:63.0) Gecko/20100101 Firefox/63.0"
176.104.117.23 - - [06/Dec/2018:10:47:00 +0100] "GET /wp-content/plugins/revslider/public/assets/js/extensions/revolution.extension.actions.min.js HTTP/1.1" 200 1313 "http://www.luxurytravel.pl/" "Mozilla/5.0 (Windows NT 6.3; rv:63.0) Gecko/20100101 Firefox/63.0"
176.104.117.23 - - [06/Dec/2018:10:46:59 +0100] "GET /wp-content/uploads/2018/04/dookola-swiata.jpg HTTP/1.1" 200 126943 "http://www.luxurytravel.pl/" "Mozilla/5.0 (Windows NT 6.3; rv:63.0) Gecko/20100101 Firefox/63.0"
176.104.117.23 - - [06/Dec/2018:10:47:00 +0100] "GET /wp-content/plugins/revslider/public/assets/js/extensions/revolution.extension.layeranimation.min.js HTTP/1.1" 200 8435 "http://www.luxurytravel.pl/" "Mozilla/5.0 (Windows NT 6.3; rv:63.0) Gecko/20100101 Firefox/63.0"
176.104.117.23 - - [06/Dec/2018:10:47:00 +0100] "GET /wp-content/plugins/revslider/public/assets/js/extensions/revolution.extension.navigation.min.js HTTP/1.1" 200 6153 "http://www.luxurytravel.pl/" "Mozilla/5.0 (Windows NT 6.3; rv:63.0) Gecko/20100101 Firefox/63.0"
176.104.117.23 - - [06/Dec/2018:10:46:59 +0100] "GET /wp-content/themes/nexilab/fonts/Lato-Light.woff HTTP/1.1" 200 360688 "http://www.luxurytravel.pl/wp-content/themes/nexilab/style.css" "Mozilla/5.0 (Windows NT 6.3; rv:63.0) Gecko/20100101 Firefox/63.0"
176.104.117.23 - - [06/Dec/2018:10:47:00 +0100] "GET /wp-content/plugins/revslider/public/assets/js/extensions/revolution.extension.parallax.min.js HTTP/1.1" 200 1529 "http://www.luxurytravel.pl/" "Mozilla/5.0 (Windows NT 6.3; rv:63.0) Gecko/20100101 Firefox/63.0"
176.104.117.23 - - [06/Dec/2018:10:47:00 +0100] "GET /wp-content/uploads/2014/07/01-The-St.-Regis-Saadiyat-Island-Resort3.jpg HTTP/1.1" 200 96695 "http://www.luxurytravel.pl/" "Mozilla/5.0 (Windows NT 6.3; rv:63.0) Gecko/20100101 Firefox/63.0"
176.104.117.23 - - [06/Dec/2018:10:47:00 +0100] "GET /wp-content/uploads/2018/03/Pantelleria.........jpg HTTP/1.1" 200 141455 "http://www.luxurytravel.pl/" "Mozilla/5.0 (Windows NT 6.3; rv:63.0) Gecko/20100101 Firefox/63.0"
176.104.117.23 - - [06/Dec/2018:10:47:01 +0100] "GET /wp-content/plugins/revslider/public/assets/fonts/revicons/revicons.woff?5510888 HTTP/1.1" 200 7536 "http://www.luxurytravel.pl/wp-content/plugins/revslider/public/assets/css/settings.css?ver=5.0.8.5" "Mozilla/5.0 (Windows NT 6.3; rv:63.0) Gecko/20100101 Firefox/63.0"
176.104.117.23 - - [06/Dec/2018:10:47:00 +0100] "GET /wp-content/uploads/2018/07/Kasbah-Tamadot-Overview.jpg HTTP/1.1" 200 326082 "http://www.luxurytravel.pl/" "Mozilla/5.0 (Windows NT 6.3; rv:63.0) Gecko/20100101 Firefox/63.0"
176.104.117.23 - - [06/Dec/2018:10:47:00 +0100] "GET /wp-content/uploads/2015/03/01_Epic_Sana_Portugalia1.jpg HTTP/1.1" 200 181617 "http://www.luxurytravel.pl/" "Mozilla/5.0 (Windows NT 6.3; rv:63.0) Gecko/20100101 Firefox/63.0"
176.104.117.23 - - [06/Dec/2018:10:47:00 +0100] "GET /wp-content/uploads/2016/10/Slumsy-Manila-1024x994.jpg HTTP/1.1" 200 201264 "http://www.luxurytravel.pl/" "Mozilla/5.0 (Windows NT 6.3; rv:63.0) Gecko/20100101 Firefox/63.0"
176.104.117.23 - - [06/Dec/2018:10:47:01 +0100] "GET /wp-content/uploads/2016/01/baner-bmw.jpg HTTP/1.1" 200 100482 "http://www.luxurytravel.pl/" "Mozilla/5.0 (Windows NT 6.3; rv:63.0) Gecko/20100101 Firefox/63.0"
176.104.117.23 - - [06/Dec/2018:10:47:01 +0100] "GET /img/logoLT15.png HTTP/1.1" 200 19548 "http://www.luxurytravel.pl/" "Mozilla/5.0 (Windows NT 6.3; rv:63.0) Gecko/20100101 Firefox/63.0"
176.104.117.23 - - [06/Dec/2018:10:47:01 +0100] "GET /wp-content/uploads/2014/07/1.jpg HTTP/1.1" 200 139531 "http://www.luxurytravel.pl/" "Mozilla/5.0 (Windows NT 6.3; rv:63.0) Gecko/20100101 Firefox/63.0"
176.104.117.23 - - [06/Dec/2018:10:47:01 +0100] "GET /wp-content/uploads/2018/01/katalog-banner-lato18.jpg HTTP/1.1" 200 64689 "http://www.luxurytravel.pl/" "Mozilla/5.0 (Windows NT 6.3; rv:63.0) Gecko/20100101 Firefox/63.0"
176.104.117.23 - - [06/Dec/2018:10:47:01 +0100] "GET /wp-content/themes/nexilab/images/bg1.jpg HTTP/1.1" 200 748 "http://www.luxurytravel.pl/wp-content/themes/nexilab/style.css" "Mozilla/5.0 (Windows NT 6.3; rv:63.0) Gecko/20100101 Firefox/63.0"
176.104.117.23 - - [06/Dec/2018:10:47:01 +0100] "GET /wp-content/themes/nexilab/skin/bg2.jpg HTTP/1.1" 200 880 "http://www.luxurytravel.pl/wp-content/themes/nexilab/skin/color.css" "Mozilla/5.0 (Windows NT 6.3; rv:63.0) Gecko/20100101 Firefox/63.0"
176.104.117.23 - - [06/Dec/2018:10:47:02 +0100] "GET /wp-content/themes/nexilab/images/bg3.jpg HTTP/1.1" 200 708 "http://www.luxurytravel.pl/wp-content/themes/nexilab/style.css" "Mozilla/5.0 (Windows NT 6.3; rv:63.0) Gecko/20100101 Firefox/63.0"
176.104.117.23 - - [06/Dec/2018:10:47:02 +0100] "GET /wp-content/themes/voyage-parent/images/dropdown_bg.png HTTP/1.1" 200 989 "http://www.luxurytravel.pl/wp-content/themes/voyage-parent/style.css" "Mozilla/5.0 (Windows NT 6.3; rv:63.0) Gecko/20100101 Firefox/63.0"
176.104.117.23 - - [06/Dec/2018:10:47:02 +0100] "GET /wp-content/plugins/revslider/public/assets/assets/coloredbg.png HTTP/1.1" 200 184 "http://www.luxurytravel.pl/wp-content/plugins/revslider/public/assets/css/settings.css?ver=5.0.8.5" "Mozilla/5.0 (Windows NT 6.3; rv:63.0) Gecko/20100101 Firefox/63.0"
176.104.117.23 - - [06/Dec/2018:10:47:00 +0100] "GET /wp-content/uploads/2015/02/Raport-Specjalny-Azja-9.jpg HTTP/1.1" 200 673871 "http://www.luxurytravel.pl/" "Mozilla/5.0 (Windows NT 6.3; rv:63.0) Gecko/20100101 Firefox/63.0"
176.104.117.23 - - [06/Dec/2018:10:47:02 +0100] "GET /wp-content/uploads/2018/11/Huma-Island-Resort-Filipiny.jpg HTTP/1.1" 200 154490 "http://www.luxurytravel.pl/" "Mozilla/5.0 (Windows NT 6.3; rv:63.0) Gecko/20100101 Firefox/63.0"
176.104.117.23 - - [06/Dec/2018:10:47:02 +0100] "GET /wp-content/uploads/2018/09/Kreta-wakacji-nie-koniec.jpg HTTP/1.1" 200 389338 "http://www.luxurytravel.pl/" "Mozilla/5.0 (Windows NT 6.3; rv:63.0) Gecko/20100101 Firefox/63.0"
176.104.117.23 - - [06/Dec/2018:10:47:02 +0100] "GET /wp-content/uploads/2018/11/Somatheeram-Ayurveda-Resort-Kerala-Indie.jpg HTTP/1.1" 200 477946 "http://www.luxurytravel.pl/" "Mozilla/5.0 (Windows NT 6.3; rv:63.0) Gecko/20100101 Firefox/63.0"
79.189.251.118 - - [06/Dec/2018:10:47:03 +0100] "GET /category/relacje/ HTTP/1.1" 200 17585 "http://www.luxurytravel.pl/holiday/velaa-private-island-atol-noonu/" "Mozilla/5.0 (Windows NT 6.1) AppleWebKit/537.36 (KHTML, like Gecko) Chrome/69.0.3497.100 Safari/537.36"
81.6.34.245 - - [06/Dec/2018:10:47:06 +0100] "GET /wp-content/uploads/2014/05/01-Oman1-1015x571.jpg HTTP/1.1" 200 128709 "https://www.google.ch/" "Mozilla/5.0 (Macintosh; Intel Mac OS X 10_11_6) AppleWebKit/537.36 (KHTML, like Gecko) Chrome/70.0.3538.110 Safari/537.36"
79.189.251.118 - - [06/Dec/2018:10:47:06 +0100] "GET /wp-content/uploads/2015/02/Hotel-Romazzino.jpg HTTP/1.1" 200 235959 "http://www.luxurytravel.pl/category/relacje/" "Mozilla/5.0 (Windows NT 6.1) AppleWebKit/537.36 (KHTML, like Gecko) Chrome/69.0.3497.100 Safari/537.36"
157.55.39.80 - - [06/Dec/2018:10:47:07 +0100] "GET /wp-content/uploads/2014/07/09231-1015x571.jpg HTTP/1.1" 200 112345 "-" "Mozilla/5.0 (compatible; bingbot/2.0; +http://www.bing.com/bingbot.htm)"
79.189.251.118 - - [06/Dec/2018:10:47:05 +0100] "GET /wp-content/uploads/2015/04/Krol_lew_w_sabi_sand-6.jpg HTTP/1.1" 200 369530 "http://www.luxurytravel.pl/category/relacje/" "Mozilla/5.0 (Windows NT 6.1) AppleWebKit/537.36 (KHTML, like Gecko) Chrome/69.0.3497.100 Safari/537.36"
157.55.39.80 - - [06/Dec/2018:10:47:09 +0100] "GET /wp-content/uploads/2015/08/Belmond-Maroma-Resort-Meksyk-22-1015x571.jpg HTTP/1.1" 200 129239 "-" "Mozilla/5.0 (compatible; bingbot/2.0; +http://www.bing.com/bingbot.htm)"
176.104.117.23 - - [06/Dec/2018:10:47:10 +0100] "GET /wp-content/themes/nexilab/images/up.png HTTP/1.1" 200 689 "http://www.luxurytravel.pl/wp-content/themes/nexilab/style.css" "Mozilla/5.0 (Windows NT 6.3; rv:63.0) Gecko/20100101 Firefox/63.0"
176.104.117.23 - - [06/Dec/2018:10:47:10 +0100] "GET /wp-content/uploads/2018/09/Skifahrer_5_Das-Central_byRudiWyhlidal.jpg HTTP/1.1" 200 235569 "http://www.luxurytravel.pl/" "Mozilla/5.0 (Windows NT 6.3; rv:63.0) Gecko/20100101 Firefox/63.0"
79.189.251.118 - - [06/Dec/2018:10:47:09 +0100] "GET /wp-content/uploads/2015/04/Peloponez_i_Cyklady_Myconian-Ambassador_01.jpg HTTP/1.1" 200 182167 "http://www.luxurytravel.pl/category/relacje/" "Mozilla/5.0 (Windows NT 6.1) AppleWebKit/537.36 (KHTML, like Gecko) Chrome/69.0.3497.100 Safari/537.36"
79.189.251.118 - - [06/Dec/2018:10:47:05 +0100] "GET /wp-content/uploads/2015/02/Raport-Specjalny-Azja-9.jpg HTTP/1.1" 200 673871 "http://www.luxurytravel.pl/category/relacje/" "Mozilla/5.0 (Windows NT 6.1) AppleWebKit/537.36 (KHTML, like Gecko) Chrome/69.0.3497.100 Safari/537.36"
207.46.13.3 - - [06/Dec/2018:10:47:12 +0100] "GET /wp-content/uploads/2014/07/06921-1015x571.jpg HTTP/1.1" 200 174834 "-" "Mozilla/5.0 (compatible; bingbot/2.0; +http://www.bing.com/bingbot.htm)"
176.104.117.23 - - [06/Dec/2018:10:47:15 +0100] "GET /wp-content/uploads/2018/09/Velaa-2.jpg HTTP/1.1" 200 240332 "http://www.luxurytravel.pl/" "Mozilla/5.0 (Windows NT 6.3; rv:63.0) Gecko/20100101 Firefox/63.0"
36.255.235.124 - - [06/Dec/2018:10:47:17 +0100] "GET /wp-content/uploads/2014/05/01-Oman1-1015x571.jpg HTTP/1.1" 200 128709 "-" "com.google.GoogleMobile/63.0.0 iPad/12.1 hw/iPad7_5"
79.189.251.118 - - [06/Dec/2018:10:47:12 +0100] "GET /wp-content/uploads/2014/10/01-Kapsztad.jpg HTTP/1.1" 200 493449 "http://www.luxurytravel.pl/category/relacje/" "Mozilla/5.0 (Windows NT 6.1) AppleWebKit/537.36 (KHTML, like Gecko) Chrome/69.0.3497.100 Safari/537.36"
79.189.251.118 - - [06/Dec/2018:10:47:05 +0100] "GET /wp-content/uploads/2016/11/Hacienda-Uayamon.jpg HTTP/1.1" 200 383850 "http://www.luxurytravel.pl/category/relacje/" "Mozilla/5.0 (Windows NT 6.1) AppleWebKit/537.36 (KHTML, like Gecko) Chrome/69.0.3497.100 Safari/537.36"
79.189.251.118 - - [06/Dec/2018:10:47:09 +0100] "GET /wp-content/uploads/2016/09/20150512_143754.jpg HTTP/1.1" 200 480267 "http://www.luxurytravel.pl/category/relacje/" "Mozilla/5.0 (Windows NT 6.1) AppleWebKit/537.36 (KHTML, like Gecko) Chrome/69.0.3497.100 Safari/537.36"
79.189.251.118 - - [06/Dec/2018:10:47:19 +0100] "GET /category/relacje/page/2/ HTTP/1.1" 200 16852 "http://www.luxurytravel.pl/category/relacje/" "Mozilla/5.0 (Windows NT 6.1) AppleWebKit/537.36 (KHTML, like Gecko) Chrome/69.0.3497.100 Safari/537.36"
79.189.251.118 - - [06/Dec/2018:10:47:17 +0100] "GET /wp-content/uploads/2014/09/01-Argentyna-i-Brazylia.jpg HTTP/1.1" 200 532117 "http://www.luxurytravel.pl/category/relacje/" "Mozilla/5.0 (Windows NT 6.1) AppleWebKit/537.36 (KHTML, like Gecko) Chrome/69.0.3497.100 Safari/537.36"
176.104.117.23 - - [06/Dec/2018:10:47:28 +0100] "GET /holiday/velaa-private-island-atol-noonu/ HTTP/1.1" 200 17658 "http://www.luxurytravel.pl/" "Mozilla/5.0 (Windows NT 6.3; rv:63.0) Gecko/20100101 Firefox/63.0"
176.104.117.23 - - [06/Dec/2018:10:47:30 +0100] "GET /wp-content/uploads/2018/08/Velaa-glowne-75x75.jpg HTTP/1.1" 200 2605 "http://www.luxurytravel.pl/holiday/velaa-private-island-atol-noonu/" "Mozilla/5.0 (Windows NT 6.3; rv:63.0) Gecko/20100101 Firefox/63.0"
176.104.117.23 - - [06/Dec/2018:10:47:31 +0100] "GET /wp-content/uploads/2018/08/VELAA-..-75x75.jpg HTTP/1.1" 200 2485 "http://www.luxurytravel.pl/holiday/velaa-private-island-atol-noonu/" "Mozilla/5.0 (Windows NT 6.3; rv:63.0) Gecko/20100101 Firefox/63.0"
176.104.117.23 - - [06/Dec/2018:10:47:31 +0100] "GET /wp-content/uploads/2018/08/Velaa-2-75x75.jpg HTTP/1.1" 200 2398 "http://www.luxurytravel.pl/holiday/velaa-private-island-atol-noonu/" "Mozilla/5.0 (Windows NT 6.3; rv:63.0) Gecko/20100101 Firefox/63.0"
176.104.117.23 - - [06/Dec/2018:10:47:31 +0100] "GET /wp-content/uploads/2018/08/Ocean-Pool-House-Exterior-1-75x75.jpg HTTP/1.1" 200 2347 "http://www.luxurytravel.pl/holiday/velaa-private-island-atol-noonu/" "Mozilla/5.0 (Windows NT 6.3; rv:63.0) Gecko/20100101 Firefox/63.0"
176.104.117.23 - - [06/Dec/2018:10:47:31 +0100] "GET /wp-content/uploads/2018/08/VELAA...-75x75.jpg HTTP/1.1" 200 2675 "http://www.luxurytravel.pl/holiday/velaa-private-island-atol-noonu/" "Mozilla/5.0 (Windows NT 6.3; rv:63.0) Gecko/20100101 Firefox/63.0"
