91.222.109.243 - - [06/Dec/2018:11:14:03 +0100] "GET /wp-content/themes/voyage-parent/js/cusel-min.js?ver=2.0 HTTP/1.1" 200 4767 "http://www.luxurytravel.pl/" "Mozilla/5.0 (Windows NT 6.3; WOW64) AppleWebKit/537.36 (KHTML, like Gecko) Chrome/64.0.3282.186 YaBrowser/18.3.1.1232 Yowser/2.5 Safari/537.36"
91.222.109.243 - - [06/Dec/2018:11:14:03 +0100] "GET /wp-content/themes/voyage-parent/js/jScrollPane.min.js?ver=2.0 HTTP/1.1" 200 2362 "http://www.luxurytravel.pl/" "Mozilla/5.0 (Windows NT 6.3; WOW64) AppleWebKit/537.36 (KHTML, like Gecko) Chrome/64.0.3282.186 YaBrowser/18.3.1.1232 Yowser/2.5 Safari/537.36"
91.222.109.243 - - [06/Dec/2018:11:14:03 +0100] "GET /wp-content/themes/voyage-parent/js/jquery.mousewheel.js?ver=2.0 HTTP/1.1" 200 962 "http://www.luxurytravel.pl/" "Mozilla/5.0 (Windows NT 6.3; WOW64) AppleWebKit/537.36 (KHTML, like Gecko) Chrome/64.0.3282.186 YaBrowser/18.3.1.1232 Yowser/2.5 Safari/537.36"
91.222.109.243 - - [06/Dec/2018:11:14:03 +0100] "GET /wp-content/themes/voyage-parent/js/jquery.galleriffic.min.js?ver=2.0.1 HTTP/1.1" 200 3616 "http://www.luxurytravel.pl/" "Mozilla/5.0 (Windows NT 6.3; WOW64) AppleWebKit/537.36 (KHTML, like Gecko) Chrome/64.0.3282.186 YaBrowser/18.3.1.1232 Yowser/2.5 Safari/537.36"
91.222.109.243 - - [06/Dec/2018:11:14:04 +0100] "GET /wp-content/themes/voyage-parent/framework/extensions/newsletter/static/js/newsletter_clientside.js?ver=4.9.8 HTTP/1.1" 200 557 "http://www.luxurytravel.pl/" "Mozilla/5.0 (Windows NT 6.3; WOW64) AppleWebKit/537.36 (KHTML, like Gecko) Chrome/64.0.3282.186 YaBrowser/18.3.1.1232 Yowser/2.5 Safari/537.36"
91.222.109.243 - - [06/Dec/2018:11:14:04 +0100] "GET /wp-content/themes/voyage-parent/cache/min-css-e9b68362a041ee7baf73c0776c1c83db.css?m=0 HTTP/1.1" 200 98 "http://www.luxurytravel.pl/" "Mozilla/5.0 (Windows NT 6.3; WOW64) AppleWebKit/537.36 (KHTML, like Gecko) Chrome/64.0.3282.186 YaBrowser/18.3.1.1232 Yowser/2.5 Safari/537.36"
91.222.109.243 - - [06/Dec/2018:11:14:04 +0100] "GET /wp-content/themes/voyage-parent/framework/extensions/newsletter/static/css/newsletter_clientside.css?ver=4.9.8 HTTP/1.1" 200 113 "http://www.luxurytravel.pl/" "Mozilla/5.0 (Windows NT 6.3; WOW64) AppleWebKit/537.36 (KHTML, like Gecko) Chrome/64.0.3282.186 YaBrowser/18.3.1.1232 Yowser/2.5 Safari/537.36"
91.222.109.243 - - [06/Dec/2018:11:14:04 +0100] "GET /wp-content/plugins/contact-form-7/includes/js/scripts.js?ver=5.0.5 HTTP/1.1" 200 4047 "http://www.luxurytravel.pl/" "Mozilla/5.0 (Windows NT 6.3; WOW64) AppleWebKit/537.36 (KHTML, like Gecko) Chrome/64.0.3282.186 YaBrowser/18.3.1.1232 Yowser/2.5 Safari/537.36"
91.222.109.243 - - [06/Dec/2018:11:14:04 +0100] "GET /wp-content/themes/voyage-parent/js/jquery.opacityrollover.js?ver=1.0 HTTP/1.1" 200 478 "http://www.luxurytravel.pl/" "Mozilla/5.0 (Windows NT 6.3; WOW64) AppleWebKit/537.36 (KHTML, like Gecko) Chrome/64.0.3282.186 YaBrowser/18.3.1.1232 Yowser/2.5 Safari/537.36"
91.222.109.243 - - [06/Dec/2018:11:14:04 +0100] "GET /wp-includes/js/jquery/ui/core.min.js?ver=1.11.4 HTTP/1.1" 200 1821 "http://www.luxurytravel.pl/" "Mozilla/5.0 (Windows NT 6.3; WOW64) AppleWebKit/537.36 (KHTML, like Gecko) Chrome/64.0.3282.186 YaBrowser/18.3.1.1232 Yowser/2.5 Safari/537.36"
91.222.109.243 - - [06/Dec/2018:11:14:04 +0100] "GET /wp-includes/js/jquery/ui/datepicker.min.js?ver=1.11.4 HTTP/1.1" 200 11002 "http://www.luxurytravel.pl/" "Mozilla/5.0 (Windows NT 6.3; WOW64) AppleWebKit/537.36 (KHTML, like Gecko) Chrome/64.0.3282.186 YaBrowser/18.3.1.1232 Yowser/2.5 Safari/537.36"
91.222.109.243 - - [06/Dec/2018:11:14:04 +0100] "GET /wp-content/plugins/contact-form-7-datepicker/js/jquery-ui-timepicker/jquery-ui-timepicker-addon.min.js?ver=4.9.8 HTTP/1.1" 200 10101 "http://www.luxurytravel.pl/" "Mozilla/5.0 (Windows NT 6.3; WOW64) AppleWebKit/537.36 (KHTML, like Gecko) Chrome/64.0.3282.186 YaBrowser/18.3.1.1232 Yowser/2.5 Safari/537.36"
91.222.109.243 - - [06/Dec/2018:11:14:04 +0100] "GET /wp-includes/js/jquery/ui/mouse.min.js?ver=1.11.4 HTTP/1.1" 200 1021 "http://www.luxurytravel.pl/" "Mozilla/5.0 (Windows NT 6.3; WOW64) AppleWebKit/537.36 (KHTML, like Gecko) Chrome/64.0.3282.186 YaBrowser/18.3.1.1232 Yowser/2.5 Safari/537.36"
91.222.109.243 - - [06/Dec/2018:11:14:04 +0100] "GET /wp-includes/js/jquery/ui/widget.min.js?ver=1.11.4 HTTP/1.1" 200 2599 "http://www.luxurytravel.pl/" "Mozilla/5.0 (Windows NT 6.3; WOW64) AppleWebKit/537.36 (KHTML, like Gecko) Chrome/64.0.3282.186 YaBrowser/18.3.1.1232 Yowser/2.5 Safari/537.36"
91.222.109.243 - - [06/Dec/2018:11:14:04 +0100] "GET /wp-includes/js/jquery/ui/slider.min.js?ver=1.11.4 HTTP/1.1" 200 3093 "http://www.luxurytravel.pl/" "Mozilla/5.0 (Windows NT 6.3; WOW64) AppleWebKit/537.36 (KHTML, like Gecko) Chrome/64.0.3282.186 YaBrowser/18.3.1.1232 Yowser/2.5 Safari/537.36"
91.222.109.243 - - [06/Dec/2018:11:14:04 +0100] "GET /wp-includes/js/jquery/ui/button.min.js?ver=1.11.4 HTTP/1.1" 200 2082 "http://www.luxurytravel.pl/" "Mozilla/5.0 (Windows NT 6.3; WOW64) AppleWebKit/537.36 (KHTML, like Gecko) Chrome/64.0.3282.186 YaBrowser/18.3.1.1232 Yowser/2.5 Safari/537.36"
91.222.109.243 - - [06/Dec/2018:11:14:05 +0100] "GET /wp-content/plugins/contact-form-7-datepicker/js/jquery-ui-sliderAccess.js?ver=4.9.8 HTTP/1.1" 200 1160 "http://www.luxurytravel.pl/" "Mozilla/5.0 (Windows NT 6.3; WOW64) AppleWebKit/537.36 (KHTML, like Gecko) Chrome/64.0.3282.186 YaBrowser/18.3.1.1232 Yowser/2.5 Safari/537.36"
91.222.109.243 - - [06/Dec/2018:11:14:05 +0100] "GET /wp-content/plugins/contact-form-7-datepicker/js/jquery-ui-timepicker/i18n/jquery-ui-timepicker-pl.js?ver=4.9.8 HTTP/1.1" 200 345 "http://www.luxurytravel.pl/" "Mozilla/5.0 (Windows NT 6.3; WOW64) AppleWebKit/537.36 (KHTML, like Gecko) Chrome/64.0.3282.186 YaBrowser/18.3.1.1232 Yowser/2.5 Safari/537.36"
91.222.109.243 - - [06/Dec/2018:11:14:05 +0100] "GET /wp-includes/js/hoverIntent.min.js?ver=1.8.1 HTTP/1.1" 200 479 "http://www.luxurytravel.pl/" "Mozilla/5.0 (Windows NT 6.3; WOW64) AppleWebKit/537.36 (KHTML, like Gecko) Chrome/64.0.3282.186 YaBrowser/18.3.1.1232 Yowser/2.5 Safari/537.36"
91.222.109.243 - - [06/Dec/2018:11:14:05 +0100] "GET /wp-content/themes/voyage-parent/js/jquery.prettyPhoto.js?ver=3.1.4 HTTP/1.1" 200 9411 "http://www.luxurytravel.pl/" "Mozilla/5.0 (Windows NT 6.3; WOW64) AppleWebKit/537.36 (KHTML, like Gecko) Chrome/64.0.3282.186 YaBrowser/18.3.1.1232 Yowser/2.5 Safari/537.36"
91.222.109.243 - - [06/Dec/2018:11:14:05 +0100] "GET /wp-content/themes/voyage-parent/js/shCore.js?ver=2.1.382 HTTP/1.1" 200 10781 "http://www.luxurytravel.pl/" "Mozilla/5.0 (Windows NT 6.3; WOW64) AppleWebKit/537.36 (KHTML, like Gecko) Chrome/64.0.3282.186 YaBrowser/18.3.1.1232 Yowser/2.5 Safari/537.36"
91.222.109.243 - - [06/Dec/2018:11:14:05 +0100] "GET /wp-includes/js/wp-embed.min.js?ver=4.9.8 HTTP/1.1" 200 751 "http://www.luxurytravel.pl/" "Mozilla/5.0 (Windows NT 6.3; WOW64) AppleWebKit/537.36 (KHTML, like Gecko) Chrome/64.0.3282.186 YaBrowser/18.3.1.1232 Yowser/2.5 Safari/537.36"
91.222.109.243 - - [06/Dec/2018:11:14:05 +0100] "GET /wp-content/themes/voyage-parent/js/shBrushPlain.js?ver=2.1.382 HTTP/1.1" 200 644 "http://www.luxurytravel.pl/" "Mozilla/5.0 (Windows NT 6.3; WOW64) AppleWebKit/537.36 (KHTML, like Gecko) Chrome/64.0.3282.186 YaBrowser/18.3.1.1232 Yowser/2.5 Safari/537.36"
91.222.109.243 - - [06/Dec/2018:11:14:05 +0100] "GET /wp-content/themes/voyage-parent/cache/min-js-2e82484c1698a8204db8b951e0ae70d1.js?m=0 HTTP/1.1" 200 100 "http://www.luxurytravel.pl/" "Mozilla/5.0 (Windows NT 6.3; WOW64) AppleWebKit/537.36 (KHTML, like Gecko) Chrome/64.0.3282.186 YaBrowser/18.3.1.1232 Yowser/2.5 Safari/537.36"
91.222.109.243 - - [06/Dec/2018:11:14:05 +0100] "GET /wp-content/themes/nexilab/js/jquery.smooth-scroll.min.js HTTP/1.1" 200 1319 "http://www.luxurytravel.pl/" "Mozilla/5.0 (Windows NT 6.3; WOW64) AppleWebKit/537.36 (KHTML, like Gecko) Chrome/64.0.3282.186 YaBrowser/18.3.1.1232 Yowser/2.5 Safari/537.36"
91.222.109.243 - - [06/Dec/2018:11:14:05 +0100] "GET /wp-content/themes/nexilab/js/init.js HTTP/1.1" 200 2764 "http://www.luxurytravel.pl/" "Mozilla/5.0 (Windows NT 6.3; WOW64) AppleWebKit/537.36 (KHTML, like Gecko) Chrome/64.0.3282.186 YaBrowser/18.3.1.1232 Yowser/2.5 Safari/537.36"
91.222.109.243 - - [06/Dec/2018:11:14:05 +0100] "GET /wp-content/themes/voyage-parent/style.css HTTP/1.1" 200 24349 "http://www.luxurytravel.pl/wp-content/themes/nexilab/style.css" "Mozilla/5.0 (Windows NT 6.3; WOW64) AppleWebKit/537.36 (KHTML, like Gecko) Chrome/64.0.3282.186 YaBrowser/18.3.1.1232 Yowser/2.5 Safari/537.36"
91.246.74.202 - - [06/Dec/2018:11:14:04 +0100] "GET / HTTP/1.1" 200 16997 "http://www.google.com/url?sa=t&rct=j&q=safari%20rpa&source=web&cd=3&sqi=2&ved=0CFYQFjAD&url=http%3A%2F%2Fwww.luxurytravel.pl&ei=avYIXOWVCsSPrge8y4DwAQ&usg=AFQjCNF-Wngt-fe_6NRzhGAee7wHjCC8uw&bvm=bv.84349003,d.d24" "Mozilla/5.0 (Windows NT 10.0; Win64; x64) AppleWebKit/537.36 (KHTML, like Gecko) Chrome/67.0.3396.87 Safari/537.36 OPR/54.0.2952.64"
91.222.109.243 - - [06/Dec/2018:11:14:05 +0100] "GET /wp-content/themes/nexilab/skin/color.css HTTP/1.1" 200 604 "http://www.luxurytravel.pl/wp-content/themes/nexilab/style.css" "Mozilla/5.0 (Windows NT 6.3; WOW64) AppleWebKit/537.36 (KHTML, like Gecko) Chrome/64.0.3282.186 YaBrowser/18.3.1.1232 Yowser/2.5 Safari/537.36"
91.246.74.202 - - [06/Dec/2018:11:14:06 +0100] "GET /wp-content/themes/nexilab/style.css HTTP/1.1" 200 7424 "http://www.luxurytravel.pl/" "Mozilla/5.0 (Windows NT 10.0; Win64; x64) AppleWebKit/537.36 (KHTML, like Gecko) Chrome/67.0.3396.87 Safari/537.36 OPR/54.0.2952.64"
91.246.74.202 - - [06/Dec/2018:11:14:06 +0100] "GET /wp-content/plugins/contact-form-7/includes/css/styles.css?ver=5.0.5 HTTP/1.1" 200 671 "http://www.luxurytravel.pl/" "Mozilla/5.0 (Windows NT 10.0; Win64; x64) AppleWebKit/537.36 (KHTML, like Gecko) Chrome/67.0.3396.87 Safari/537.36 OPR/54.0.2952.64"
91.246.74.202 - - [06/Dec/2018:11:14:06 +0100] "GET /wp-content/themes/nexilab/screen.css HTTP/1.1" 200 8051 "http://www.luxurytravel.pl/" "Mozilla/5.0 (Windows NT 10.0; Win64; x64) AppleWebKit/537.36 (KHTML, like Gecko) Chrome/67.0.3396.87 Safari/537.36 OPR/54.0.2952.64"
91.246.74.202 - - [06/Dec/2018:11:14:06 +0100] "GET /wp-content/plugins/contact-form-7-datepicker/js/jquery-ui-timepicker/jquery-ui-timepicker-addon.min.css?ver=4.9.8 HTTP/1.1" 200 333 "http://www.luxurytravel.pl/" "Mozilla/5.0 (Windows NT 10.0; Win64; x64) AppleWebKit/537.36 (KHTML, like Gecko) Chrome/67.0.3396.87 Safari/537.36 OPR/54.0.2952.64"
91.222.109.243 - - [06/Dec/2018:11:14:06 +0100] "GET /wp-content/uploads/map/continent_1.png HTTP/1.1" 200 3542 "http://www.luxurytravel.pl/" "Mozilla/5.0 (Windows NT 6.3; WOW64) AppleWebKit/537.36 (KHTML, like Gecko) Chrome/64.0.3282.186 YaBrowser/18.3.1.1232 Yowser/2.5 Safari/537.36"
91.246.74.202 - - [06/Dec/2018:11:14:06 +0100] "GET /wp-content/plugins/testimonials-carousel//css/jquery.bxslider.css?ver=4.9.8 HTTP/1.1" 200 1727 "http://www.luxurytravel.pl/" "Mozilla/5.0 (Windows NT 10.0; Win64; x64) AppleWebKit/537.36 (KHTML, like Gecko) Chrome/67.0.3396.87 Safari/537.36 OPR/54.0.2952.64"
91.246.74.202 - - [06/Dec/2018:11:14:06 +0100] "GET /wp-content/plugins/wp-pagenavi/pagenavi-css.css?ver=2.70 HTTP/1.1" 200 239 "http://www.luxurytravel.pl/" "Mozilla/5.0 (Windows NT 10.0; Win64; x64) AppleWebKit/537.36 (KHTML, like Gecko) Chrome/67.0.3396.87 Safari/537.36 OPR/54.0.2952.64"
91.222.109.243 - - [06/Dec/2018:11:14:06 +0100] "GET /wp-content/uploads/map/continent_6.png HTTP/1.1" 200 1489 "http://www.luxurytravel.pl/" "Mozilla/5.0 (Windows NT 6.3; WOW64) AppleWebKit/537.36 (KHTML, like Gecko) Chrome/64.0.3282.186 YaBrowser/18.3.1.1232 Yowser/2.5 Safari/537.36"
91.222.109.243 - - [06/Dec/2018:11:14:06 +0100] "GET /wp-content/uploads/map/continent_2.png HTTP/1.1" 200 2671 "http://www.luxurytravel.pl/" "Mozilla/5.0 (Windows NT 6.3; WOW64) AppleWebKit/537.36 (KHTML, like Gecko) Chrome/64.0.3282.186 YaBrowser/18.3.1.1232 Yowser/2.5 Safari/537.36"
91.222.109.243 - - [06/Dec/2018:11:14:06 +0100] "GET /wp-content/uploads/map/continent_5.png HTTP/1.1" 200 2911 "http://www.luxurytravel.pl/" "Mozilla/5.0 (Windows NT 6.3; WOW64) AppleWebKit/537.36 (KHTML, like Gecko) Chrome/64.0.3282.186 YaBrowser/18.3.1.1232 Yowser/2.5 Safari/537.36"
91.246.74.202 - - [06/Dec/2018:11:14:06 +0100] "GET /wp-content/plugins/revslider/public/assets/css/settings.css?ver=5.0.8.5 HTTP/1.1" 200 7314 "http://www.luxurytravel.pl/" "Mozilla/5.0 (Windows NT 10.0; Win64; x64) AppleWebKit/537.36 (KHTML, like Gecko) Chrome/67.0.3396.87 Safari/537.36 OPR/54.0.2952.64"
91.246.74.202 - - [06/Dec/2018:11:14:06 +0100] "GET /wp-content/plugins/cookie-law-info/public/css/cookie-law-info-public.css?ver=1.7.1 HTTP/1.1" 200 772 "http://www.luxurytravel.pl/" "Mozilla/5.0 (Windows NT 10.0; Win64; x64) AppleWebKit/537.36 (KHTML, like Gecko) Chrome/67.0.3396.87 Safari/537.36 OPR/54.0.2952.64"
91.246.74.202 - - [06/Dec/2018:11:14:06 +0100] "GET /wp-content/plugins/cookie-law-info/public/css/cookie-law-info-gdpr.css?ver=1.7.1 HTTP/1.1" 200 2496 "http://www.luxurytravel.pl/" "Mozilla/5.0 (Windows NT 10.0; Win64; x64) AppleWebKit/537.36 (KHTML, like Gecko) Chrome/67.0.3396.87 Safari/537.36 OPR/54.0.2952.64"
91.246.74.202 - - [06/Dec/2018:11:14:06 +0100] "GET /wp-content/themes/nexilab/css/tango/skin.css?ver=4.9.8 HTTP/1.1" 200 714 "http://www.luxurytravel.pl/" "Mozilla/5.0 (Windows NT 10.0; Win64; x64) AppleWebKit/537.36 (KHTML, like Gecko) Chrome/67.0.3396.87 Safari/537.36 OPR/54.0.2952.64"
91.246.74.202 - - [06/Dec/2018:11:14:06 +0100] "GET /wp-content/themes/voyage-parent/custom.css?ver=4.9.8 HTTP/1.1" 200 194 "http://www.luxurytravel.pl/" "Mozilla/5.0 (Windows NT 10.0; Win64; x64) AppleWebKit/537.36 (KHTML, like Gecko) Chrome/67.0.3396.87 Safari/537.36 OPR/54.0.2952.64"
91.246.74.202 - - [06/Dec/2018:11:14:06 +0100] "GET /wp-content/themes/voyage-parent/css/shCore.css?ver=2.1.382 HTTP/1.1" 200 1918 "http://www.luxurytravel.pl/" "Mozilla/5.0 (Windows NT 10.0; Win64; x64) AppleWebKit/537.36 (KHTML, like Gecko) Chrome/67.0.3396.87 Safari/537.36 OPR/54.0.2952.64"
91.246.74.202 - - [06/Dec/2018:11:14:06 +0100] "GET /wp-content/themes/voyage-parent/css/jslider.css?ver=4.9.8 HTTP/1.1" 200 737 "http://www.luxurytravel.pl/" "Mozilla/5.0 (Windows NT 10.0; Win64; x64) AppleWebKit/537.36 (KHTML, like Gecko) Chrome/67.0.3396.87 Safari/537.36 OPR/54.0.2952.64"
91.246.74.202 - - [06/Dec/2018:11:14:06 +0100] "GET /wp-content/themes/voyage-parent/css/shThemeDefault.css?ver=2.1.382 HTTP/1.1" 200 1209 "http://www.luxurytravel.pl/" "Mozilla/5.0 (Windows NT 10.0; Win64; x64) AppleWebKit/537.36 (KHTML, like Gecko) Chrome/67.0.3396.87 Safari/537.36 OPR/54.0.2952.64"
91.246.74.202 - - [06/Dec/2018:11:14:06 +0100] "GET /wp-content/themes/voyage-parent/css/customInput.css?ver=4.9.8 HTTP/1.1" 200 419 "http://www.luxurytravel.pl/" "Mozilla/5.0 (Windows NT 10.0; Win64; x64) AppleWebKit/537.36 (KHTML, like Gecko) Chrome/67.0.3396.87 Safari/537.36 OPR/54.0.2952.64"
91.246.74.202 - - [06/Dec/2018:11:14:06 +0100] "GET /wp-content/themes/voyage-parent/css/cusel.css?ver=4.9.8 HTTP/1.1" 200 1149 "http://www.luxurytravel.pl/" "Mozilla/5.0 (Windows NT 10.0; Win64; x64) AppleWebKit/537.36 (KHTML, like Gecko) Chrome/67.0.3396.87 Safari/537.36 OPR/54.0.2952.64"
91.246.74.202 - - [06/Dec/2018:11:14:06 +0100] "GET /wp-includes/js/jquery/jquery-migrate.min.js?ver=1.4.1 HTTP/1.1" 200 4014 "http://www.luxurytravel.pl/" "Mozilla/5.0 (Windows NT 10.0; Win64; x64) AppleWebKit/537.36 (KHTML, like Gecko) Chrome/67.0.3396.87 Safari/537.36 OPR/54.0.2952.64"
91.246.74.202 - - [06/Dec/2018:11:14:06 +0100] "GET /wp-content/themes/voyage-parent/css/custom-theme/jquery-ui-1.8.20.custom.css?ver=4.9.8 HTTP/1.1" 200 4592 "http://www.luxurytravel.pl/" "Mozilla/5.0 (Windows NT 10.0; Win64; x64) AppleWebKit/537.36 (KHTML, like Gecko) Chrome/67.0.3396.87 Safari/537.36 OPR/54.0.2952.64"
91.246.74.202 - - [06/Dec/2018:11:14:06 +0100] "GET /wp-content/themes/voyage-parent/css/prettyPhoto.css?ver=3.1.3 HTTP/1.1" 200 2749 "http://www.luxurytravel.pl/" "Mozilla/5.0 (Windows NT 10.0; Win64; x64) AppleWebKit/537.36 (KHTML, like Gecko) Chrome/67.0.3396.87 Safari/537.36 OPR/54.0.2952.64"
91.246.74.202 - - [06/Dec/2018:11:14:06 +0100] "GET /wp-content/plugins/cookie-law-info/public/js/cookie-law-info-public.js?ver=1.7.1 HTTP/1.1" 200 3859 "http://www.luxurytravel.pl/" "Mozilla/5.0 (Windows NT 10.0; Win64; x64) AppleWebKit/537.36 (KHTML, like Gecko) Chrome/67.0.3396.87 Safari/537.36 OPR/54.0.2952.64"
91.222.109.243 - - [06/Dec/2018:11:14:06 +0100] "GET /wp-includes/js/wp-emoji-release.min.js?ver=4.9.8 HTTP/1.1" 200 4382 "http://www.luxurytravel.pl/" "Mozilla/5.0 (Windows NT 6.3; WOW64) AppleWebKit/537.36 (KHTML, like Gecko) Chrome/64.0.3282.186 YaBrowser/18.3.1.1232 Yowser/2.5 Safari/537.36"
91.222.109.243 - - [06/Dec/2018:11:14:06 +0100] "GET /wp-content/uploads/map/continent_3.png HTTP/1.1" 200 2595 "http://www.luxurytravel.pl/" "Mozilla/5.0 (Windows NT 6.3; WOW64) AppleWebKit/537.36 (KHTML, like Gecko) Chrome/64.0.3282.186 YaBrowser/18.3.1.1232 Yowser/2.5 Safari/537.36"
91.222.109.243 - - [06/Dec/2018:11:14:06 +0100] "GET /wp-content/uploads/map/continent_4.png HTTP/1.1" 200 2149 "http://www.luxurytravel.pl/" "Mozilla/5.0 (Windows NT 6.3; WOW64) AppleWebKit/537.36 (KHTML, like Gecko) Chrome/64.0.3282.186 YaBrowser/18.3.1.1232 Yowser/2.5 Safari/537.36"
91.222.109.243 - - [06/Dec/2018:11:14:06 +0100] "GET /wp-content/plugins/revslider/admin/assets/images/dummy.png HTTP/1.1" 200 3279 "http://www.luxurytravel.pl/" "Mozilla/5.0 (Windows NT 6.3; WOW64) AppleWebKit/537.36 (KHTML, like Gecko) Chrome/64.0.3282.186 YaBrowser/18.3.1.1232 Yowser/2.5 Safari/537.36"
91.222.109.243 - - [06/Dec/2018:11:14:06 +0100] "GET /img/logoLT15.png HTTP/1.1" 200 19548 "http://www.luxurytravel.pl/" "Mozilla/5.0 (Windows NT 6.3; WOW64) AppleWebKit/537.36 (KHTML, like Gecko) Chrome/64.0.3282.186 YaBrowser/18.3.1.1232 Yowser/2.5 Safari/537.36"
91.246.74.202 - - [06/Dec/2018:11:14:06 +0100] "GET /wp-includes/js/jquery/jquery.js?ver=1.12.4 HTTP/1.1" 200 33766 "http://www.luxurytravel.pl/" "Mozilla/5.0 (Windows NT 10.0; Win64; x64) AppleWebKit/537.36 (KHTML, like Gecko) Chrome/67.0.3396.87 Safari/537.36 OPR/54.0.2952.64"
91.246.74.202 - - [06/Dec/2018:11:14:06 +0100] "GET /wp-content/plugins/revslider/public/assets/js/jquery.themepunch.revolution.min.js?ver=5.0.8.5 HTTP/1.1" 200 13243 "http://www.luxurytravel.pl/" "Mozilla/5.0 (Windows NT 10.0; Win64; x64) AppleWebKit/537.36 (KHTML, like Gecko) Chrome/67.0.3396.87 Safari/537.36 OPR/54.0.2952.64"
91.246.74.202 - - [06/Dec/2018:11:14:06 +0100] "GET /wp-content/plugins/testimonials-carousel//js/jquery.bxslider.min.js?ver=4.9.8 HTTP/1.1" 200 5162 "http://www.luxurytravel.pl/" "Mozilla/5.0 (Windows NT 10.0; Win64; x64) AppleWebKit/537.36 (KHTML, like Gecko) Chrome/67.0.3396.87 Safari/537.36 OPR/54.0.2952.64"
91.246.74.202 - - [06/Dec/2018:11:14:06 +0100] "GET /wp-content/plugins/revslider/public/assets/js/jquery.themepunch.tools.min.js?ver=5.0.8.5 HTTP/1.1" 200 34910 "http://www.luxurytravel.pl/" "Mozilla/5.0 (Windows NT 10.0; Win64; x64) AppleWebKit/537.36 (KHTML, like Gecko) Chrome/67.0.3396.87 Safari/537.36 OPR/54.0.2952.64"
91.246.74.202 - - [06/Dec/2018:11:14:06 +0100] "GET /wp-content/plugins/testimonials-carousel//js/user.js?ver=4.9.8 HTTP/1.1" 200 395 "http://www.luxurytravel.pl/" "Mozilla/5.0 (Windows NT 10.0; Win64; x64) AppleWebKit/537.36 (KHTML, like Gecko) Chrome/67.0.3396.87 Safari/537.36 OPR/54.0.2952.64"
91.246.74.202 - - [06/Dec/2018:11:14:06 +0100] "GET /wp-content/themes/nexilab/js/jquery.jcarousel.min.js?ver=4.9.8 HTTP/1.1" 200 4571 "http://www.luxurytravel.pl/" "Mozilla/5.0 (Windows NT 10.0; Win64; x64) AppleWebKit/537.36 (KHTML, like Gecko) Chrome/67.0.3396.87 Safari/537.36 OPR/54.0.2952.64"
91.246.74.202 - - [06/Dec/2018:11:14:06 +0100] "GET /wp-content/themes/voyage-parent/js/libs/modernizr-2.5.3.min.js?ver=4.9.8 HTTP/1.1" 200 6551 "http://www.luxurytravel.pl/" "Mozilla/5.0 (Windows NT 10.0; Win64; x64) AppleWebKit/537.36 (KHTML, like Gecko) Chrome/67.0.3396.87 Safari/537.36 OPR/54.0.2952.64"
91.222.109.243 - - [06/Dec/2018:11:14:06 +0100] "GET /wp-content/themes/nexilab/images/scroll.png HTTP/1.1" 200 1025 "http://www.luxurytravel.pl/wp-content/themes/nexilab/style.css" "Mozilla/5.0 (Windows NT 6.3; WOW64) AppleWebKit/537.36 (KHTML, like Gecko) Chrome/64.0.3282.186 YaBrowser/18.3.1.1232 Yowser/2.5 Safari/537.36"
91.246.74.202 - - [06/Dec/2018:11:14:06 +0100] "GET /wp-content/themes/voyage-parent/js/libs/respond.min.js?ver=4.9.8 HTTP/1.1" 200 2088 "http://www.luxurytravel.pl/" "Mozilla/5.0 (Windows NT 10.0; Win64; x64) AppleWebKit/537.36 (KHTML, like Gecko) Chrome/67.0.3396.87 Safari/537.36 OPR/54.0.2952.64"
91.246.74.202 - - [06/Dec/2018:11:14:06 +0100] "GET /wp-content/themes/voyage-parent/js/jquery.easing.1.3.min.js?ver=1.3 HTTP/1.1" 200 836 "http://www.luxurytravel.pl/" "Mozilla/5.0 (Windows NT 10.0; Win64; x64) AppleWebKit/537.36 (KHTML, like Gecko) Chrome/67.0.3396.87 Safari/537.36 OPR/54.0.2952.64"
91.246.74.202 - - [06/Dec/2018:11:14:06 +0100] "GET /wp-content/themes/voyage-parent/js/general.js?ver=2.0 HTTP/1.1" 200 4889 "http://www.luxurytravel.pl/" "Mozilla/5.0 (Windows NT 10.0; Win64; x64) AppleWebKit/537.36 (KHTML, like Gecko) Chrome/67.0.3396.87 Safari/537.36 OPR/54.0.2952.64"
91.246.74.202 - - [06/Dec/2018:11:14:06 +0100] "GET /wp-content/themes/voyage-parent/js/slides.min.jquery.js?ver=2.0 HTTP/1.1" 200 2339 "http://www.luxurytravel.pl/" "Mozilla/5.0 (Windows NT 10.0; Win64; x64) AppleWebKit/537.36 (KHTML, like Gecko) Chrome/67.0.3396.87 Safari/537.36 OPR/54.0.2952.64"
91.246.74.202 - - [06/Dec/2018:11:14:07 +0100] "GET /wp-content/themes/voyage-parent/js/jquery.slider.bundle.js?ver=2.0 HTTP/1.1" 200 9527 "http://www.luxurytravel.pl/" "Mozilla/5.0 (Windows NT 10.0; Win64; x64) AppleWebKit/537.36 (KHTML, like Gecko) Chrome/67.0.3396.87 Safari/537.36 OPR/54.0.2952.64"
91.246.74.202 - - [06/Dec/2018:11:14:07 +0100] "GET /wp-content/themes/voyage-parent/js/jquery.slider.js?ver=2.0 HTTP/1.1" 200 4790 "http://www.luxurytravel.pl/" "Mozilla/5.0 (Windows NT 10.0; Win64; x64) AppleWebKit/537.36 (KHTML, like Gecko) Chrome/67.0.3396.87 Safari/537.36 OPR/54.0.2952.64"
91.246.74.202 - - [06/Dec/2018:11:14:07 +0100] "GET /wp-content/themes/voyage-parent/js/jquery.customInput.js?ver=2.0 HTTP/1.1" 200 681 "http://www.luxurytravel.pl/" "Mozilla/5.0 (Windows NT 10.0; Win64; x64) AppleWebKit/537.36 (KHTML, like Gecko) Chrome/67.0.3396.87 Safari/537.36 OPR/54.0.2952.64"
91.246.74.202 - - [06/Dec/2018:11:14:07 +0100] "GET /wp-content/themes/voyage-parent/js/jquery.tools.min.js?ver=1.2.5 HTTP/1.1" 200 1891 "http://www.luxurytravel.pl/" "Mozilla/5.0 (Windows NT 10.0; Win64; x64) AppleWebKit/537.36 (KHTML, like Gecko) Chrome/67.0.3396.87 Safari/537.36 OPR/54.0.2952.64"
91.246.74.202 - - [06/Dec/2018:11:14:07 +0100] "GET /wp-content/themes/voyage-parent/js/cusel-min.js?ver=2.0 HTTP/1.1" 200 4767 "http://www.luxurytravel.pl/" "Mozilla/5.0 (Windows NT 10.0; Win64; x64) AppleWebKit/537.36 (KHTML, like Gecko) Chrome/67.0.3396.87 Safari/537.36 OPR/54.0.2952.64"
91.246.74.202 - - [06/Dec/2018:11:14:07 +0100] "GET /wp-content/themes/voyage-parent/js/jquery-ui-1.9.2.custom.min.js?ver=1.9.2 HTTP/1.1" 200 60213 "http://www.luxurytravel.pl/" "Mozilla/5.0 (Windows NT 10.0; Win64; x64) AppleWebKit/537.36 (KHTML, like Gecko) Chrome/67.0.3396.87 Safari/537.36 OPR/54.0.2952.64"
91.246.74.202 - - [06/Dec/2018:11:14:07 +0100] "GET /wp-content/themes/voyage-parent/js/jScrollPane.min.js?ver=2.0 HTTP/1.1" 200 2362 "http://www.luxurytravel.pl/" "Mozilla/5.0 (Windows NT 10.0; Win64; x64) AppleWebKit/537.36 (KHTML, like Gecko) Chrome/67.0.3396.87 Safari/537.36 OPR/54.0.2952.64"
91.246.74.202 - - [06/Dec/2018:11:14:07 +0100] "GET /wp-content/themes/voyage-parent/js/jquery.mousewheel.js?ver=2.0 HTTP/1.1" 200 962 "http://www.luxurytravel.pl/" "Mozilla/5.0 (Windows NT 10.0; Win64; x64) AppleWebKit/537.36 (KHTML, like Gecko) Chrome/67.0.3396.87 Safari/537.36 OPR/54.0.2952.64"
91.246.74.202 - - [06/Dec/2018:11:14:07 +0100] "GET /wp-content/themes/voyage-parent/js/jquery.galleriffic.min.js?ver=2.0.1 HTTP/1.1" 200 3616 "http://www.luxurytravel.pl/" "Mozilla/5.0 (Windows NT 10.0; Win64; x64) AppleWebKit/537.36 (KHTML, like Gecko) Chrome/67.0.3396.87 Safari/537.36 OPR/54.0.2952.64"
91.246.74.202 - - [06/Dec/2018:11:14:07 +0100] "GET /wp-content/themes/voyage-parent/js/jquery.opacityrollover.js?ver=1.0 HTTP/1.1" 200 478 "http://www.luxurytravel.pl/" "Mozilla/5.0 (Windows NT 10.0; Win64; x64) AppleWebKit/537.36 (KHTML, like Gecko) Chrome/67.0.3396.87 Safari/537.36 OPR/54.0.2952.64"
91.246.74.202 - - [06/Dec/2018:11:14:07 +0100] "GET /wp-content/themes/voyage-parent/framework/extensions/newsletter/static/js/newsletter_clientside.js?ver=4.9.8 HTTP/1.1" 200 557 "http://www.luxurytravel.pl/" "Mozilla/5.0 (Windows NT 10.0; Win64; x64) AppleWebKit/537.36 (KHTML, like Gecko) Chrome/67.0.3396.87 Safari/537.36 OPR/54.0.2952.64"
91.246.74.202 - - [06/Dec/2018:11:14:07 +0100] "GET /wp-content/themes/voyage-parent/cache/min-css-e9b68362a041ee7baf73c0776c1c83db.css?m=0 HTTP/1.1" 200 98 "http://www.luxurytravel.pl/" "Mozilla/5.0 (Windows NT 10.0; Win64; x64) AppleWebKit/537.36 (KHTML, like Gecko) Chrome/67.0.3396.87 Safari/537.36 OPR/54.0.2952.64"
91.246.74.202 - - [06/Dec/2018:11:14:07 +0100] "GET /wp-content/themes/voyage-parent/framework/extensions/newsletter/static/css/newsletter_clientside.css?ver=4.9.8 HTTP/1.1" 200 113 "http://www.luxurytravel.pl/" "Mozilla/5.0 (Windows NT 10.0; Win64; x64) AppleWebKit/537.36 (KHTML, like Gecko) Chrome/67.0.3396.87 Safari/537.36 OPR/54.0.2952.64"
91.246.74.202 - - [06/Dec/2018:11:14:07 +0100] "GET /wp-content/plugins/contact-form-7/includes/js/scripts.js?ver=5.0.5 HTTP/1.1" 200 4047 "http://www.luxurytravel.pl/" "Mozilla/5.0 (Windows NT 10.0; Win64; x64) AppleWebKit/537.36 (KHTML, like Gecko) Chrome/67.0.3396.87 Safari/537.36 OPR/54.0.2952.64"
91.222.109.243 - - [06/Dec/2018:11:14:06 +0100] "GET /wp-content/themes/nexilab/fonts/Minion%20Pro%20Italic.woff HTTP/1.1" 200 154896 "http://www.luxurytravel.pl/wp-content/themes/nexilab/style.css" "Mozilla/5.0 (Windows NT 6.3; WOW64) AppleWebKit/537.36 (KHTML, like Gecko) Chrome/64.0.3282.186 YaBrowser/18.3.1.1232 Yowser/2.5 Safari/537.36"
91.246.74.202 - - [06/Dec/2018:11:14:07 +0100] "GET /wp-includes/js/jquery/ui/datepicker.min.js?ver=1.11.4 HTTP/1.1" 200 11002 "http://www.luxurytravel.pl/" "Mozilla/5.0 (Windows NT 10.0; Win64; x64) AppleWebKit/537.36 (KHTML, like Gecko) Chrome/67.0.3396.87 Safari/537.36 OPR/54.0.2952.64"
91.246.74.202 - - [06/Dec/2018:11:14:07 +0100] "GET /wp-content/plugins/contact-form-7-datepicker/js/jquery-ui-timepicker/jquery-ui-timepicker-addon.min.js?ver=4.9.8 HTTP/1.1" 200 10101 "http://www.luxurytravel.pl/" "Mozilla/5.0 (Windows NT 10.0; Win64; x64) AppleWebKit/537.36 (KHTML, like Gecko) Chrome/67.0.3396.87 Safari/537.36 OPR/54.0.2952.64"
91.246.74.202 - - [06/Dec/2018:11:14:07 +0100] "GET /wp-includes/js/jquery/ui/core.min.js?ver=1.11.4 HTTP/1.1" 200 1821 "http://www.luxurytravel.pl/" "Mozilla/5.0 (Windows NT 10.0; Win64; x64) AppleWebKit/537.36 (KHTML, like Gecko) Chrome/67.0.3396.87 Safari/537.36 OPR/54.0.2952.64"
91.246.74.202 - - [06/Dec/2018:11:14:07 +0100] "GET /wp-content/plugins/contact-form-7-datepicker/js/jquery-ui-timepicker/i18n/jquery-ui-timepicker-pl.js?ver=4.9.8 HTTP/1.1" 200 345 "http://www.luxurytravel.pl/" "Mozilla/5.0 (Windows NT 10.0; Win64; x64) AppleWebKit/537.36 (KHTML, like Gecko) Chrome/67.0.3396.87 Safari/537.36 OPR/54.0.2952.64"
91.246.74.202 - - [06/Dec/2018:11:14:07 +0100] "GET /wp-includes/js/jquery/ui/widget.min.js?ver=1.11.4 HTTP/1.1" 200 2599 "http://www.luxurytravel.pl/" "Mozilla/5.0 (Windows NT 10.0; Win64; x64) AppleWebKit/537.36 (KHTML, like Gecko) Chrome/67.0.3396.87 Safari/537.36 OPR/54.0.2952.64"
91.246.74.202 - - [06/Dec/2018:11:14:07 +0100] "GET /wp-includes/js/jquery/ui/mouse.min.js?ver=1.11.4 HTTP/1.1" 200 1021 "http://www.luxurytravel.pl/" "Mozilla/5.0 (Windows NT 10.0; Win64; x64) AppleWebKit/537.36 (KHTML, like Gecko) Chrome/67.0.3396.87 Safari/537.36 OPR/54.0.2952.64"
91.246.74.202 - - [06/Dec/2018:11:14:07 +0100] "GET /wp-includes/js/jquery/ui/slider.min.js?ver=1.11.4 HTTP/1.1" 200 3093 "http://www.luxurytravel.pl/" "Mozilla/5.0 (Windows NT 10.0; Win64; x64) AppleWebKit/537.36 (KHTML, like Gecko) Chrome/67.0.3396.87 Safari/537.36 OPR/54.0.2952.64"
91.246.74.202 - - [06/Dec/2018:11:14:07 +0100] "GET /wp-includes/js/jquery/ui/button.min.js?ver=1.11.4 HTTP/1.1" 200 2082 "http://www.luxurytravel.pl/" "Mozilla/5.0 (Windows NT 10.0; Win64; x64) AppleWebKit/537.36 (KHTML, like Gecko) Chrome/67.0.3396.87 Safari/537.36 OPR/54.0.2952.64"
91.222.109.243 - - [06/Dec/2018:11:14:07 +0100] "GET /wp-content/themes/nexilab/images/bg8.png HTTP/1.1" 200 181 "http://www.luxurytravel.pl/" "Mozilla/5.0 (Windows NT 6.3; WOW64) AppleWebKit/537.36 (KHTML, like Gecko) Chrome/64.0.3282.186 YaBrowser/18.3.1.1232 Yowser/2.5 Safari/537.36"
91.246.74.202 - - [06/Dec/2018:11:14:07 +0100] "GET /wp-content/plugins/contact-form-7-datepicker/js/jquery-ui-sliderAccess.js?ver=4.9.8 HTTP/1.1" 200 1160 "http://www.luxurytravel.pl/" "Mozilla/5.0 (Windows NT 10.0; Win64; x64) AppleWebKit/537.36 (KHTML, like Gecko) Chrome/67.0.3396.87 Safari/537.36 OPR/54.0.2952.64"
91.246.74.202 - - [06/Dec/2018:11:14:07 +0100] "GET /wp-includes/js/hoverIntent.min.js?ver=1.8.1 HTTP/1.1" 200 479 "http://www.luxurytravel.pl/" "Mozilla/5.0 (Windows NT 10.0; Win64; x64) AppleWebKit/537.36 (KHTML, like Gecko) Chrome/67.0.3396.87 Safari/537.36 OPR/54.0.2952.64"
91.246.74.202 - - [06/Dec/2018:11:14:07 +0100] "GET /wp-content/themes/voyage-parent/js/jquery.prettyPhoto.js?ver=3.1.4 HTTP/1.1" 200 9411 "http://www.luxurytravel.pl/" "Mozilla/5.0 (Windows NT 10.0; Win64; x64) AppleWebKit/537.36 (KHTML, like Gecko) Chrome/67.0.3396.87 Safari/537.36 OPR/54.0.2952.64"
91.246.74.202 - - [06/Dec/2018:11:14:07 +0100] "GET /wp-content/themes/voyage-parent/js/shCore.js?ver=2.1.382 HTTP/1.1" 200 10781 "http://www.luxurytravel.pl/" "Mozilla/5.0 (Windows NT 10.0; Win64; x64) AppleWebKit/537.36 (KHTML, like Gecko) Chrome/67.0.3396.87 Safari/537.36 OPR/54.0.2952.64"
91.246.74.202 - - [06/Dec/2018:11:14:07 +0100] "GET /wp-content/themes/voyage-parent/js/shBrushPlain.js?ver=2.1.382 HTTP/1.1" 200 644 "http://www.luxurytravel.pl/" "Mozilla/5.0 (Windows NT 10.0; Win64; x64) AppleWebKit/537.36 (KHTML, like Gecko) Chrome/67.0.3396.87 Safari/537.36 OPR/54.0.2952.64"
91.246.74.202 - - [06/Dec/2018:11:14:07 +0100] "GET /wp-includes/js/wp-embed.min.js?ver=4.9.8 HTTP/1.1" 200 751 "http://www.luxurytravel.pl/" "Mozilla/5.0 (Windows NT 10.0; Win64; x64) AppleWebKit/537.36 (KHTML, like Gecko) Chrome/67.0.3396.87 Safari/537.36 OPR/54.0.2952.64"
91.246.74.202 - - [06/Dec/2018:11:14:07 +0100] "GET /wp-content/themes/voyage-parent/cache/min-js-2e82484c1698a8204db8b951e0ae70d1.js?m=0 HTTP/1.1" 200 100 "http://www.luxurytravel.pl/" "Mozilla/5.0 (Windows NT 10.0; Win64; x64) AppleWebKit/537.36 (KHTML, like Gecko) Chrome/67.0.3396.87 Safari/537.36 OPR/54.0.2952.64"
91.246.74.202 - - [06/Dec/2018:11:14:07 +0100] "GET /wp-content/themes/nexilab/js/jquery.smooth-scroll.min.js HTTP/1.1" 200 1319 "http://www.luxurytravel.pl/" "Mozilla/5.0 (Windows NT 10.0; Win64; x64) AppleWebKit/537.36 (KHTML, like Gecko) Chrome/67.0.3396.87 Safari/537.36 OPR/54.0.2952.64"
91.246.74.202 - - [06/Dec/2018:11:14:07 +0100] "GET /wp-content/themes/nexilab/js/init.js HTTP/1.1" 200 2764 "http://www.luxurytravel.pl/" "Mozilla/5.0 (Windows NT 10.0; Win64; x64) AppleWebKit/537.36 (KHTML, like Gecko) Chrome/67.0.3396.87 Safari/537.36 OPR/54.0.2952.64"
91.246.74.202 - - [06/Dec/2018:11:14:07 +0100] "GET /wp-content/themes/nexilab/skin/color.css HTTP/1.1" 200 604 "http://www.luxurytravel.pl/wp-content/themes/nexilab/style.css" "Mozilla/5.0 (Windows NT 10.0; Win64; x64) AppleWebKit/537.36 (KHTML, like Gecko) Chrome/67.0.3396.87 Safari/537.36 OPR/54.0.2952.64"
91.246.74.202 - - [06/Dec/2018:11:14:07 +0100] "GET /wp-content/themes/voyage-parent/style.css HTTP/1.1" 200 24349 "http://www.luxurytravel.pl/wp-content/themes/nexilab/style.css" "Mozilla/5.0 (Windows NT 10.0; Win64; x64) AppleWebKit/537.36 (KHTML, like Gecko) Chrome/67.0.3396.87 Safari/537.36 OPR/54.0.2952.64"
91.246.74.202 - - [06/Dec/2018:11:14:07 +0100] "GET /wp-content/uploads/map/continent_4.png HTTP/1.1" 200 2149 "http://www.luxurytravel.pl/" "Mozilla/5.0 (Windows NT 10.0; Win64; x64) AppleWebKit/537.36 (KHTML, like Gecko) Chrome/67.0.3396.87 Safari/537.36 OPR/54.0.2952.64"
91.246.74.202 - - [06/Dec/2018:11:14:07 +0100] "GET /wp-content/uploads/map/continent_6.png HTTP/1.1" 200 1489 "http://www.luxurytravel.pl/" "Mozilla/5.0 (Windows NT 10.0; Win64; x64) AppleWebKit/537.36 (KHTML, like Gecko) Chrome/67.0.3396.87 Safari/537.36 OPR/54.0.2952.64"
91.246.74.202 - - [06/Dec/2018:11:14:07 +0100] "GET /wp-content/uploads/map/continent_5.png HTTP/1.1" 200 2911 "http://www.luxurytravel.pl/" "Mozilla/5.0 (Windows NT 10.0; Win64; x64) AppleWebKit/537.36 (KHTML, like Gecko) Chrome/67.0.3396.87 Safari/537.36 OPR/54.0.2952.64"
91.246.74.202 - - [06/Dec/2018:11:14:07 +0100] "GET /wp-content/uploads/map/continent_2.png HTTP/1.1" 200 2671 "http://www.luxurytravel.pl/" "Mozilla/5.0 (Windows NT 10.0; Win64; x64) AppleWebKit/537.36 (KHTML, like Gecko) Chrome/67.0.3396.87 Safari/537.36 OPR/54.0.2952.64"
91.246.74.202 - - [06/Dec/2018:11:14:07 +0100] "GET /wp-content/uploads/map/continent_3.png HTTP/1.1" 200 2595 "http://www.luxurytravel.pl/" "Mozilla/5.0 (Windows NT 10.0; Win64; x64) AppleWebKit/537.36 (KHTML, like Gecko) Chrome/67.0.3396.87 Safari/537.36 OPR/54.0.2952.64"
91.246.74.202 - - [06/Dec/2018:11:14:07 +0100] "GET /wp-content/uploads/map/continent_1.png HTTP/1.1" 200 3542 "http://www.luxurytravel.pl/" "Mozilla/5.0 (Windows NT 10.0; Win64; x64) AppleWebKit/537.36 (KHTML, like Gecko) Chrome/67.0.3396.87 Safari/537.36 OPR/54.0.2952.64"
91.246.74.202 - - [06/Dec/2018:11:14:07 +0100] "GET /wp-content/plugins/revslider/admin/assets/images/dummy.png HTTP/1.1" 200 3279 "http://www.luxurytravel.pl/" "Mozilla/5.0 (Windows NT 10.0; Win64; x64) AppleWebKit/537.36 (KHTML, like Gecko) Chrome/67.0.3396.87 Safari/537.36 OPR/54.0.2952.64"
91.246.74.202 - - [06/Dec/2018:11:14:08 +0100] "GET /wp-includes/js/wp-emoji-release.min.js?ver=4.9.8 HTTP/1.1" 200 4382 "http://www.luxurytravel.pl/" "Mozilla/5.0 (Windows NT 10.0; Win64; x64) AppleWebKit/537.36 (KHTML, like Gecko) Chrome/67.0.3396.87 Safari/537.36 OPR/54.0.2952.64"
91.246.74.202 - - [06/Dec/2018:11:14:08 +0100] "GET /img/logoLT15.png HTTP/1.1" 200 19548 "http://www.luxurytravel.pl/" "Mozilla/5.0 (Windows NT 10.0; Win64; x64) AppleWebKit/537.36 (KHTML, like Gecko) Chrome/67.0.3396.87 Safari/537.36 OPR/54.0.2952.64"
91.222.109.243 - - [06/Dec/2018:11:14:07 +0100] "GET /wp-content/uploads/2018/04/dookola-swiata.jpg HTTP/1.1" 200 126943 "http://www.luxurytravel.pl/" "Mozilla/5.0 (Windows NT 6.3; WOW64) AppleWebKit/537.36 (KHTML, like Gecko) Chrome/64.0.3282.186 YaBrowser/18.3.1.1232 Yowser/2.5 Safari/537.36"
91.246.74.202 - - [06/Dec/2018:11:14:08 +0100] "GET /wp-content/themes/nexilab/images/scroll.png HTTP/1.1" 200 1025 "http://www.luxurytravel.pl/wp-content/themes/nexilab/style.css" "Mozilla/5.0 (Windows NT 10.0; Win64; x64) AppleWebKit/537.36 (KHTML, like Gecko) Chrome/67.0.3396.87 Safari/537.36 OPR/54.0.2952.64"
91.246.74.202 - - [06/Dec/2018:11:14:08 +0100] "GET /wp-content/themes/nexilab/images/bg8.png HTTP/1.1" 200 181 "http://www.luxurytravel.pl/" "Mozilla/5.0 (Windows NT 10.0; Win64; x64) AppleWebKit/537.36 (KHTML, like Gecko) Chrome/67.0.3396.87 Safari/537.36 OPR/54.0.2952.64"
91.246.74.202 - - [06/Dec/2018:11:14:08 +0100] "GET /wp-content/themes/nexilab/fonts/Minion%20Pro%20Italic.woff HTTP/1.1" 200 154896 "http://www.luxurytravel.pl/wp-content/themes/nexilab/style.css" "Mozilla/5.0 (Windows NT 10.0; Win64; x64) AppleWebKit/537.36 (KHTML, like Gecko) Chrome/67.0.3396.87 Safari/537.36 OPR/54.0.2952.64"
207.46.13.3 - - [06/Dec/2018:11:14:07 +0100] "GET /wp-content/uploads/2014/11/Morokuru-Madikwe-11-1015x571.jpg HTTP/1.1" 200 129676 "-" "Mozilla/5.0 (compatible; bingbot/2.0; +http://www.bing.com/bingbot.htm)"
91.246.74.202 - - [06/Dec/2018:11:14:08 +0100] "GET /wp-content/uploads/2018/04/Dining-View-2-Mystique-Santorini_f_improf_800x534-1-720x481.jpg HTTP/1.1" 200 66225 "http://www.luxurytravel.pl/" "Mozilla/5.0 (Windows NT 10.0; Win64; x64) AppleWebKit/537.36 (KHTML, like Gecko) Chrome/67.0.3396.87 Safari/537.36 OPR/54.0.2952.64"
91.246.74.202 - - [06/Dec/2018:11:14:08 +0100] "GET /wp-content/uploads/2018/05/16-720x527.jpg HTTP/1.1" 200 91375 "http://www.luxurytravel.pl/" "Mozilla/5.0 (Windows NT 10.0; Win64; x64) AppleWebKit/537.36 (KHTML, like Gecko) Chrome/67.0.3396.87 Safari/537.36 OPR/54.0.2952.64"
91.246.74.202 - - [06/Dec/2018:11:14:08 +0100] "GET /wp-content/uploads/2018/07/Time-Tide-Miavana-2017-46.jpg HTTP/1.1" 200 86796 "http://www.luxurytravel.pl/" "Mozilla/5.0 (Windows NT 10.0; Win64; x64) AppleWebKit/537.36 (KHTML, like Gecko) Chrome/67.0.3396.87 Safari/537.36 OPR/54.0.2952.64"
91.246.74.202 - - [06/Dec/2018:11:14:08 +0100] "GET /wp-content/uploads/2018/03/Pantelleria.........jpg HTTP/1.1" 200 141455 "http://www.luxurytravel.pl/" "Mozilla/5.0 (Windows NT 10.0; Win64; x64) AppleWebKit/537.36 (KHTML, like Gecko) Chrome/67.0.3396.87 Safari/537.36 OPR/54.0.2952.64"
91.246.74.202 - - [06/Dec/2018:11:14:08 +0100] "GET /wp-content/uploads/2015/03/01_Epic_Sana_Portugalia1.jpg HTTP/1.1" 200 181617 "http://www.luxurytravel.pl/" "Mozilla/5.0 (Windows NT 10.0; Win64; x64) AppleWebKit/537.36 (KHTML, like Gecko) Chrome/67.0.3396.87 Safari/537.36 OPR/54.0.2952.64"
91.246.74.202 - - [06/Dec/2018:11:14:08 +0100] "GET /wp-content/uploads/2018/04/141388304.jpg HTTP/1.1" 200 254250 "http://www.luxurytravel.pl/" "Mozilla/5.0 (Windows NT 10.0; Win64; x64) AppleWebKit/537.36 (KHTML, like Gecko) Chrome/67.0.3396.87 Safari/537.36 OPR/54.0.2952.64"
91.246.74.202 - - [06/Dec/2018:11:14:08 +0100] "GET /wp-content/uploads/2018/07/Kasbah-Tamadot-Overview.jpg HTTP/1.1" 200 326082 "http://www.luxurytravel.pl/" "Mozilla/5.0 (Windows NT 10.0; Win64; x64) AppleWebKit/537.36 (KHTML, like Gecko) Chrome/67.0.3396.87 Safari/537.36 OPR/54.0.2952.64"
91.246.74.202 - - [06/Dec/2018:11:14:09 +0100] "GET /wp-content/uploads/2015/12/Enchanted-Island-Wedding-480x321.jpg HTTP/1.1" 200 41868 "http://www.luxurytravel.pl/" "Mozilla/5.0 (Windows NT 10.0; Win64; x64) AppleWebKit/537.36 (KHTML, like Gecko) Chrome/67.0.3396.87 Safari/537.36 OPR/54.0.2952.64"
91.246.74.202 - - [06/Dec/2018:11:14:08 +0100] "GET /wp-content/themes/nexilab/fonts/Lato-Light.woff HTTP/1.1" 200 360688 "http://www.luxurytravel.pl/wp-content/themes/nexilab/style.css" "Mozilla/5.0 (Windows NT 10.0; Win64; x64) AppleWebKit/537.36 (KHTML, like Gecko) Chrome/67.0.3396.87 Safari/537.36 OPR/54.0.2952.64"
91.222.109.243 - - [06/Dec/2018:11:14:07 +0100] "GET /wp-content/uploads/2018/07/One-And-Only-Royal-Mirage-00.jpg HTTP/1.1" 200 143370 "http://www.luxurytravel.pl/" "Mozilla/5.0 (Windows NT 6.3; WOW64) AppleWebKit/537.36 (KHTML, like Gecko) Chrome/64.0.3282.186 YaBrowser/18.3.1.1232 Yowser/2.5 Safari/537.36"
91.246.74.202 - - [06/Dec/2018:11:14:09 +0100] "GET /wp-content/uploads/2016/01/baner-bmw.jpg HTTP/1.1" 200 100482 "http://www.luxurytravel.pl/" "Mozilla/5.0 (Windows NT 10.0; Win64; x64) AppleWebKit/537.36 (KHTML, like Gecko) Chrome/67.0.3396.87 Safari/537.36 OPR/54.0.2952.64"
91.246.74.202 - - [06/Dec/2018:11:14:09 +0100] "GET /wp-content/uploads/2014/07/014.jpg HTTP/1.1" 200 117009 "http://www.luxurytravel.pl/" "Mozilla/5.0 (Windows NT 10.0; Win64; x64) AppleWebKit/537.36 (KHTML, like Gecko) Chrome/67.0.3396.87 Safari/537.36 OPR/54.0.2952.64"
91.246.74.202 - - [06/Dec/2018:11:14:09 +0100] "GET /wp-content/uploads/2018/01/katalog-banner-lato18.jpg HTTP/1.1" 200 64689 "http://www.luxurytravel.pl/" "Mozilla/5.0 (Windows NT 10.0; Win64; x64) AppleWebKit/537.36 (KHTML, like Gecko) Chrome/67.0.3396.87 Safari/537.36 OPR/54.0.2952.64"
91.246.74.202 - - [06/Dec/2018:11:14:09 +0100] "GET /wp-content/uploads/2015/04/Krol_lew_w_sabi_sand-6.jpg HTTP/1.1" 200 369530 "http://www.luxurytravel.pl/" "Mozilla/5.0 (Windows NT 10.0; Win64; x64) AppleWebKit/537.36 (KHTML, like Gecko) Chrome/67.0.3396.87 Safari/537.36 OPR/54.0.2952.64"
91.246.74.202 - - [06/Dec/2018:11:14:09 +0100] "GET /wp-content/themes/nexilab/images/bg1.jpg HTTP/1.1" 200 748 "http://www.luxurytravel.pl/wp-content/themes/nexilab/style.css" "Mozilla/5.0 (Windows NT 10.0; Win64; x64) AppleWebKit/537.36 (KHTML, like Gecko) Chrome/67.0.3396.87 Safari/537.36 OPR/54.0.2952.64"
91.246.74.202 - - [06/Dec/2018:11:14:09 +0100] "GET /wp-content/themes/nexilab/skin/bg2.jpg HTTP/1.1" 200 880 "http://www.luxurytravel.pl/wp-content/themes/nexilab/skin/color.css" "Mozilla/5.0 (Windows NT 10.0; Win64; x64) AppleWebKit/537.36 (KHTML, like Gecko) Chrome/67.0.3396.87 Safari/537.36 OPR/54.0.2952.64"
91.246.74.202 - - [06/Dec/2018:11:14:09 +0100] "GET /wp-content/themes/nexilab/images/bg3.jpg HTTP/1.1" 200 708 "http://www.luxurytravel.pl/wp-content/themes/nexilab/style.css" "Mozilla/5.0 (Windows NT 10.0; Win64; x64) AppleWebKit/537.36 (KHTML, like Gecko) Chrome/67.0.3396.87 Safari/537.36 OPR/54.0.2952.64"
91.246.74.202 - - [06/Dec/2018:11:14:09 +0100] "GET /wp-content/uploads/2017/10/Gondwana-Game-ReserveRPA-1.jpeg HTTP/1.1" 200 319495 "http://www.luxurytravel.pl/" "Mozilla/5.0 (Windows NT 10.0; Win64; x64) AppleWebKit/537.36 (KHTML, like Gecko) Chrome/67.0.3396.87 Safari/537.36 OPR/54.0.2952.64"
91.246.74.202 - - [06/Dec/2018:11:14:10 +0100] "GET /wp-content/themes/voyage-parent/images/dropdown_bg.png HTTP/1.1" 200 989 "http://www.luxurytravel.pl/wp-content/themes/voyage-parent/style.css" "Mozilla/5.0 (Windows NT 10.0; Win64; x64) AppleWebKit/537.36 (KHTML, like Gecko) Chrome/67.0.3396.87 Safari/537.36 OPR/54.0.2952.64"
91.246.74.202 - - [06/Dec/2018:11:14:11 +0100] "GET /wp-content/plugins/revslider/public/assets/js/extensions/revolution.extension.slideanims.min.js HTTP/1.1" 200 5430 "http://www.luxurytravel.pl/" "Mozilla/5.0 (Windows NT 10.0; Win64; x64) AppleWebKit/537.36 (KHTML, like Gecko) Chrome/67.0.3396.87 Safari/537.36 OPR/54.0.2952.64"
91.246.74.202 - - [06/Dec/2018:11:14:11 +0100] "GET /wp-content/plugins/revslider/public/assets/js/extensions/revolution.extension.actions.min.js HTTP/1.1" 200 1313 "http://www.luxurytravel.pl/" "Mozilla/5.0 (Windows NT 10.0; Win64; x64) AppleWebKit/537.36 (KHTML, like Gecko) Chrome/67.0.3396.87 Safari/537.36 OPR/54.0.2952.64"
91.246.74.202 - - [06/Dec/2018:11:14:11 +0100] "GET /wp-content/plugins/revslider/public/assets/js/extensions/revolution.extension.layeranimation.min.js HTTP/1.1" 200 8435 "http://www.luxurytravel.pl/" "Mozilla/5.0 (Windows NT 10.0; Win64; x64) AppleWebKit/537.36 (KHTML, like Gecko) Chrome/67.0.3396.87 Safari/537.36 OPR/54.0.2952.64"
91.246.74.202 - - [06/Dec/2018:11:14:11 +0100] "GET /wp-content/plugins/revslider/public/assets/js/extensions/revolution.extension.navigation.min.js HTTP/1.1" 200 6153 "http://www.luxurytravel.pl/" "Mozilla/5.0 (Windows NT 10.0; Win64; x64) AppleWebKit/537.36 (KHTML, like Gecko) Chrome/67.0.3396.87 Safari/537.36 OPR/54.0.2952.64"
91.246.74.202 - - [06/Dec/2018:11:14:11 +0100] "GET /wp-content/plugins/revslider/public/assets/js/extensions/revolution.extension.parallax.min.js HTTP/1.1" 200 1529 "http://www.luxurytravel.pl/" "Mozilla/5.0 (Windows NT 10.0; Win64; x64) AppleWebKit/537.36 (KHTML, like Gecko) Chrome/67.0.3396.87 Safari/537.36 OPR/54.0.2952.64"
91.246.74.202 - - [06/Dec/2018:11:14:12 +0100] "GET /wp-content/plugins/revslider/public/assets/assets/coloredbg.png HTTP/1.1" 200 184 "http://www.luxurytravel.pl/wp-content/plugins/revslider/public/assets/css/settings.css?ver=5.0.8.5" "Mozilla/5.0 (Windows NT 10.0; Win64; x64) AppleWebKit/537.36 (KHTML, like Gecko) Chrome/67.0.3396.87 Safari/537.36 OPR/54.0.2952.64"
91.246.74.202 - - [06/Dec/2018:11:14:12 +0100] "GET /wp-content/uploads/2018/11/Huma-Island-Resort-Filipiny.jpg HTTP/1.1" 200 154490 "http://www.luxurytravel.pl/" "Mozilla/5.0 (Windows NT 10.0; Win64; x64) AppleWebKit/537.36 (KHTML, like Gecko) Chrome/67.0.3396.87 Safari/537.36 OPR/54.0.2952.64"
91.246.74.202 - - [06/Dec/2018:11:14:12 +0100] "GET /wp-content/plugins/revslider/public/assets/fonts/revicons/revicons.woff?5510888 HTTP/1.1" 200 7536 "http://www.luxurytravel.pl/wp-content/plugins/revslider/public/assets/css/settings.css?ver=5.0.8.5" "Mozilla/5.0 (Windows NT 10.0; Win64; x64) AppleWebKit/537.36 (KHTML, like Gecko) Chrome/67.0.3396.87 Safari/537.36 OPR/54.0.2952.64"
91.246.74.202 - - [06/Dec/2018:11:14:12 +0100] "GET /wp-content/uploads/2018/09/Kreta-wakacji-nie-koniec.jpg HTTP/1.1" 200 389338 "http://www.luxurytravel.pl/" "Mozilla/5.0 (Windows NT 10.0; Win64; x64) AppleWebKit/537.36 (KHTML, like Gecko) Chrome/67.0.3396.87 Safari/537.36 OPR/54.0.2952.64"
91.246.74.202 - - [06/Dec/2018:11:14:12 +0100] "GET /wp-content/uploads/2018/11/Somatheeram-Ayurveda-Resort-Kerala-Indie.jpg HTTP/1.1" 200 477946 "http://www.luxurytravel.pl/" "Mozilla/5.0 (Windows NT 10.0; Win64; x64) AppleWebKit/537.36 (KHTML, like Gecko) Chrome/67.0.3396.87 Safari/537.36 OPR/54.0.2952.64"
91.222.109.243 - - [06/Dec/2018:11:14:16 +0100] "GET /wp-content/plugins/revslider/public/assets/js/extensions/revolution.extension.slideanims.min.js HTTP/1.1" 200 5430 "http://www.luxurytravel.pl/" "Mozilla/5.0 (Windows NT 6.3; WOW64) AppleWebKit/537.36 (KHTML, like Gecko) Chrome/64.0.3282.186 YaBrowser/18.3.1.1232 Yowser/2.5 Safari/537.36"
91.222.109.243 - - [06/Dec/2018:11:14:16 +0100] "GET /wp-content/plugins/revslider/public/assets/js/extensions/revolution.extension.actions.min.js HTTP/1.1" 200 1313 "http://www.luxurytravel.pl/" "Mozilla/5.0 (Windows NT 6.3; WOW64) AppleWebKit/537.36 (KHTML, like Gecko) Chrome/64.0.3282.186 YaBrowser/18.3.1.1232 Yowser/2.5 Safari/537.36"
91.222.109.243 - - [06/Dec/2018:11:14:16 +0100] "GET /wp-content/plugins/revslider/public/assets/js/extensions/revolution.extension.layeranimation.min.js HTTP/1.1" 200 8435 "http://www.luxurytravel.pl/" "Mozilla/5.0 (Windows NT 6.3; WOW64) AppleWebKit/537.36 (KHTML, like Gecko) Chrome/64.0.3282.186 YaBrowser/18.3.1.1232 Yowser/2.5 Safari/537.36"
91.222.109.243 - - [06/Dec/2018:11:14:16 +0100] "GET /wp-content/plugins/revslider/public/assets/js/extensions/revolution.extension.navigation.min.js HTTP/1.1" 200 6153 "http://www.luxurytravel.pl/" "Mozilla/5.0 (Windows NT 6.3; WOW64) AppleWebKit/537.36 (KHTML, like Gecko) Chrome/64.0.3282.186 YaBrowser/18.3.1.1232 Yowser/2.5 Safari/537.36"
91.222.109.243 - - [06/Dec/2018:11:14:16 +0100] "GET /wp-content/plugins/revslider/public/assets/js/extensions/revolution.extension.parallax.min.js HTTP/1.1" 200 1529 "http://www.luxurytravel.pl/" "Mozilla/5.0 (Windows NT 6.3; WOW64) AppleWebKit/537.36 (KHTML, like Gecko) Chrome/64.0.3282.186 YaBrowser/18.3.1.1232 Yowser/2.5 Safari/537.36"
91.222.109.243 - - [06/Dec/2018:11:14:20 +0100] "GET /wp-content/uploads/2018/07/Time-Tide-Miavana-2017-46.jpg HTTP/1.1" 200 86796 "http://www.luxurytravel.pl/" "Mozilla/5.0 (Windows NT 6.3; WOW64) AppleWebKit/537.36 (KHTML, like Gecko) Chrome/64.0.3282.186 YaBrowser/18.3.1.1232 Yowser/2.5 Safari/537.36"
91.246.74.202 - - [06/Dec/2018:11:14:21 +0100] "GET /wp-content/uploads/2018/09/Skifahrer_5_Das-Central_byRudiWyhlidal.jpg HTTP/1.1" 200 235569 "http://www.luxurytravel.pl/" "Mozilla/5.0 (Windows NT 10.0; Win64; x64) AppleWebKit/537.36 (KHTML, like Gecko) Chrome/67.0.3396.87 Safari/537.36 OPR/54.0.2952.64"
160.120.30.9 - - [06/Dec/2018:11:14:21 +0100] "POST /xmlrpc.php HTTP/1.1" 200 417 "-" "Mozilla/5.0 (X11; Linux i686; rv:2.0.1) Gecko/20100101 Firefox/4.0.1"
91.222.109.243 - - [06/Dec/2018:11:14:22 +0100] "GET /wp-content/plugins/revslider/public/assets/fonts/revicons/revicons.woff?5510888 HTTP/1.1" 200 7536 "http://www.luxurytravel.pl/wp-content/plugins/revslider/public/assets/css/settings.css?ver=5.0.8.5" "Mozilla/5.0 (Windows NT 6.3; WOW64) AppleWebKit/537.36 (KHTML, like Gecko) Chrome/64.0.3282.186 YaBrowser/18.3.1.1232 Yowser/2.5 Safari/537.36"
91.222.109.243 - - [06/Dec/2018:11:14:20 +0100] "GET /wp-content/uploads/2015/03/01_Epic_Sana_Portugalia1.jpg HTTP/1.1" 200 181617 "http://www.luxurytravel.pl/" "Mozilla/5.0 (Windows NT 6.3; WOW64) AppleWebKit/537.36 (KHTML, like Gecko) Chrome/64.0.3282.186 YaBrowser/18.3.1.1232 Yowser/2.5 Safari/537.36"
91.222.109.243 - - [06/Dec/2018:11:14:07 +0100] "GET /wp-content/uploads/2018/04/Dining-View-2-Mystique-Santorini_f_improf_800x534-1-720x481.jpg HTTP/1.1" 200 66225 "http://www.luxurytravel.pl/" "Mozilla/5.0 (Windows NT 6.3; WOW64) AppleWebKit/537.36 (KHTML, like Gecko) Chrome/64.0.3282.186 YaBrowser/18.3.1.1232 Yowser/2.5 Safari/537.36"
91.246.74.202 - - [06/Dec/2018:11:14:26 +0100] "GET /wp-content/uploads/2018/09/Velaa-2.jpg HTTP/1.1" 200 240332 "http://www.luxurytravel.pl/" "Mozilla/5.0 (Windows NT 10.0; Win64; x64) AppleWebKit/537.36 (KHTML, like Gecko) Chrome/67.0.3396.87 Safari/537.36 OPR/54.0.2952.64"
91.222.109.243 - - [06/Dec/2018:11:14:07 +0100] "GET /wp-content/uploads/2018/07/Kasbah-Tamadot-Overview.jpg HTTP/1.1" 200 326082 "http://www.luxurytravel.pl/" "Mozilla/5.0 (Windows NT 6.3; WOW64) AppleWebKit/537.36 (KHTML, like Gecko) Chrome/64.0.3282.186 YaBrowser/18.3.1.1232 Yowser/2.5 Safari/537.36"
91.246.74.202 - - [06/Dec/2018:11:14:27 +0100] "GET /holiday_category/rodzinne/ HTTP/1.1" 200 18571 "http://www.luxurytravel.pl/" "Mozilla/5.0 (Windows NT 10.0; Win64; x64) AppleWebKit/537.36 (KHTML, like Gecko) Chrome/67.0.3396.87 Safari/537.36 OPR/54.0.2952.64"
91.222.109.243 - - [06/Dec/2018:11:14:17 +0100] "GET /wp-content/uploads/2015/02/sportowe_ferrari_Wlochy-27.jpg HTTP/1.1" 200 399311 "http://www.luxurytravel.pl/" "Mozilla/5.0 (Windows NT 6.3; WOW64) AppleWebKit/537.36 (KHTML, like Gecko) Chrome/64.0.3282.186 YaBrowser/18.3.1.1232 Yowser/2.5 Safari/537.36"
